000
CXUS53 KEAX 032157
CLMDMO

STLCLMWK3 000
TTAA00 KEAX 032152


CLIMATE REPORT
NATIONAL WEATHER SERVICE KANSAS CITY/PLEASANT HILL MO
449 PM CDT WED SEP 3 2014

...................................

...THE SEDALIA CLIMATE SUMMARY FOR THE MONTH OF AUGUST 2014...

CLIMATE NORMAL PERIOD 1981 TO 2010
CLIMATE RECORD PERIOD 9999 TO 9999

WEATHER         OBSERVED          NORMAL  DEPART  LAST YEAR`S
                 VALUE   DATE(S)  VALUE   FROM    VALUE  DATE(S)
                                          NORMAL
................................................................
TEMPERATURE (F)
HIGHEST            97   08/24        98      -1       98  08/31
                                                          08/30
LOWEST             58   08/14        53       5       56  08/17
                        08/13
AVG. MAXIMUM     88.1              89.1    -1.0     86.7
AVG. MINIMUM     68.2              67.0     1.2     67.5
MEAN             78.1              78.1     0.0     77.1
DAYS MAX >= 90     12              12.0     0.0       12
DAYS MAX <= 32      0               0.0     0.0        0
DAYS MIN <= 32      0               0.0     0.0        0
DAYS MIN <= 0       0               0.0     0.0        0

PRECIPITATION (INCHES)
TOTALS           3.51              3.49    0.02     2.90
DAILY AVG.       0.11              0.11    0.00     0.09
DAYS >= .01         9               7.8     1.2        5
DAYS >= .10         5               4.8     0.2        3
DAYS >= .50         3               2.5     0.5        1
DAYS >= 1.00        2               0.9     1.1        1
GREATEST
 24 HR. TOTAL    2.32   08/06 TO 08/07

DEGREE_DAYS
HEATING TOTAL       0                 1      -1        0
 SINCE 7/1          0                 1      -1        0
COOLING TOTAL     415               405      10      383
 SINCE 1/1       1217              1285     -68     1215
.................................................................

WIND (MPH)
AVERAGE WIND SPEED              6.6
HIGHEST WIND SPEED/DIRECTION    33/180    DATE  08/16
HIGHEST GUST SPEED/DIRECTION    49/200    DATE  08/16

SKY COVER
POSSIBLE SUNSHINE (PERCENT)    0
AVERAGE SKY COVER           0.30
NUMBER OF DAYS FAIR           23
NUMBER OF DAYS PC              5
NUMBER OF DAYS CLOUDY          3

AVERAGE RH (PERCENT)     68

WEATHER CONDITIONS. NUMBER OF DAYS WITH
THUNDERSTORM              0     MIXED PRECIP               0
HEAVY RAIN                5     RAIN                       6
LIGHT RAIN               12     FREEZING RAIN              0
LT FREEZING RAIN          0     HAIL                       0
HEAVY SNOW                0     SNOW                       0
LIGHT SNOW                0     SLEET                      0
FOG                      18     FOG W/VIS <= 1/4 MILE      2
HAZE                     20

-  INDICATES NEGATIVE NUMBERS.
R  INDICATES RECORD WAS SET OR TIED.
MM INDICATES DATA IS MISSING.
T  INDICATES TRACE AMOUNT.

$$
