000
CXUS54 KEWX 011550
CLMDRT

SATCLMDRT 000
TTAA00 KEWX 011522

CLIMATE REPORT
NATIONAL WEATHER SERVICE AUSTIN/SAN ANTONIO, TX
1050 AM CDT WED OCT 1 2014

...................................

...THE DEL RIO CLIMATE SUMMARY FOR THE MONTH OF SEPTEMBER 2014...

CLIMATE NORMAL PERIOD 1981 TO 2010
CLIMATE RECORD PERIOD 1906 TO 2014

WEATHER         OBSERVED          NORMAL  DEPART  LAST YEAR`S
                 VALUE   DATE(S)  VALUE   FROM    VALUE  DATE(S)
                                          NORMAL
................................................................
TEMPERATURE (F)
HIGHEST           101   09/01                        101  09/01
LOWEST             61   09/13                         59  09/22
AVG. MAXIMUM     89.5              90.8    -1.3     91.8
AVG. MINIMUM     72.3              69.8     2.5     72.3
MEAN             80.9              80.3     0.6     82.1
DAYS MAX >= 90     18                                 21
DAYS MAX <= 32      0                                  0
DAYS MIN <= 32      0                                  0
DAYS MIN <= 0       0                                  0

PRECIPITATION (INCHES)
TOTALS           4.23              2.20    2.03     4.44
DAILY AVG.       0.14              0.07    0.07     0.15
DAYS >= .01         8                                 10
DAYS >= .10         6                                  6
DAYS >= .50         3                                  3
DAYS >= 1.00        1                                  1
GREATEST
 24 HR. TOTAL    2.36   09/26 TO 09/27

SNOWFALL (INCHES)
TOTALS            0.0               0.0     0.0      0.0
SINCE 7/1         0.0               0.0     0.0      0.0

DEGREE_DAYS
HEATING TOTAL       0                 1      -1        0
 SINCE 7/1          0                 1      -1        0
COOLING TOTAL     485               460      25      520
 SINCE 1/1       3374              3095     279     3460
.................................................................

WIND (MPH)
AVERAGE WIND SPEED              7.7
HIGHEST WIND SPEED/DIRECTION    29/150    DATE  09/05
HIGHEST GUST SPEED/DIRECTION    35/100    DATE  09/12

SKY COVER
POSSIBLE SUNSHINE (PERCENT)   MM
AVERAGE SKY COVER           0.40
NUMBER OF DAYS FAIR           15
NUMBER OF DAYS PC             11
NUMBER OF DAYS CLOUDY          4


WEATHER CONDITIONS. NUMBER OF DAYS WITH
THUNDERSTORM              0     MIXED PRECIP               0
HEAVY RAIN                5     RAIN                       5
LIGHT RAIN               13     FREEZING RAIN              0
LT FREEZING RAIN          0     HAIL                       0
HEAVY SNOW                0     SNOW                       0
LIGHT SNOW                0     SLEET                      0
FOG                       7     FOG W/VIS <= 1/4 MILE      0
HAZE                      4

-  INDICATES NEGATIVE NUMBERS.
R  INDICATES RECORD WAS SET OR TIED.
MM INDICATES DATA IS MISSING.
T  INDICATES TRACE AMOUNT.

&&
MONTHLY CLIMATOLOGICAL SUMMARY:
SEPTEMBER WAS THE 20TH WARMEST AND THE 9TH WETTEST.

SEA LEVEL PRESSURE DATA:
HIGHEST SEA LEVEL PRESSURE 30.20 ON 13
LOWEST  SEA LEVEL PRESSURE 29.68 ON 30

PRELIMINARY LOCAL CLIMATOLOGICAL DATA (WS FORM: F-6)

                                          STATION:   DEL RIO
                                          MONTH:     SEPTEMBER
                                          YEAR:      2014
                                          LATITUDE:   29 22 N
                                          LONGITUDE: 100 55 W

  TEMPERATURE IN F:       :PCPN:    SNOW:  WIND      :SUNSHINE: SKY     :PK WND
================================================================================
1   2   3   4   5  6A  6B    7    8   9   10  11  12  13   14  15   16   17  18
                                     12Z  AVG MX 2MIN
DY MAX MIN AVG DEP HDD CDD  WTR  SNW DPTH SPD SPD DIR MIN PSBL S-S WX    SPD DR
================================================================================

 1 101  78  90   6   0  25 0.00  0.0    0 13.0 21 140   M    M   0        32 150
 2 100  79  90   6   0  25 0.00  0.0    0 12.4 24 120   M    M   4        32 120
 3  93  75  84   0   0  19    T  0.0    0 12.2 25 100   M    M   5 8      32  90
 4  87  74  81  -3   0  16 0.15  0.0    0 10.1 22 160   M    M   3 18     27 160
 5  84  73  79  -4   0  14 0.66  0.0    0  6.9 29 150   M    M   7 1      33 160
 6  94  76  85   2   0  20    T  0.0    0  7.3 17 140   M    M   6        27 110
 7  93  75  84   1   0  19 0.04  0.0    0  7.0 16  60   M    M   4        20  60
 8  95  74  85   3   0  20 0.00  0.0    0  9.0 15 150   M    M   1        20 140
 9  98  76  87   5   0  22 0.00  0.0    0  9.1 18 140   M    M   0        25 130
10 100  77  89   7   0  24 0.00  0.0    0  8.0 16 140   M    M   0        21 150
11  98  79  89   7   0  24 0.00  0.0    0  9.4 17 100   M    M   2        23 100
12  97  69  83   2   0  18 0.27  0.0    0  9.1 25 110   M    M   3 1      35 100
13  69  61  65 -16   0   0 0.30  0.0    0 10.5 17 300   M    M  10 1      23 300
14  75  63  69 -12   0   4    T  0.0    0  3.5 10 300   M    M  10 1      14 300
15  83  70  77  -3   0  12 0.00  0.0    0  5.6 12 110   M    M   5        15 120
16  90  72  81   1   0  16    T  0.0    0  3.4 12 160   M    M   3        14 140
17  90  77  84   4   0  19    T  0.0    0  5.8 14 160   M    M   4        17 160
18  92  76  84   4   0  19 0.00  0.0    0  7.6 16 140   M    M   5        23 150
19  93  75  84   5   0  19 0.00  0.0    0  9.3 20  80   M    M   6 8      24  80
20  90  77  84   5   0  19    T  0.0    0  9.4 16  60   M    M   7        21  80
21  91  76  84   5   0  19 0.02  0.0    0  6.9 21  70   M    M   8        25  70
22  91  73  82   4   0  17 0.00  0.0    0  5.5 13 110   M    M   3        16 100
23  92  75  84   6   0  19 0.00  0.0    0  7.8 14 110   M    M   3        18 100
24  86  71  79   1   0  14    T  0.0    0  8.5 15 110   M    M   2        21 110
25  88  67  78   0   0  13 0.00  0.0    0  6.9 14 100   M    M   2        18 180
26  76  68  72  -5   0   7 2.28  0.0    0  4.9 13  70   M    M   8 1      18  70
27  80  66  73  -4   0   8 0.51  0.0    0  5.7 15  90   M    M   7 1      20  90
28  84  64  74  -3   0   9 0.00  0.0    0  3.8  9 190   M    M   0        16 190
29  87  65  76   0   0  11 0.00  0.0    0  3.6  9 200   M    M   2        12 140
30  89  69  79   3   0  14 0.00  0.0    0  9.0 18 150   M    M   0 8      23 150
================================================================================
SM 2686 2170         0 485  4.23     0.0 231.2          M      120
================================================================================
AV 89.5 72.3                               7.7 FASTST   M    M   4    MAX(MPH)
                                 MISC ---->  # 29 150               # 35  100
================================================================================
NOTES:
# LAST OF SEVERAL OCCURRENCES

COLUMN 17 PEAK WIND IN M.P.H.

PRELIMINARY LOCAL CLIMATOLOGICAL DATA (WS FORM: F-6) , PAGE 2

                                          STATION:  DEL RIO
                                          MONTH:    SEPTEMBER
                                          YEAR:     2014
                                          LATITUDE:   29 22 N
                                          LONGITUDE: 100 55 W

SYMBOLS USED IN COLUMN 16

1 = FOG OR MIST
2 = FOG REDUCING VISIBILITY
    TO 1/4 MILE OR LESS
3 = THUNDER
4 = ICE PELLETS
5 = HAIL
6 = FREEZING RAIN OR DRIZZLE
7 = DUSTSTORM OR SANDSTORM:
    VSBY 1/2 MILE OR LESS
8 = SMOKE OR HAZE
9 = BLOWING SNOW
X = TORNADO

$$
