000
CXUS55 KTWC 011723
CLMDUG

CLIMATE REPORT
NATIONAL WEATHER SERVICE TUCSON AZ
1023 AM MST SUN MAY 1 2016

...................................

...THE DOUGLAS AZ CLIMATE SUMMARY FOR THE MONTH OF APRIL 2016...

CLIMATE NORMAL PERIOD 1981 TO 2010
CLIMATE RECORD PERIOD 1948 TO 2016

WEATHER         OBSERVED          NORMAL  DEPART  LAST YEAR`S
                 VALUE   DATE(S)  VALUE   FROM    VALUE  DATE(S)
                                          NORMAL
................................................................
TEMPERATURE (F)
RECORD
 HIGH              99   04/20/1989
 LOW               21   04/05/1999
HIGHEST            90   04/22        89       1       86  04/30
LOWEST             25   04/01        29      -4       30  04/17
AVG. MAXIMUM     79.4              79.5    -0.1     77.3
AVG. MINIMUM     41.0              43.1    -2.1     42.7
MEAN             60.2              61.3    -1.1     60.0
DAYS MAX >= 100     0               0.0     0.0        0
DAYS MAX <= 32      0               0.0     0.0        0
DAYS MIN <= 32      2               1.7     0.3        1
DAYS MIN <= 0       0               0.0     0.0        0

PRECIPITATION (INCHES)
RECORD
 MAXIMUM         1.46   1988
 MINIMUM         0.00   2012
                        2008
                        2000
TOTALS           0.04              0.23   -0.19     0.40
DAILY AVG.       0.00              0.01   -0.01     0.01
DAYS >= .01         1               1.8    -0.8        3
DAYS >= .10         0               0.7    -0.7        1
DAYS >= .50         0               0.1    -0.1        0
DAYS >= 1.00        0               0.0     0.0        0
GREATEST
 24 HR. TOTAL    0.04   04/10 TO 04/10           04/12 TO 04/12
                                                          04/30 TO 04/30
                                                          04/30 TO 04/30

DEGREE_DAYS
HEATING TOTAL     154               140      14      143
 SINCE 7/1       2593              2501      92     2219
COOLING TOTAL      18                29     -11        0
 SINCE 1/1         18                30     -12        4
.................................................

WIND (MPH)
AVERAGE WIND SPEED              9.4
HIGHEST WIND SPEED/DIRECTION    40/220    DATE  04/25
HIGHEST GUST SPEED/DIRECTION    52/230    DATE  04/25

AVERAGE RH (PERCENT)     30

WEATHER CONDITIONS. NUMBER OF DAYS WITH
THUNDERSTORM              0     MIXED PRECIP               0
HEAVY RAIN                0     RAIN                       1
LIGHT RAIN                5     FREEZING RAIN              0
LT FREEZING RAIN          0     HAIL                       0
HEAVY SNOW                0     SNOW                       0
LIGHT SNOW                0     SLEET                      0
FOG                       0     FOG W/VIS <= 1/4 MILE      0
HAZE                      0

-  INDICATES NEGATIVE NUMBERS.
R  INDICATES RECORD WAS SET OR TIED.
MM INDICATES DATA IS MISSING.
T  INDICATES TRACE AMOUNT.

$$
