000
CXUS53 KDVN 020443
CLMDVN


CLIMATE REPORT
NATIONAL WEATHER SERVICE QUAD CITIES IA IL
1034 PM CST SUN FEB 1 2015

...................................

...THE DAVENPORT IA CLIMATE SUMMARY FOR THE MONTH OF JANUARY 2015...

CLIMATE NORMAL PERIOD 1981 TO 2010
CLIMATE RECORD PERIOD 9999 TO 9999

WEATHER         OBSERVED          NORMAL  DEPART
                 VALUE   DATE(S)  VALUE   FROM
                                          NORMAL
................................................
TEMPERATURE (F)
HIGHEST            46   01/24        31      15
LOWEST            -11   01/08        12     -23
                        01/07
                        01/06
AVG. MAXIMUM     30.1              29.8     0.3
AVG. MINIMUM     12.9              12.7     0.2
MEAN             21.5              21.2     0.3
DAYS MAX >= 90      0
DAYS MAX <= 32     13
DAYS MIN <= 32     30
DAYS MIN <= 0      10

PRECIPITATION (INCHES)
TOTALS           0.99              1.19   -0.20
DAILY AVG.       0.03              0.04   -0.01
DAYS >= .01        10
DAYS >= .10         4
DAYS >= .50         0
DAYS >= 1.00        0
GREATEST
 24 HR. TOTAL    0.32   01/31 TO 01/31

SNOWFALL (INCHES)
TOTALS           11.9
SINCE 7/1        15.9
SNOWDEPTH AVG.      2
DAYS >= TRACE      14
DAYS >= 1.0         5
GREATEST
 SNOW DEPTH         7   01/06
 24 HR TOTAL      4.8   01/05 TO 01/06

DEGREE_DAYS
HEATING TOTAL    1342              1356     -14
 SINCE 7/1       4020              3936      84
COOLING TOTAL       0                 0       0
 SINCE 1/1          0                 0       0
.................................................

WIND (MPH)
AVERAGE WIND SPEED              10.9
HIGHEST WIND SPEED/DIRECTION    40/290    DATE  01/08
HIGHEST GUST SPEED/DIRECTION    51/300    DATE  01/08

SKY COVER
POSSIBLE SUNSHINE (PERCENT)   MM
AVERAGE SKY COVER           0.40
NUMBER OF DAYS FAIR           14
NUMBER OF DAYS PC             11
NUMBER OF DAYS CLOUDY          6

AVERAGE RH (PERCENT)     75

WEATHER CONDITIONS. NUMBER OF DAYS WITH
THUNDERSTORM              0     HAIL                       0
SLEET                     0     FOG                       20
FOG W/VIS <= 1/4 MILE     5     HAZE                      12

-  INDICATES NEGATIVE NUMBERS.
R  INDICATES RECORD WAS SET OR TIED.
MM INDICATES DATA IS MISSING.
T  INDICATES TRACE AMOUNT.

$$

NOTE: SUPPLEMENTAL CLIMATE DATA WAS USED FROM A NEARBY
CLIMATOLOGICALLY REPRESENTATIVE STATION.
