000
CXUS52 KAKQ 011931
CLMECG


CLIMATE REPORT
NATIONAL WEATHER SERVICE WAKEFIELD, VA
229 PM EST WED MAR 1 2017

...................................

...THE ELIZABETH CITY NC CLIMATE SUMMARY FOR THE MONTH OF FEBRUARY 2017...

CLIMATE NORMAL PERIOD 1981 TO 2010
CLIMATE RECORD PERIOD 1934 TO 2017

WEATHER         OBSERVED          NORMAL  DEPART  LAST YEAR`S
                 VALUE   DATE(S)  VALUE   FROM    VALUE  DATE(S)
                                          NORMAL
................................................................
TEMPERATURE (F)
RECORD
 HIGH              82   02/12/2017
                        02/27/1997
                        02/03/1989
 LOW                5   02/05/1996
HIGHEST            82R  02/12        57      25       75  02/03
LOWEST             22   02/10        33     -11       17  02/14
AVG. MAXIMUM     62.8              53.9     8.9     54.0
AVG. MINIMUM     38.4              34.4     4.0     35.5
MEAN             50.6              44.1     6.5     44.7
DAYS MAX >= 90      0               0.0     0.0        0
DAYS MAX <= 32      0               0.1    -0.1        1
DAYS MIN <= 32      8              10.8    -2.8       11
DAYS MIN <= 0       0               0.0     0.0        0

PRECIPITATION (INCHES)
RECORD
 MAXIMUM           MM   MM
 MINIMUM           MM   MM
TOTALS           0.92              3.18   -2.26     4.68
DAILY AVG.       0.03              0.11   -0.08     0.16
DAYS >= .01         5               8.7    -3.7       11
DAYS >= .10         2               5.3    -3.3        9
DAYS >= .50         0               2.0    -2.0        4
DAYS >= 1.00        0               0.6    -0.6        1
GREATEST
 24 HR. TOTAL    0.43   02/09 TO 02/09

SNOWFALL (INCHES)
RECORDS
 TOTAL             MM   MM
TOTALS            0.0
SINCE 7/1         1.2                MM      MM      1.8
SNOWDEPTH AVG.      0                MM      MM        0
DAYS >= 1.0         0                MM      MM        1
GREATEST
 SNOW DEPTH         0   MM                             0  MM
 24 HR TOTAL      0.0   02/28 TO 02/28           02/12 TO 02/12
                                                          02/12 TO 02/12
                                                          02/12 TO 02/12

DEGREE_DAYS
HEATING TOTAL     398               585    -187      579
 SINCE 7/1       2095              2472    -377     1911
COOLING TOTAL       3                 1       2        0
 SINCE 1/1          3                 2       1        0
...................................................

WIND (MPH)
AVERAGE WIND SPEED              8.3
HIGHEST WIND SPEED/DIRECTION    41/330    DATE  02/09
HIGHEST GUST SPEED/DIRECTION    51/320    DATE  02/09

SKY COVER
POSSIBLE SUNSHINE (PERCENT)   MM
AVERAGE SKY COVER           0.20

AVERAGE RH (PERCENT)     64

WEATHER CONDITIONS. NUMBER OF DAYS WITH
THUNDERSTORM              0     MIXED PRECIP               0
HEAVY RAIN                2     RAIN                       2
LIGHT RAIN                6     FREEZING RAIN              0
LT FREEZING RAIN          0     HAIL                       0
HEAVY SNOW                0     SNOW                       0
LIGHT SNOW                0     SLEET                      0
FOG                       6     FOG W/VIS <= 1/4 MILE      2
HAZE                      0

-  INDICATES NEGATIVE NUMBERS.
R  INDICATES RECORD WAS SET OR TIED.
MM INDICATES DATA IS MISSING.
T  INDICATES TRACE AMOUNT.

$$
