000
CXUS53 KTOP 020638 CCA
CLMEMP

CLIMATE REPORT...CORRRECTED NUMBER OF THUNDERSTORM DAYS
NATIONAL WEATHER SERVICE TOPEKA KS
138 AM CDT WED APR 2 2014

...................................

...THE EMPORIA KS CLIMATE SUMMARY FOR THE MONTH OF MARCH 2014...

CLIMATE NORMAL PERIOD 1981 TO 2010
CLIMATE RECORD PERIOD 9999 TO 9999

WEATHER         OBSERVED          NORMAL  DEPART  LAST YEAR`S
                 VALUE   DATE(S)  VALUE   FROM    VALUE
                                          NORMAL
.............................................................
TEMPERATURE (F)
HIGHEST            80   03/11                         85
LOWEST             -4R  03/03                         12
AVG. MAXIMUM     55.1              57.4    -2.3     49.8
AVG. MINIMUM     26.9              33.4    -6.5     28.9
MEAN             41.0              45.4    -4.4     39.4
DAYS MAX >= 90      0               0.0     0.0        0
DAYS MAX <= 32      3               0.8     2.2        3
DAYS MIN <= 32     22              13.9     8.1       22
DAYS MIN <= 0       1               0.0     1.0        0

PRECIPITATION (INCHES)
TOTALS           0.41              2.53   -2.12     1.68
DAILY AVG.       0.01                               0.05
DAYS >= .01         5                                  7
DAYS >= .10         2                                  5
DAYS >= .50         0                                  1
DAYS >= 1.00        0                                  0
GREATEST
 24 HR. TOTAL    0.16   03/24 TO 03/24              0.86

DEGREE_DAYS
HEATING TOTAL     739               610     129      786
 SINCE 7/1       5064              4432     632     4382
COOLING TOTAL       0                 2      -2        0
 SINCE 1/1          0                 2      -2        0
..............................................................

WIND (MPH)
AVERAGE WIND SPEED              13.5
HIGHEST WIND SPEED/DIRECTION    44/190    DATE  03/27
HIGHEST GUST SPEED/DIRECTION    55/200    DATE  03/27

SKY COVER
POSSIBLE SUNSHINE (PERCENT)   MM
AVERAGE SKY COVER           0.30
NUMBER OF DAYS FAIR           21
NUMBER OF DAYS PC              8
NUMBER OF DAYS CLOUDY          2

AVERAGE RH (PERCENT)     57

WEATHER CONDITIONS. NUMBER OF DAYS WITH
THUNDERSTORM              2     MIXED PRECIP               0
HEAVY RAIN                0     RAIN                       0
LIGHT RAIN                3     FREEZING RAIN              0
LT FREEZING RAIN          1     HEAVY SNOW                 2
SNOW                      2     LIGHT SNOW                 4
FOG                      14     FOG W/VIS <= 1/4 MILE      2
HAZE                     14

-  INDICATES NEGATIVE NUMBERS.
R  INDICATES RECORD WAS SET OR TIED.
MM INDICATES DATA IS MISSING.
T  INDICATES TRACE AMOUNT.

$$
