000
CXUS51 KCLE 011742
CLMERI


CLIMATE REPORT
NATIONAL WEATHER SERVICE CLEVELAND OH
136 PM EDT SAT APR 1 2017

...................................

...THE ERIE PA CLIMATE SUMMARY FOR THE MONTH OF MARCH 2017...

CLIMATE NORMAL PERIOD 1981 TO 2010
CLIMATE RECORD PERIOD 1873 TO 2017

WEATHER         OBSERVED          NORMAL  DEPART  LAST YEAR`S
                 VALUE   DATE(S)  VALUE   FROM    VALUE
                                          NORMAL
.............................................................
TEMPERATURE (F)
RECORD
 HIGH              82   03/31/1998
                        03/30/1998
                        03/28/1945
 LOW              -10   03/12/1948
HIGHEST            73   03/24
LOWEST             14   03/05
AVG. MAXIMUM     43.0              43.8    -0.8     52.1
AVG. MINIMUM     28.6              27.5     1.1     33.8
MEAN             35.8              35.7     0.1     42.9
DAYS MAX >= 90      0               0.0     0.0        0
DAYS MAX <= 32      9               5.4     3.6        3
DAYS MIN <= 32     19              21.9    -2.9       18
DAYS MIN <= 0       0               0.0     0.0        0

PRECIPITATION (INCHES)
RECORD
 MAXIMUM         7.36   1913
 MINIMUM         0.53   1910
TOTALS           4.09              2.95    1.14     3.16
DAYS >= .01        16              14.3     1.7       14
DAYS >= .10        10               7.9     2.1        5
DAYS >= .50         3               1.3     1.7        3
DAYS >= 1.00        1               0.4     0.6        0
GREATEST
 24 HR. TOTAL    1.26   03/30 TO 03/30              0.96

SNOWFALL (INCHES)
RECORDS
 TOTAL           33.9   2008
TOTALS            9.8              13.7    -3.9      1.1
SINCE 7/1        78.1              97.7   -19.6     68.3
DAYS >= 1.0         3               3.8    -0.8        0
GREATEST
 24 HR TOTAL      5.3   03/14 TO 03/14

DEGREE_DAYS
HEATING TOTAL     896               911     -15      676
 SINCE 7/1       4400              5276    -876     4274
COOLING TOTAL       0                 1      -1        0
 SINCE 1/1          0                 1      -1        0
..............................................................

WIND (MPH)
AVERAGE WIND SPEED              11.2
HIGHEST WIND SPEED/DIRECTION    37/240    DATE  03/08
HIGHEST GUST SPEED/DIRECTION    55/260    DATE  03/01

SKY COVER
AVERAGE SKY COVER           0.70

AVERAGE RH (PERCENT)     68

WEATHER CONDITIONS. NUMBER OF DAYS WITH
THUNDERSTORM              0     MIXED PRECIP               0
HEAVY RAIN                1     RAIN                       2
LIGHT RAIN               10     FREEZING RAIN              0
LT FREEZING RAIN          0     HAIL                       0
HEAVY SNOW                2     SNOW                       4
LIGHT SNOW               11     SLEET                      0
FOG                      17     FOG W/VIS <= 1/4 MILE      5
HAZE                      9

-  INDICATES NEGATIVE NUMBERS.
R  INDICATES RECORD WAS SET OR TIED.
MM INDICATES DATA IS MISSING.
T  INDICATES TRACE AMOUNT.

$$
