000
CXUS52 KMHX 082145
CLMEWN


CLIMATE REPORT
NATIONAL WEATHER SERVICE NEWPORT/MOREHEAD CITY NC
444 PM EST MON FEB 8 2016

...................................

...THE NEW BERN NC CLIMATE SUMMARY FOR THE MONTH OF JANUARY 2016...

CLIMATE NORMAL PERIOD 1981 TO 2010
CLIMATE RECORD PERIOD 1948 TO 2016

WEATHER         OBSERVED          NORMAL  DEPART  LAST YEAR`S
                 VALUE   DATE(S)  VALUE   FROM    VALUE  DATE(S)
                                          NORMAL
................................................................
TEMPERATURE (F)
RECORD
 HIGH              86   01/19/2016
 LOW                1   01/21/1985
HIGHEST            73   01/31                         75  01/04
LOWEST             20   01/19                         17  01/11
                                                          01/08
AVG. MAXIMUM     53.8              54.5    -0.7     56.9
AVG. MINIMUM     32.6              33.9    -1.3     34.2
MEAN             43.4              44.2    -0.8     45.5
DAYS MAX >= 90      0               0.0     0.0        0
DAYS MAX <= 32      0               0.6    -0.6        1
DAYS MIN <= 32     18              13.8     4.2       11
DAYS MIN <= 0       0               0.0     0.0        0

PRECIPITATION (INCHES)
RECORD
 MAXIMUM         8.08   1966
 MINIMUM         0.77   1951
TOTALS           3.71              4.02   -0.31     4.49
DAILY AVG.       0.12              0.13   -0.01     0.14
DAYS >= .01         8              10.2    -2.2       12
DAYS >= .10         5               6.9    -1.9        7
DAYS >= .50         2               2.8    -0.8        3
DAYS >= 1.00        1               1.0     0.0        2
GREATEST
 24 HR. TOTAL    1.97   01/22 TO 01/22

SNOWFALL (INCHES)
RECORDS
 TOTAL             MM   5
 24 HR TOTAL       MM
 SNOW DEPTH        MM   MM
TOTALS              T               0.2    -0.2      0.0
 LIQUID EQUIV      MM              0.00      MM     0.00
SINCE 7/1           T               1.1    -1.1      0.0
 LIQUID 7/1        MM              0.10      MM     0.00
SNOWDEPTH AVG.      0                MM      MM        0
DAYS >= TRACE       1               0.1     0.9        0
DAYS >= 1.0         0               0.1    -0.1        0
GREATEST
 SNOW DEPTH         0   MM                             0  MM
 24 HR TOTAL        T   01/23 TO 01/23
 STORM TOTAL       MM                                 MM
 (MM/DD(HH))

DEGREE_DAYS
HEATING TOTAL     618               646     -28      603
 SINCE 7/1       1105              1640    -535     1520
.................................................................

WIND (MPH)
AVERAGE WIND SPEED              7.6
RESULTANT WIND SPEED/DIRECTION   4/328
HIGHEST WIND SPEED/DIRECTION    26/080    DATE  01/15
HIGHEST GUST SPEED/DIRECTION    37/080    DATE  01/15

SKY COVER
POSSIBLE SUNSHINE (PERCENT)   MM
AVERAGE SKY COVER           0.40
NUMBER OF DAYS FAIR           17
NUMBER OF DAYS PC              5
NUMBER OF DAYS CLOUDY          8

AVERAGE RH (PERCENT)     68

WEATHER CONDITIONS. NUMBER OF DAYS WITH
THUNDERSTORM              0     MIXED PRECIP               0
HEAVY RAIN                4     RAIN                       5
LIGHT RAIN               11     FREEZING RAIN              0
LT FREEZING RAIN          0     HAIL                       0
HEAVY SNOW                0     SNOW                       0
LIGHT SNOW                1     SLEET                      1
FOG                      13     FOG W/VIS <= 1/4 MILE      0
HAZE                      4

-  INDICATES NEGATIVE NUMBERS.
R  INDICATES RECORD WAS SET OR TIED.
MM INDICATES DATA IS MISSING.
T  INDICATES TRACE AMOUNT.

$$
