000
CXUS52 KMHX 061845
CLMEWN


CLIMATE REPORT
NATIONAL WEATHER SERVICE NEWPORT/MOREHEAD CITY NC
244 PM EDT SAT JUN 6 2015

...................................

...THE NEW BERN NC CLIMATE SUMMARY FOR THE MONTH OF MAY 2015...

CLIMATE NORMAL PERIOD 1981 TO 2010
CLIMATE RECORD PERIOD 1948 TO 2015

WEATHER         OBSERVED          NORMAL  DEPART  LAST YEAR`S
                 VALUE   DATE(S)  VALUE   FROM    VALUE  DATE(S)
                                          NORMAL
................................................................
TEMPERATURE (F)
RECORD
 HIGH             100   MM
 LOW               43   05/10/2010
HIGHEST            91   05/19                         93  05/28
                                                          05/09
LOWEST             44   05/02                         48  05/20
AVG. MAXIMUM     82.1              80.3     1.8     83.9
AVG. MINIMUM     59.4              58.7     0.7     62.9
MEAN             70.7              69.5     1.2     73.4
DAYS MAX >= 90      3               2.0     1.0        8
DAYS MAX <= 32      0               0.0     0.0        0
DAYS MIN <= 32      0               0.0     0.0        0
DAYS MIN <= 0       0               0.0     0.0        0

PRECIPITATION (INCHES)
RECORD
 MAXIMUM        10.10   2003
 MINIMUM         0.47   2011
TOTALS           2.83              4.15   -1.32     1.92
DAILY AVG.       0.09              0.13   -0.04     0.06
DAYS >= .01         7              10.4    -3.4        6
DAYS >= .10         5               6.8    -1.8        3
DAYS >= .50         2               2.8    -0.8        2
DAYS >= 1.00        1               1.2    -0.2        0
GREATEST
 24 HR. TOTAL    1.37   05/10 TO 05/11

DEGREE_DAYS
HEATING TOTAL      19                34     -15        5
 SINCE 7/1       2719              2701      18     2637
COOLING TOTAL     203               173      30      276
 SINCE 1/1        298               243      55      361
.................................................................

WIND (MPH)
AVERAGE WIND SPEED              6.7
RESULTANT WIND SPEED/DIRECTION   2/139
HIGHEST WIND SPEED/DIRECTION    25/130    DATE  05/09
HIGHEST GUST SPEED/DIRECTION    34/120    DATE  05/09

SKY COVER
POSSIBLE SUNSHINE (PERCENT)   MM
AVERAGE SKY COVER           0.30
NUMBER OF DAYS FAIR           20
NUMBER OF DAYS PC             10
NUMBER OF DAYS CLOUDY          1

AVERAGE RH (PERCENT)     69

WEATHER CONDITIONS. NUMBER OF DAYS WITH
THUNDERSTORM              5     MIXED PRECIP               0
HEAVY RAIN                5     RAIN                       4
LIGHT RAIN               10     FREEZING RAIN              0
LT FREEZING RAIN          0     HAIL                       0
HEAVY SNOW                0     SNOW                       0
LIGHT SNOW                0     SLEET                      0
FOG                      16     FOG W/VIS <= 1/4 MILE      1
HAZE                      4

-  INDICATES NEGATIVE NUMBERS.
R  INDICATES RECORD WAS SET OR TIED.
MM INDICATES DATA IS MISSING.
T  INDICATES TRACE AMOUNT.

$$
