000
CXUS52 KMHX 021052
CLMEWN


CLIMATE REPORT
NATIONAL WEATHER SERVICE NEWPORT/MOREHEAD CITY NC
552 AM EST TUE JAN 2 2018

...................................

...THE NEW BERN NC CLIMATE SUMMARY FOR THE MONTH OF DECEMBER 2017...

CLIMATE NORMAL PERIOD 1981 TO 2010
CLIMATE RECORD PERIOD 1948 TO 2018

WEATHER         OBSERVED          NORMAL  DEPART  LAST YEAR`S
                 VALUE   DATE(S)  VALUE   FROM    VALUE  DATE(S)
                                          NORMAL
................................................................
TEMPERATURE (F)
RECORD
 HIGH              83   12/16/1971
 LOW               -4   12/25/1989
HIGHEST            71   12/23                         81  12/18
LOWEST             21   12/30                         21  12/11
                        12/29
AVG. MAXIMUM     54.0              57.5    -3.5     57.5
AVG. MINIMUM     35.5              36.1    -0.6     37.3
MEAN             44.8              46.8    -2.0     47.4
DAYS MAX >= 90      0               0.0     0.0        0
DAYS MAX <= 32      1               0.2     0.8        0
DAYS MIN <= 32     12              11.7     0.3        9
DAYS MIN <= 0       0               0.0     0.0        0

PRECIPITATION (INCHES)
RECORD
 MAXIMUM         9.78   1973
 MINIMUM         0.30   1965
TOTALS           4.23              3.40    0.83     3.50
DAILY AVG.       0.14              0.11    0.03     0.11
DAYS >= .01        10               9.8     0.2       12
DAYS >= .10         8               5.7     2.3        8
DAYS >= .50         3               2.2     0.8        2
DAYS >= 1.00        1               1.0     0.0        0
GREATEST
 24 HR. TOTAL    1.33   12/08 TO 12/08

SNOWFALL (INCHES)
RECORDS
 TOTAL             MM   5
 24 HR TOTAL       MM
 SNOW DEPTH         3   12/27/2010
                        12/26/2010
TOTALS            0.0               0.9    -0.9      0.0
 LIQUID EQUIV    0.00              0.10   -0.10     0.00
SINCE 7/1         0.0               0.9    -0.9      0.0
 LIQUID 7/1      0.00              0.10   -0.10     0.00
SNOWDEPTH AVG.      0                MM      MM        0
DAYS >= TRACE       0               0.2    -0.2        0
DAYS >= 1.0         0               0.2    -0.2        0
GREATEST
 SNOW DEPTH         0   MM                             0  MM
 24 HR TOTAL      0.0   12/31 TO 12/31
 STORM TOTAL       MM                                 MM
 (MM/DD(HH))

DEGREE_DAYS
HEATING TOTAL     621               567      54      538
 SINCE 7/1       1060               994      66      933
.................................................................

WIND (MPH)
AVERAGE WIND SPEED              6.4
RESULTANT WIND SPEED/DIRECTION   2/337
HIGHEST WIND SPEED/DIRECTION    25/340    DATE  12/12
HIGHEST GUST SPEED/DIRECTION    38/320    DATE  12/12

SKY COVER
POSSIBLE SUNSHINE (PERCENT)   MM
AVERAGE SKY COVER           0.40
NUMBER OF DAYS FAIR           17
NUMBER OF DAYS PC              7
NUMBER OF DAYS CLOUDY          7

AVERAGE RH (PERCENT)     77

WEATHER CONDITIONS. NUMBER OF DAYS WITH
  0
  8
  0
  0
  0
  0
  3
HAZE                      3

-  INDICATES NEGATIVE NUMBERS.
R  INDICATES RECORD WAS SET OR TIED.
MM INDICATES DATA IS MISSING.
T  INDICATES TRACE AMOUNT.

$$
