000
CXUS51 KOKX 022309
CLMEWR

CLIMATE REPORT
NATIONAL WEATHER SERVICE NEW YORK NY
608 PM EST FRI FEB 2 2018

...................................

...THE NEWARK NJ CLIMATE SUMMARY FOR THE MONTH OF JANUARY 2018...

CLIMATE NORMAL PERIOD 1981 TO 2010
CLIMATE RECORD PERIOD 1929 TO 2018

WEATHER         OBSERVED          NORMAL  DEPART  LAST YEAR`S
                 VALUE   DATE(S)  VALUE   FROM    VALUE  DATE(S)
                                          NORMAL
................................................................
TEMPERATURE (F)
RECORD
 HIGH              74   01/26/1950
 LOW               -8   01/21/1985
HIGHEST            64   01/12        MM      MM       67  01/12
LOWEST              4   01/07        MM      MM       12  01/09
AVG. MAXIMUM     39.5              38.8     0.7     43.5
AVG. MINIMUM     22.4              24.5    -2.1     32.1
MEAN             30.9              31.6    -0.7     37.8
DAYS MAX >= 90      0               0.0     0.0        0
DAYS MAX <= 32     10               7.8     2.2        4
DAYS MIN <= 32     24              23.3     0.7       13
DAYS MIN <= 0       0               0.4    -0.4        0

PRECIPITATION (INCHES)
RECORD
 MAXIMUM        10.10   1979
 MINIMUM         0.45   1981
TOTALS           2.06              3.54   -1.48     4.65
DAILY AVG.       0.07              0.11   -0.04     0.15
DAYS >= .01         8              10.4    -2.4       14
DAYS >= .10         5               6.2    -1.2        9
DAYS >= .50         2               2.6    -0.6        4
DAYS >= 1.00        0               0.9    -0.9        1
GREATEST
 24 HR. TOTAL    0.71   01/04 TO 01/04           01/23 TO 01/24
                                                          01/24 TO 01/24EATHER         OBSERVED          NORMAL  DEPART  LAST YEAR`S
                                                          01/24 TO 01/24EATHER         OBSERVED          NORMAL  DEPART  LAST YEAR`S
 STORM TOTAL       MM                                 MM
 (MM/DD(HH))            MM                    01/24(00) TO 01/24(00)
                                                 01/24(00) TO 01/24(00)4EATHER         OBSERVED          NORMAL  DEPART  LAST YEAR`S
                                                 01/24(00) TO 01/24(00)4EATHER         OBSERVED          NORMAL  DEPART  LAST YEAR`S

SNOWFALL (INCHES)
TOTALS           10.1               7.9     2.2      9.3
 LIQUID EQUIV    1.01              0.80    0.21     0.93
SINCE 7/1        17.8              13.7     4.1     12.7
 LIQUID 7/1      1.78              1.40    0.38     1.27
SNOWDEPTH AVG.      1                 3      -2        0
DAYS >= TRACE       5               4.8     0.2        9
DAYS >= 1.0         2               2.2    -0.2        3
GREATEST
 SNOW DEPTH         7   01/06                          5  01/08
                        01/05
 24 HR TOTAL      8.4   01/04 TO 01/04           01/24 TO 01/24
                                                          01/24 TO 01/24EATHER         OBSERVED          NORMAL  DEPART  LAST YEAR`S
                                                          01/24 TO 01/24EATHER         OBSERVED          NORMAL  DEPART  LAST YEAR`S
 STORM TOTAL       MM                                 MM
 (MM/DD(HH))            MM                    01/24(00) TO 01/24(00)
                                                 01/24(00) TO 01/24(00)4EATHER         OBSERVED          NORMAL  DEPART  LAST YEAR`S
                                                 01/24(00) TO 01/24(00)4EATHER         OBSERVED          NORMAL  DEPART  LAST YEAR`S

DEGREE_DAYS
HEATING TOTAL    1048              1034      14      833
 SINCE 7/1       2668              2784    -116     2356
COOLING TOTAL       0                 0       0        0
 SINCE 1/1          0                 0       0        0
.................................................................

WIND (MPH)
AVERAGE WIND SPEED              10.9
HIGHEST WIND SPEED/DIRECTION    33/290    DATE  01/05
HIGHEST GUST SPEED/DIRECTION    47/290    DATE  01/05


WEATHER CONDITIONS. NUMBER OF DAYS WITH
THUNDERSTORM              0     MIXED PRECIP               0
HEAVY RAIN                1     RAIN                       1
LIGHT RAIN                6     FREEZING RAIN              0
LT FREEZING RAIN          1     HAIL                       0
HEAVY SNOW                1     SNOW                       2
LIGHT SNOW                5     SLEET                      1
FOG                       8     FOG W/VIS <= 1/4 MILE      4
HAZE                      3

-  INDICATES NEGATIVE NUMBERS.
R  INDICATES RECORD WAS SET OR TIED.
MM INDICATES DATA IS MISSING.
T  INDICATES TRACE AMOUNT.

$$
