000
CXUS56 KHNX 031545
CLMFAT


CLIMATE REPORT
NATIONAL WEATHER SERVICE SAN JOAQUIN VALLEY - HANFORD CA
845 AM PDT THU APR 3 2014

...................................

...THE FRESNO CA CLIMATE SUMMARY FOR THE MONTH OF MARCH 2014...

CLIMATE NORMAL PERIOD 1981 TO 2010
CLIMATE RECORD PERIOD 1887 TO 2014

WEATHER         OBSERVED          NORMAL  DEPART  LAST YEAR`S
                 VALUE   DATE(S)  VALUE   FROM    VALUE  DATE(S)
                                          NORMAL
................................................................
TEMPERATURE (F)
RECORD
 HIGH              90   03/17/1972
 LOW               26   03/03/1966
                        03/02/1953
HIGHEST            85   03/24        MM      MM       85  03/30
                        03/16                             03/13
LOWEST             45   03/11        MM      MM       40  03/23
AVG. MAXIMUM     74.3              67.6     6.7     74.5
AVG. MINIMUM     50.4              45.6     4.8     49.6
MEAN             62.4              56.6     5.8     62.1
DAYS MAX >= 90      0               0.0     0.0        0
DAYS MIN <= 32      0               0.1    -0.1        0

PRECIPITATION (INCHES)
RECORD
 MAXIMUM         7.24   1991
TOTALS           0.62              2.03   -1.41     0.65
DAYS >= .01         5               7.5    -2.5        4
DAYS >= .10         3               4.9    -1.9        3
DAYS >= .50         0               1.3    -1.3        0
DAYS >= 1.00        0               0.2    -0.2        0
GREATEST
 24 HR. TOTAL    0.20   03/29 TO 03/29

SNOWFALL (INCHES)
RECORDS
 TOTAL            0.2   03/23/1929
TOTALS            0.0               0.0

DEGREE_DAYS
HEATING TOTAL      88               265    -177      107
 SINCE 7/1       1433              2177    -744     1699
COOLING TOTAL      12                 5       7       23
 SINCE 1/1         12                 5       7       23
.................................................................

WIND (MPH)
AVERAGE WIND SPEED              5.8
HIGHEST WIND SPEED/DIRECTION    29/300    DATE  03/29
HIGHEST GUST SPEED/DIRECTION    36/300    DATE  03/29

AVERAGE RH (PERCENT)     54

WEATHER CONDITIONS. NUMBER OF DAYS WITH
THUNDERSTORM              0     RAIN                       8
HAIL                      0     FOG                        8
FOG W/VIS <= 1/4 MILE     0     HAZE                       4

-  INDICATES NEGATIVE NUMBERS.
R  INDICATES RECORD WAS SET OR TIED.
MM INDICATES DATA IS MISSING.
T  INDICATES TRACE AMOUNT.

$$

SANGER/OCHS

WEATHER.GOV/HANFORD
