000
CXUS56 KHNX 031556
CLMFAT


CLIMATE REPORT
NATIONAL WEATHER SERVICE SAN JOAQUIN VALLEY, CA
848 AM PDT SAT JUN 3 2017

...................................

...THE FRESNO CA CLIMATE SUMMARY FOR THE MONTH OF MAY 2017...

CLIMATE NORMAL PERIOD 1981 TO 2010
CLIMATE RECORD PERIOD 1887 TO 2017

WEATHER         OBSERVED          NORMAL  DEPART  LAST YEAR`S
                 VALUE   DATE(S)  VALUE   FROM    VALUE  DATE(S)
                                          NORMAL
................................................................
TEMPERATURE (F)
RECORD
 HIGH             110   05/31/1910
 LOW               36   05/05/1975
                        05/07/1965
HIGHEST           101   05/23        MM      MM       98  05/31
LOWEST             48   05/14        MM      MM       50  05/22
                                                          05/21
AVG. MAXIMUM     84.0              84.1    -0.1     84.5
AVG. MINIMUM     57.9              56.2     1.7     58.2
MEAN             71.0              70.1     0.9     71.3
DAYS MAX >= 90     12               8.7     3.3        9
DAYS MIN <= 32      0               0.0     0.0        0

PRECIPITATION (INCHES)
RECORD
 MAXIMUM         2.88   1906
TOTALS           0.12              0.43   -0.31     0.29
DAYS >= .01         1               2.2    -1.2        3
DAYS >= .10         1               1.2    -0.2        1
DAYS >= .50         0               0.2    -0.2        0
DAYS >= 1.00        0               0.1    -0.1        0
GREATEST
 24 HR. TOTAL    0.12   05/07 TO 05/07

SNOWFALL (INCHES)
RECORDS
 TOTAL            0.0
TOTALS            0.0               0.0

DEGREE_DAYS
HEATING TOTAL      26                30      -4       10
 SINCE 7/1       1936              2343    -407     1947
COOLING TOTAL     221               190      31      214
 SINCE 1/1        251               241      10      278
.................................................................

WIND (MPH)
AVERAGE WIND SPEED              7.9
HIGHEST WIND SPEED/DIRECTION    26/310    DATE  05/05
HIGHEST GUST SPEED/DIRECTION    36/310    DATE  05/05

AVERAGE RH (PERCENT)     50

WEATHER CONDITIONS. NUMBER OF DAYS WITH
THUNDERSTORM              0     RAIN                       0
HAIL                      0     FOG                        1
FOG W/VIS <= 1/4 MILE     0     HAZE                       1

-  INDICATES NEGATIVE NUMBERS.
R  INDICATES RECORD WAS SET OR TIED.
MM INDICATES DATA IS MISSING.
T  INDICATES TRACE AMOUNT.

$$
