219
CXUS52 KRAH 011148 CCA
CLMFAY

CLIMATE REPORT...CORRECTED TO ADD RECORDS
NATIONAL WEATHER SERVICE RALEIGH NC
742 AM EDT THU SEP 1 2016

...................................

...THE FAYETTEVILLE REGL AIRPORT NC CLIMATE SUMMARY FOR THE MONTH OF AUGUST 2016...

CLIMATE NORMAL PERIOD 1981 TO 2010
CLIMATE RECORD PERIOD 1910 TO 2016

WEATHER         OBSERVED          NORMAL  DEPART  LAST YEAR`S
                 VALUE   DATE(S)  VALUE   FROM    VALUE
                                          NORMAL
.............................................................
TEMPERATURE (F)
RECORD
 HIGH             107   08/09/2007
 LOW               46   08/30/1965
HIGHEST            99   08/21                        101
                        08/17
                        08/15
LOWEST             64   08/25                         61
AVG. MAXIMUM     94.0              89.6     4.4     89.7
AVG. MINIMUM     73.4              69.6     3.8     69.5
MEAN             83.7              79.6     4.1     79.6
DAYS MAX >= 90     28                                 15
DAYS MAX <= 32      0                                  0
DAYS MIN <= 32      0                                  0
DAYS MIN <= 0       0                                  0

PRECIPITATION (INCHES)
RECORD
 MAXIMUM        16.02   1942
TOTALS           1.33              5.49   -4.16     3.00
DAYS >= .01        13
DAYS >= .10         5
DAYS >= .50         0
DAYS >= 1.00        0
GREATEST
 24 HR. TOTAL    0.31   08/19 TO 08/20

DEGREE_DAYS
COOLING TOTAL     587               453     134      461
 SINCE 1/1       1994              1640     354     1835
..............................................................

WIND (MPH)
AVERAGE WIND SPEED              6.1
HIGHEST WIND SPEED/DIRECTION    28/320    DATE  08/21
HIGHEST GUST SPEED/DIRECTION    34/320    DATE  08/21

SKY COVER
POSSIBLE SUNSHINE (PERCENT)   MM
AVERAGE SKY COVER           0.30
NUMBER OF DAYS FAIR           19
NUMBER OF DAYS PC             10
NUMBER OF DAYS CLOUDY          2

AVERAGE RH (PERCENT)     70

WEATHER CONDITIONS. NUMBER OF DAYS WITH
THUNDERSTORM             11     MIXED PRECIP               0
HEAVY RAIN                3     RAIN                       3
LIGHT RAIN               11     FREEZING RAIN              0
LT FREEZING RAIN          0     HAIL                       0
HEAVY SNOW                0     SNOW                       0
LIGHT SNOW                0     SLEET                      0
FOG                      15     FOG W/VIS <= 1/4 MILE      3
HAZE                      2

-  INDICATES NEGATIVE NUMBERS.
R  INDICATES RECORD WAS SET OR TIED.
MM INDICATES DATA IS MISSING.
T  INDICATES TRACE AMOUNT.

&&

A RECORD HIGH MINIMUM TEMPERATURE OF 77 DEGREES WAS SET AT THE
FAYETTEVILLE REGL AIRPORT ON AUGUST 14. THIS TIED THE RECORD LAST
SET IN 1918.

A RECORD HIGH MINIMUM TEMPERATURE OF 77 DEGREES WAS SET AT THE
FAYETTEVILLE REGL AIRPORT ON AUGUST 18. THIS TIED THE RECORD LAST
SET IN 1995.

$$
