000
CXUS52 KRAH 011311
CLMFAY


CLIMATE REPORT
NATIONAL WEATHER SERVICE RALEIGH NC
902 AM EDT MON AUG 1 2016

...................................

...THE FAYETTEVILLE REGL AIRPORT NC CLIMATE SUMMARY FOR THE MONTH OF JULY 2016...

CLIMATE NORMAL PERIOD 1981 TO 2010
CLIMATE RECORD PERIOD 1910 TO 2016

WEATHER         OBSERVED          NORMAL  DEPART  LAST YEAR`S
                 VALUE   DATE(S)  VALUE   FROM    VALUE
                                          NORMAL
.............................................................
TEMPERATURE (F)
RECORD
 HIGH             107   07/22/1932
 LOW               51   07/23/1944
                        07/05/1933
HIGHEST           101   07/30                        100
                        07/28
                        07/27
LOWEST             70   07/20                         65
AVG. MAXIMUM     95.1              91.2     3.9     92.8
AVG. MINIMUM     74.2              71.5     2.7     72.5
MEAN             84.7              81.4     3.3     82.7
DAYS MAX >= 90     30                                 25
DAYS MAX <= 32      0                                  0
DAYS MIN <= 32      0                                  0
DAYS MIN <= 0       0                                  0

PRECIPITATION (INCHES)
RECORD
 MAXIMUM        13.35   1943
TOTALS           4.55              5.92   -1.37     3.38
DAYS >= .01        14
DAYS >= .10         9
DAYS >= .50         4
DAYS >= 1.00        0
GREATEST
 24 HR. TOTAL    1.08   07/02 TO 07/03

DEGREE_DAYS
COOLING TOTAL     619               507     112      555
 SINCE 1/1       1407              1187     220     1374
..............................................................

WIND (MPH)
AVERAGE WIND SPEED              7.1
HIGHEST WIND SPEED/DIRECTION    38/320    DATE  07/08
HIGHEST GUST SPEED/DIRECTION    52/320    DATE  07/08

SKY COVER
POSSIBLE SUNSHINE (PERCENT)   MM
AVERAGE SKY COVER           0.20
NUMBER OF DAYS FAIR           24
NUMBER OF DAYS PC              7
NUMBER OF DAYS CLOUDY          0

AVERAGE RH (PERCENT)     69

WEATHER CONDITIONS. NUMBER OF DAYS WITH
THUNDERSTORM              0     MIXED PRECIP               0
HEAVY RAIN                7     RAIN                       8
LIGHT RAIN               17     FREEZING RAIN              0
LT FREEZING RAIN          0     HAIL                       0
HEAVY SNOW                0     SNOW                       0
LIGHT SNOW                0     SLEET                      0
FOG                      17     FOG W/VIS <= 1/4 MILE      0
HAZE                      5

-  INDICATES NEGATIVE NUMBERS.
R  INDICATES RECORD WAS SET OR TIED.
MM INDICATES DATA IS MISSING.
T  INDICATES TRACE AMOUNT.

&&

A RECORD HIGH MINIMUM TEMPERATURE OF 79 DEGREES WAS SET AT THE
FAYETTEVILLE REGL AIRPORT...JULY 28TH. THIS BREAKS THE OLD
RECORD HIGH MINIMUM TEMPERATURE OF 77 LAST SET IN 2014.

A RECORD HIGH MINIMUM TEMPERATURE OF 79 DEGREES WAS SET AT THE
FAYETTEVILLE REGL AIRPORT...JULY 27TH. THIS TIED THE
RECORD SET IN 2005.

A RECORD HIGH MINIMUM TEMPERATURE OF 78 DEGREES WAS SET AT THE
FAYETTEVILLE REGL AIRPORT. THIS TIES THE RECORD SET IN 1945.


$$
