000
CXUS52 KRAH 011515
CLMFAY


CLIMATE REPORT
NATIONAL WEATHER SERVICE RALEIGH NC
1005 AM EST THU DEC 1 2016

...................................

...THE FAYETTEVILLE REGL AIRPORT NC CLIMATE SUMMARY FOR THE MONTH OF NOVEMBER 2016...

CLIMATE NORMAL PERIOD 1981 TO 2010
CLIMATE RECORD PERIOD 1910 TO 2016

WEATHER         OBSERVED          NORMAL  DEPART  LAST YEAR`S
                 VALUE   DATE(S)  VALUE   FROM    VALUE
                                          NORMAL
.............................................................
TEMPERATURE (F)
RECORD
 HIGH              88   11/03/1974
 LOW               15   11/26/1950
HIGHEST            84   11/03                         78
LOWEST             28   11/23                         28
AVG. MAXIMUM     67.9              66.8     1.1     67.6
AVG. MINIMUM     42.7              42.7     0.0     47.8
MEAN             55.3              54.7     0.6     57.7
DAYS MAX >= 90      0                                  0
DAYS MAX <= 32      0                                  0
DAYS MIN <= 32      5                                  3
DAYS MIN <= 0       0                                  0

PRECIPITATION (INCHES)
RECORD
 MAXIMUM         8.84   2006
TOTALS           0.81              2.77   -1.96     6.38
DAYS >= .01         5
DAYS >= .10         4
DAYS >= .50         0
DAYS >= 1.00        0
GREATEST
 24 HR. TOTAL    0.38   11/12 TO 11/13
                        11/13 TO 11/13
                        11/13 TO 11/14

DEGREE_DAYS
HEATING TOTAL     302               321     -19      230
 SINCE 7/1        351               448     -97      319
..............................................................

WIND (MPH)
AVERAGE WIND SPEED              6.5
HIGHEST WIND SPEED/DIRECTION    33/300    DATE  11/19
HIGHEST GUST SPEED/DIRECTION    44/300    DATE  11/19

SKY COVER
POSSIBLE SUNSHINE (PERCENT)   MM
AVERAGE SKY COVER           0.20
NUMBER OF DAYS FAIR           21
NUMBER OF DAYS PC              7
NUMBER OF DAYS CLOUDY          2

AVERAGE RH (PERCENT)     64

WEATHER CONDITIONS. NUMBER OF DAYS WITH
THUNDERSTORM              0     MIXED PRECIP               0
HEAVY RAIN                0     RAIN                       0
LIGHT RAIN                6     FREEZING RAIN              0
LT FREEZING RAIN          0     HAIL                       0
HEAVY SNOW                0     SNOW                       0
LIGHT SNOW                0     SLEET                      0
FOG                      13     FOG W/VIS <= 1/4 MILE      0
HAZE                      3

-  INDICATES NEGATIVE NUMBERS.
R  INDICATES RECORD WAS SET OR TIED.
MM INDICATES DATA IS MISSING.
T  INDICATES TRACE AMOUNT.

&&

A RECORD HIGH MINIMUM TEMPERATURE OF 65 DEGREES WAS SET AT
FAYETTEVILLE REGIONAL AIRPORT NC ON NOVEMBER 30. THIS BREAKS THE OLD
RECORD OF 62 SET IN 2001.

$$
