000
CXUS52 KRAH 011334
CLMFAY


CLIMATE REPORT
NATIONAL WEATHER SERVICE RALEIGH NC
929 AM EDT SAT NOV 1 2014

...................................

...THE FAYETTEVILLE REGL AIRPORT NC CLIMATE SUMMARY FOR THE MONTH OF OCTOBER 2014...

CLIMATE NORMAL PERIOD 1981 TO 2010
CLIMATE RECORD PERIOD 1910 TO 2014

WEATHER         OBSERVED          NORMAL  DEPART  LAST YEAR`S
                 VALUE   DATE(S)  VALUE   FROM    VALUE
                                          NORMAL
.............................................................
TEMPERATURE (F)
RECORD
 HIGH             101   10/07/1954
 LOW               21   10/27/1962
HIGHEST            90   10/11                         90
LOWEST             41   10/20                         31
AVG. MAXIMUM     77.7              74.9     2.8     74.0
AVG. MINIMUM     53.6              52.0     1.6     54.1
MEAN             65.6              63.5     2.1     64.1
DAYS MAX >= 90      1                                  1
DAYS MAX <= 32      0                                  0
DAYS MIN <= 32      0                                  1
DAYS MIN <= 0       0                                  0

PRECIPITATION (INCHES)
RECORD
 MAXIMUM         4.08   2007
TOTALS           1.31              3.21   -1.90     0.91
DAYS >= .01         6
DAYS >= .10         2
DAYS >= .50         1
DAYS >= 1.00        0
GREATEST
 24 HR. TOTAL    0.99   10/14 TO 10/15

DEGREE_DAYS
HEATING TOTAL      70               118     -48      103
 SINCE 7/1         75               127     -52      103
COOLING TOTAL      98                70      28       81
 SINCE 1/1       2132              1978     154     1925
..............................................................

WIND (MPH)
AVERAGE WIND SPEED              7.1
HIGHEST WIND SPEED/DIRECTION    22/320    DATE  10/22
HIGHEST GUST SPEED/DIRECTION    27/310    DATE  10/26

SKY COVER
POSSIBLE SUNSHINE (PERCENT)    0
AVERAGE SKY COVER           0.20
NUMBER OF DAYS FAIR           24
NUMBER OF DAYS PC              6
NUMBER OF DAYS CLOUDY          1

AVERAGE RH (PERCENT)     68

WEATHER CONDITIONS. NUMBER OF DAYS WITH
THUNDERSTORM              1     MIXED PRECIP               0
HEAVY RAIN                2     RAIN                       3
LIGHT RAIN                6     FREEZING RAIN              0
LT FREEZING RAIN          0     HAIL                       0
HEAVY SNOW                0     SNOW                       0
LIGHT SNOW                0     SLEET                      0
FOG                      13     FOG W/VIS <= 1/4 MILE      3
HAZE                      2

-  INDICATES NEGATIVE NUMBERS.
R  INDICATES RECORD WAS SET OR TIED.
MM INDICATES DATA IS MISSING.
T  INDICATES TRACE AMOUNT.

&&

A RECORD HIGH MINIMUM TEMPERATURE RECORD OF 70 DEGREES WAS SET ON THE 14TH. THE
OLD RECORD WAS 68 SET IN 1990.

$$
