000
CXUS53 KLMK 161210
CLMFFT


CLIMATE REPORT
NATIONAL WEATHER SERVICE LOUISVILLE KY
710 AM EST FRI JAN 16 2015

...................................

...THE FRANKFORT KY CLIMATE SUMMARY FOR THE MONTH OF DECEMBER 2014...

CLIMATE NORMAL PERIOD 1981 TO 2010
CLIMATE RECORD PERIOD 1895 TO 2015

WEATHER         OBSERVED          NORMAL  DEPART  LAST YEAR`S
                 VALUE   DATE(S)  VALUE   FROM    VALUE  DATE(S)
                                          NORMAL
................................................................
TEMPERATURE (F)
RECORD
 HIGH              78   12/04/1982
 LOW              -17   12/22/1989
                        12/11/1917
HIGHEST            63   12/01        MM      MM       72  12/21
LOWEST             16   12/31        MM      MM       11  12/12
AVG. MAXIMUM     45.4              44.4     1.0     44.6
AVG. MINIMUM     31.6              26.2     5.4     27.7
MEAN             38.5              35.3     3.2     36.1
DAYS MAX >= 90      0               0.0     0.0        0
DAYS MAX <= 32      2               4.6    -2.6        5
DAYS MIN <= 32     18              22.2    -4.2       23
DAYS MIN <= 0       0               0.3    -0.3        0

PRECIPITATION (INCHES)
RECORD
 MAXIMUM         9.29   1990
 MINIMUM         0.36   1925
TOTALS           3.15              4.01   -0.86     4.94
DAILY AVG.       0.10              0.13   -0.03     0.16
DAYS >= .01        13                MM      MM       14
DAYS >= .10         7                MM      MM        8
DAYS >= .50         3                MM      MM        4
DAYS >= 1.00        0                MM      MM        2
GREATEST
 24 HR. TOTAL    1.37   12/05 TO 12/06

SNOWFALL (INCHES)
RECORDS
 TOTAL             MM   MM
TOTALS             MM                MM      MM       MM
SINCE 7/1          MM                MM      MM       MM
SNOWDEPTH AVG.     MM                MM      MM       MM
DAYS >= 1.0         0                MM      MM        0
GREATEST
 SNOW DEPTH        MM                                 MM  MM
 24 HR TOTAL       MM

DEGREE_DAYS
HEATING TOTAL     818               921    -103      888
 SINCE 7/1       1946              1832     114     1931
COOLING TOTAL       0                 0       0        0
 SINCE 1/1       1070              1155     -85     1127
.................................................................

WIND (MPH)
AVERAGE WIND SPEED              6.0
HIGHEST WIND SPEED/DIRECTION    33/240    DATE  12/24
HIGHEST GUST SPEED/DIRECTION    42/230    DATE  12/24

SKY COVER
POSSIBLE SUNSHINE (PERCENT)   MM
AVERAGE SKY COVER           0.70
NUMBER OF DAYS FAIR            6
NUMBER OF DAYS PC              6
NUMBER OF DAYS CLOUDY         19

AVERAGE RH (PERCENT)     77

WEATHER CONDITIONS. NUMBER OF DAYS WITH
THUNDERSTORM              0     MIXED PRECIP               0
HEAVY RAIN                5     RAIN                       7
LIGHT RAIN               13     FREEZING RAIN              0
LT FREEZING RAIN          0     HAIL                       0
HEAVY SNOW                0     SNOW                       0
LIGHT SNOW                0     SLEET                      0
FOG                      19     FOG W/VIS <= 1/4 MILE      1
HAZE                      8

-  INDICATES NEGATIVE NUMBERS.
R  INDICATES RECORD WAS SET OR TIED.
MM INDICATES DATA IS MISSING.
T  INDICATES TRACE AMOUNT.

$$
