000
CXUS52 KMFL 011230
CLMFLL


CLIMATE REPORT
NATIONAL WEATHER SERVICE MIAMI, FL
827 AM EDT FRI JUL 1 2016

...................................

...THE FORT LAUDERDALE CLIMATE SUMMARY FOR THE MONTH OF JUNE 2016...

CLIMATE NORMAL PERIOD 1981 TO 2010
CLIMATE RECORD PERIOD 1912 TO 2016

WEATHER         OBSERVED          NORMAL  DEPART  LAST YEAR`S
                 VALUE   DATE(S)  VALUE   FROM    VALUE
                                          NORMAL
.............................................................
TEMPERATURE (F)
RECORD
 HIGH             100   06/22/2009
 LOW               57   06/04/1933
HIGHEST            95   06/18                         95
LOWEST             73   06/17                         71
AVG. MAXIMUM     89.5              88.8     0.7     88.7
AVG. MINIMUM     77.5              77.4     0.1     78.1
MEAN             83.5              83.1     0.4     83.4
DAYS MAX >= 90     14                                 13
DAYS MAX <= 32      0                                  0
DAYS MIN <= 32      0                                  0
DAYS MIN <= 0       0                                  0

PRECIPITATION (INCHES)
RECORD
 MAXIMUM        24.37   1992
 MINIMUM         0.70   1952
TOTALS           9.05             10.16   -1.11     1.09
DAILY AVG.       0.30              0.34   -0.04     0.04
DAYS >= .01        19                                 10
DAYS >= .10        13                                  4
DAYS >= .50         4                                  0
DAYS >= 1.00        3                                  0
GREATEST
 24 HR. TOTAL    2.72   06/15 TO 06/16              0.49

DEGREE_DAYS
HEATING TOTAL       0                 0       0        0
 SINCE 7/1         87               112     -25       97
COOLING TOTAL     561               543      18      562
 SINCE 1/1       1975              1961      14     2098
..............................................................

WIND (MPH)
AVERAGE WIND SPEED              8.5
HIGHEST WIND SPEED/DIRECTION    35/240    DATE  06/15
HIGHEST GUST SPEED/DIRECTION    47/270    DATE  06/17

SKY COVER
POSSIBLE SUNSHINE (PERCENT)   MM
AVERAGE SKY COVER           0.60
NUMBER OF DAYS FAIR            2
NUMBER OF DAYS PC             22
NUMBER OF DAYS CLOUDY          6

AVERAGE RH (PERCENT)     73

WEATHER CONDITIONS. NUMBER OF DAYS WITH
THUNDERSTORM             12     MIXED PRECIP               0
HEAVY RAIN                5     RAIN                      12
LIGHT RAIN               17     FREEZING RAIN              0
LT FREEZING RAIN          0     HAIL                       0
HEAVY SNOW                0     SNOW                       0
LIGHT SNOW                0     SLEET                      0
FOG                      11     FOG W/VIS <= 1/4 MILE      0
HAZE                      6

-  INDICATES NEGATIVE NUMBERS.
R  INDICATES RECORD WAS SET OR TIED.
MM INDICATES DATA IS MISSING.
T  INDICATES TRACE AMOUNT.

..................................................................


.................DATA FOR HOLLYWOOD...JUNE 2016..................
.....NORMALS USED FOR COMPARISON ARE FORT LAUDERDALE AP (FLL).....


...TEMPERATURE DATA...

AVERAGE FOR THE MONTH .... 82.5 OR 0.6 DEGREES BELOW NORMAL.
AVERAGE MAXIMUM .......... 88.4 OR 0.4 DEGREES BELOW NORMAL.
AVERAGE MINIMUM........... 76.5 OR 0.9 DEGREES BELOW NORMAL.

HIGHEST TEMPERATURE FOR THE MONTH: 94 DEGREES ON THE 19TH.
LOWEST  TEMPERATURE FOR THE MONTH: 73 DEGREES ON THE 19TH.


...PRECIPITATION...

TOTAL FOR THE MONTH 5.11 INCHES OR 5.05 INCHES BELOW NORMAL.
TOTAL FOR THE YEAR 25.43 INCHES OR 2.22 INCHES ABOVE NORMAL.
GREATEST 24-HOUR PERIOD RAINFALL 1.15 INCHES ON THE 22ND.

NUMBER OF DAYS HAVING 0.01 INCHES OR MORE ... 13.
NUMBER OF DAYS HAVING 0.10 INCHES OR MORE ... 12.
NUMBER OF DAYS HAVING 0.50 INCHES OR MORE ...  3.
NUMBER OF DAYS HAVING 1.00 INCHES OR MORE ...  1.

$$
