581
CXUS53 KDTX 041258 AAA
CLMFNT

CLIMATE REPORT
NATIONAL WEATHER SERVICE DETROIT/PONTIAC MI
922 AM EDT SUN JUL 2 2017

...................................

...THE FLINT MI CLIMATE SUMMARY FOR THE MONTH OF JUNE 2017...

CLIMATE NORMAL PERIOD 1981 TO 2010
CLIMATE RECORD PERIOD 1921 TO 2017

WEATHER         OBSERVED          NORMAL  DEPART
                 VALUE   DATE(S)  VALUE   FROM
                                          NORMAL
................................................
TEMPERATURE (F)
RECORD
 HIGH             101   06/25/1988
 LOW               33   06/04/1998
                        06/01/1966
HIGHEST            91   06/22        MM      MM
                        06/12
LOWEST             44   06/08         0      44
AVG. MAXIMUM     80.2              77.9     2.3
AVG. MINIMUM     56.5              55.2     1.3
MEAN             68.3              66.5     1.8
DAYS MAX >= 90      3               1.5     1.5
DAYS MAX <= 32      0               0.0     0.0
DAYS MIN <= 32      0               0.0     0.0
DAYS MIN <= 0       0               0.0     0.0

PRECIPITATION (INCHES)
RECORD
 MAXIMUM         6.57   2009
 MINIMUM         0.63   1988
TOTALS           2.66              3.07   -0.41
DAILY AVG.       0.09              0.10   -0.01
DAYS >= .01        11              10.6     0.4
DAYS >= .10         7               6.1     0.9
DAYS >= .50         2               2.0     0.0
DAYS >= 1.00        0               0.6    -0.6
GREATEST
 24 HR. TOTAL    0.78   06/17 TO 06/17
 STORM TOTAL       MM
 (MM/DD(HH))            MM

SNOWFALL (INCHES)
RECORDS
 TOTAL           34.5   2009
TOTALS            0.0               0.0     0.0
 LIQUID EQUIV    0.00              0.00    0.00
SINCE 7/1        39.4              47.4    -8.0
 LIQUID 7/1      3.94
DAYS >= TRACE       0               0.0     0.0
DAYS >= 1.0         0               0.0     0.0
GREATEST
 SNOW DEPTH         0   MM
 24 HR TOTAL      0.0   06/30 TO 06/30
 STORM TOTAL       MM
 (MM/DD(HH))            MM

DEGREE_DAYS
HEATING TOTAL      39                66     -27
 SINCE 7/1       5827              6953   -1126
COOLING TOTAL     146               112      34
 SINCE 1/1        171               144      27

FREEZE DATES
RECORD
 EARLIEST     MM
 LATEST       MM
EARLIEST      02/01             MM
LATEST        05/09             MM
.................................................

WIND (MPH)
AVERAGE WIND SPEED              8.9
HIGHEST WIND SPEED/DIRECTION    32/260    DATE  06/17
HIGHEST GUST SPEED/DIRECTION    39/260    DATE  06/17

SKY COVER
POSSIBLE SUNSHINE (PERCENT)   MM
AVERAGE SKY COVER           0.30
NUMBER OF DAYS FAIR           16
NUMBER OF DAYS PC             14
NUMBER OF DAYS CLOUDY          0

AVERAGE RH (PERCENT)     67

WEATHER CONDITIONS. NUMBER OF DAYS WITH
THUNDERSTORM              6     MIXED PRECIP               0
HEAVY RAIN                4     RAIN                       1
LIGHT RAIN               12     FREEZING RAIN              0
LT FREEZING RAIN          0     HAIL                       0
HEAVY SNOW                0     SNOW                       0
LIGHT SNOW                0     SLEET                      0
FOG                      12     FOG W/VIS <= 1/4 MILE      0
HAZE                      2

-  INDICATES NEGATIVE NUMBERS.
R  INDICATES RECORD WAS SET OR TIED.
MM INDICATES DATA IS MISSING.
T  INDICATES TRACE AMOUNT.

$$
================================================================
       SOUTHEAST MICHIGAN CLIMATE SUMMARY FOR JUNE 2017


JUNE 2017 MONTHLY STATISTICS AND RANKINGS
-----------------------------------------------------------------
PRECIPITATION
                ACTUAL    NORMAL     DEPARTURE     RANKING
DETROIT AREA    2.02"      3.52"      -1.50"      31ST DRIEST
FLINT AREA      2.66"      3.07"      -0.41"      40TH DRIEST
SAGINAW        10.76"      2.98       +7.78"      1ST WETTEST

WATER YEAR SINCE JANUARY 1*

                ACTUAL    NORMAL     DEPARTURE     RANKING
DETROIT AREA    18.67"    16.06"      +2.61"     26TH WETTEST
FLINT AREA      19.09"    14.06"      +5.03"     13TH WETTEST
SAGINAW         25.65"    14.63"     +11.02"      1ST WETTEST

      *NORMAL TO DATE (AS OF JUNE 30, 2017)

AVERAGE TEMPERATURE
                ACTUAL    NORMAL     DEPARTURE     RANKING
DETROIT AREA     71.1      69.4       +1.7       22ND WARMEST
FLINT AREA       68.3      66.5       +1.8       36TH WARMEST
SAGINAW          68.9      67.2       +1.7       27TH WARMEST

AVERAGE HIGH TEMPERATURE
                ACTUAL    NORMAL     DEPARTURE     RANKING
DETROIT AREA     81.6      79.3       +2.3       20TH WARMEST
FLINT AREA       80.2      77.9       +2.3       32ND WARMEST
SAGINAW          79.0      77.9       +1.1       39TH WARMEST

AVERAGE LOW TEMPERATURE
                ACTUAL    NORMAL     DEPARTURE     RANKING
DETROIT AREA     60.6      59.5       +1.1       35TH WARMEST
FLINT AREA       56.5      55.2       +1.3       38TH WARMEST
SAGINAW          58.9      56.5       +2.4       13TH WARMEST


DETROIT AREA HAS A CLIMATE RECORD DATING TO NOVEMBER 1874
FLINT AREA HAS A CLIMATE RECORD DATING TO JANUARY 1921
SAGINAW HAS A CLIMATE RECORD DATING TO 1912
