000
CXUS51 KCAR 041454
CLMFVE


CLIMATE REPORT
NATIONAL WEATHER SERVICE CARIBOU, ME
953 AM EST WED JAN 4 2017

...................................

...THE FRENCHVILLE ME CLIMATE SUMMARY FOR THE MONTH OF DECEMBER 2016...

CLIMATE NORMAL PERIOD 1981 TO 2010
CLIMATE RECORD PERIOD 9999 TO 9999

WEATHER         OBSERVED          NORMAL  DEPART  LAST YEAR`S
                 VALUE   DATE(S)  VALUE   FROM    VALUE  DATE(S)
                                          NORMAL
................................................................
TEMPERATURE (F)
RECORD
 HIGH              MM   MM
 LOW               MM   MM
HIGHEST            39   12/27        MM      MM       46  12/12
LOWEST            -12   12/17        MM      MM        1  12/29
                        12/16                             12/28
AVG. MAXIMUM     22.4              23.5    -1.1     31.4
AVG. MINIMUM      8.6               9.9    -1.3     21.8
MEAN             15.3              16.7    -1.4     26.6
DAYS MAX >= 90      0               0.0     0.0        0
DAYS MAX <= 32     28              24.7     3.3       16
DAYS MIN <= 32     30              30.5    -0.5       27
DAYS MIN <= 0       6               6.8    -0.8        0

PRECIPITATION (INCHES)
RECORD
 MAXIMUM           MM   MM
 MINIMUM           MM   MM
TOTALS           1.57              2.54   -0.97     2.99
DAILY AVG.       0.05              0.08   -0.03     0.10
DAYS >= .01        13                MM      MM       16
DAYS >= .10         6                MM      MM       11
DAYS >= .50         1                MM      MM        1
DAYS >= 1.00        0                MM      MM        0
GREATEST
 24 HR. TOTAL    0.57   12/01 TO 12/01           12/02 TO 12/03
                                                          12/03 TO 12/03
                                                          12/03 TO 12/03
 STORM TOTAL       MM                                 MM
 (MM/DD(HH))            MM                    12/03(00) TO 12/03(00)
                                                 12/03(00) TO 12/03(00)3
                                                 12/03(00) TO 12/03(00)3

SNOWFALL (INCHES)
RECORDS
 TOTAL             MM   MM
TOTALS             MM                MM      MM       MM
SINCE 7/1          MM                MM      MM       MM
SNOWDEPTH AVG.      0                MM      MM       MM
DAYS >= 1.0         0                MM      MM        0
GREATEST
 SNOW DEPTH         0   MM                            MM  MM
 24 HR TOTAL       MM                                 MM

DEGREE_DAYS
HEATING TOTAL    1483              1497     -14     1180
 SINCE 7/1       3319              3807    -488     3196
COOLING TOTAL       0                 0       0        0
 SINCE 1/1        221               134      87      164
....................................................

WIND (MPH)
AVERAGE WIND SPEED              9.8
HIGHEST WIND SPEED/DIRECTION    44/330    DATE  12/25
HIGHEST GUST SPEED/DIRECTION    57/320    DATE  12/25

SKY COVER
POSSIBLE SUNSHINE (PERCENT)   MM
AVERAGE SKY COVER           0.70
NUMBER OF DAYS FAIR            3
NUMBER OF DAYS PC             12
NUMBER OF DAYS CLOUDY         16

AVERAGE RH (PERCENT)     77

WEATHER CONDITIONS. NUMBER OF DAYS WITH
THUNDERSTORM              0     MIXED PRECIP               0
HEAVY RAIN                0     RAIN                       0
LIGHT RAIN                0     FREEZING RAIN              1
LT FREEZING RAIN          4     HAIL                       0
HEAVY SNOW                5     SNOW                       9
LIGHT SNOW               26     SLEET                      0
FOG                      23     FOG W/VIS <= 1/4 MILE      6
HAZE                     12

-  INDICATES NEGATIVE NUMBERS.
R  INDICATES RECORD WAS SET OR TIED.
MM INDICATES DATA IS MISSING.
T  INDICATES TRACE AMOUNT.

$$
