000
CXUS51 KCAR 012119
CLMFVE


CLIMATE REPORT
NATIONAL WEATHER SERVICE CARIBOU, ME
518 PM EDT FRI JUL 1 2016

...................................

...THE FRENCHVILLE ME CLIMATE SUMMARY FOR THE MONTH OF JUNE 2016...

CLIMATE NORMAL PERIOD 1981 TO 2010
CLIMATE RECORD PERIOD 9999 TO 9999

WEATHER         OBSERVED          NORMAL  DEPART  LAST YEAR`S
                 VALUE   DATE(S)  VALUE   FROM    VALUE  DATE(S)
                                          NORMAL
................................................................
TEMPERATURE (F)
RECORD
 HIGH              MM   MM
 LOW               MM   MM
HIGHEST            88   06/26        MM      MM       76  06/18
                        06/20
LOWEST             41   06/17        MM      MM       37  06/03
AVG. MAXIMUM     70.1              69.2     0.9     64.6
AVG. MINIMUM     50.8              49.3     1.5     47.4
MEAN             60.4              59.3     1.1     56.0
DAYS MAX >= 90      0               0.1    -0.1        0
DAYS MAX <= 32      0               0.0     0.0        0
DAYS MIN <= 32      0               0.0     0.0        0
DAYS MIN <= 0       0               0.0     0.0        0

PRECIPITATION (INCHES)
RECORD
 MAXIMUM           MM   MM
 MINIMUM           MM   MM
TOTALS           4.75              3.85    0.90     4.75
DAILY AVG.       0.16              0.13    0.03     0.16
DAYS >= .01        13                MM      MM       17
DAYS >= .10        10                MM      MM       12
DAYS >= .50         3                MM      MM        4
DAYS >= 1.00        2                MM      MM        0
GREATEST
 24 HR. TOTAL    1.16   06/29 TO 06/29           06/08 TO 06/09
                                                          06/09 TO 06/09
                                                          06/09 TO 06/09
 STORM TOTAL       MM                                 MM
 (MM/DD(HH))            MM                    06/09(00) TO 06/09(00)
                                                 06/09(00) TO 06/09(00)9
                                                 06/09(00) TO 06/09(00)9

SNOWFALL (INCHES)
RECORDS
 TOTAL             MM   MM
TOTALS             MM                MM      MM       MM
SINCE 7/1          MM                MM      MM       MM
SNOWDEPTH AVG.     MM                MM      MM       MM
DAYS >= 1.0         0                MM      MM        0
GREATEST
 SNOW DEPTH        MM                                 MM  MM
 24 HR TOTAL       MM                                 MM

DEGREE_DAYS
HEATING TOTAL     179               197     -18      264
 SINCE 7/1       8951              9784    -833    10058
COOLING TOTAL      49                24      25        0
 SINCE 1/1         55                28      27       11
..........................................................

WIND (MPH)
AVERAGE WIND SPEED              9.4
HIGHEST WIND SPEED/DIRECTION    29/330    DATE  06/23
HIGHEST GUST SPEED/DIRECTION    42/330    DATE  06/23

SKY COVER
POSSIBLE SUNSHINE (PERCENT)   MM
AVERAGE SKY COVER           0.60
NUMBER OF DAYS FAIR           11
NUMBER OF DAYS PC              8
NUMBER OF DAYS CLOUDY         11

AVERAGE RH (PERCENT)     67

WEATHER CONDITIONS. NUMBER OF DAYS WITH
THUNDERSTORM              0     MIXED PRECIP               0
HEAVY RAIN                4     RAIN                       7
LIGHT RAIN               17     FREEZING RAIN              0
LT FREEZING RAIN          0     HAIL                       0
HEAVY SNOW                0     SNOW                       0
LIGHT SNOW                0     SLEET                      0
FOG                      13     FOG W/VIS <= 1/4 MILE      6
HAZE                      0

-  INDICATES NEGATIVE NUMBERS.
R  INDICATES RECORD WAS SET OR TIED.
MM INDICATES DATA IS MISSING.
T  INDICATES TRACE AMOUNT.

$$
