000
CXUS53 KIND 011511
CLMGEZ


CLIMATE REPORT
NATIONAL WEATHER SERVICE INDIANAPOLIS IN
1111 AM EDT MON AUG 1 2016

...................................

...THE SHELBYVILLE IN CLIMATE SUMMARY FOR THE MONTH OF JULY 2016...

CLIMATE NORMAL PERIOD 1981 TO 2010
CLIMATE RECORD PERIOD 9999 TO 9999

WEATHER         OBSERVED          NORMAL  DEPART  LAST YEAR`S
                 VALUE   DATE(S)  VALUE   FROM    VALUE  DATE(S)
                                          NORMAL
................................................................
TEMPERATURE (F)
HIGHEST            93   07/24                         92  07/29
                                                          07/28
                                                          07/18
LOWEST             50   07/02                         57  07/22
                                                          07/11
AVG. MAXIMUM     85.4              84.5     0.9     84.3
AVG. MINIMUM     66.8              63.7     3.1     65.3
MEAN             76.1              74.1     2.0     74.8
DAYS MAX >= 90      6               4.0     2.0        4
DAYS MAX <= 32      0               0.0     0.0        0
DAYS MIN <= 32      0               0.0     0.0        0
DAYS MIN <= 0       0               0.0     0.0        0

PRECIPITATION (INCHES)
TOTALS           5.29              4.71    0.58     7.94
DAILY AVG.       0.17              0.15    0.02     0.26
DAYS >= .01        11                MM      MM       16
DAYS >= .10        10                MM      MM       12
DAYS >= .50         6                MM      MM        5
DAYS >= 1.00        1                MM      MM        2
GREATEST
 24 HR. TOTAL    1.15   07/17 TO 07/18

DEGREE_DAYS
HEATING TOTAL       2                 1       1        0
 SINCE 7/1          2                 1       1        0
COOLING TOTAL     353               283      70      311
 SINCE 1/1        790               573     217      790
.................................................................

WIND (MPH)
AVERAGE WIND SPEED              5.3
HIGHEST WIND SPEED/DIRECTION    30/200    DATE  07/12
HIGHEST GUST SPEED/DIRECTION    37/020    DATE  07/21

SKY COVER
POSSIBLE SUNSHINE (PERCENT)   MM
AVERAGE SKY COVER           0.30
NUMBER OF DAYS FAIR           22
NUMBER OF DAYS PC              6
NUMBER OF DAYS CLOUDY          3

AVERAGE RH (PERCENT)     74

WEATHER CONDITIONS. NUMBER OF DAYS WITH
THUNDERSTORM              9     MIXED PRECIP               0
HEAVY RAIN                8     RAIN                       9
LIGHT RAIN               14     FREEZING RAIN              0
LT FREEZING RAIN          0     HAIL                       0
HEAVY SNOW                0     SNOW                       0
LIGHT SNOW                0     SLEET                      0
FOG                      23     FOG W/VIS <= 1/4 MILE      6
HAZE                      6

-  INDICATES NEGATIVE NUMBERS.
R  INDICATES RECORD WAS SET OR TIED.
MM INDICATES DATA IS MISSING.
T  INDICATES TRACE AMOUNT.

$$
