448
CXUS51 KALY 012254 CCA
CLMGFL

CLIMATE REPORT
NATIONAL WEATHER SERVICE ALBANY NY
505 AM EDT FRI MAY 1 2015

...................................

...THE GLENS FALLS NY CLIMATE SUMMARY FOR THE MONTH OF APRIL 2015...

CLIMATE NORMAL PERIOD 1981 TO 2010
CLIMATE RECORD PERIOD 1949 TO 2015

WEATHER         OBSERVED          NORMAL  DEPART  LAST YEAR`S
                 VALUE   DATE(S)  VALUE   FROM    VALUE  DATE(S)
                                          NORMAL
................................................................
TEMPERATURE (F)
HIGHEST            74   04/13                         78  04/14
LOWEST             19   04/01                         20  04/17
AVG. MAXIMUM     56.2              56.7    -0.5     57.8
AVG. MINIMUM     33.2              32.5     0.7     32.1
MEAN             44.7              44.6     0.1     44.9
DAYS MAX >= 90      0               0.1    -0.1        0
DAYS MAX <= 32      0               0.2    -0.2        0
DAYS MIN <= 32     16              14.8     1.2       16
DAYS MIN <= 0       0               0.0     0.0        0

PRECIPITATION (INCHES)
RECORD
 MAXIMUM         6.46   1983
 MINIMUM         0.58   1999
TOTALS           1.97              3.00   -1.03     2.82
DAILY AVG.       0.07              0.10   -0.03     0.09
DAYS >= .01        10              11.3    -1.3       12
DAYS >= .10         5               6.9    -1.9        6
DAYS >= .50         1               2.0    -1.0        1
DAYS >= 1.00        0               0.6    -0.6        0
GREATEST
 24 HR. TOTAL    0.67   04/20 TO 04/21

DEGREE_DAYS
HEATING TOTAL     600               613     -13      594
 SINCE 7/1       7463              7276     187     7673
COOLING TOTAL       0                 1      -1        0
 SINCE 1/1          0                 1      -1        0

FREEZE DATES
RECORD
 EARLIEST     08/29/1982
 LATEST       06/01/2009
EARLIEST                        09/29
LATEST                          05/13
.................................................................

WIND (MPH)
AVERAGE WIND SPEED              7.1
HIGHEST WIND SPEED/DIRECTION    28/010    DATE  04/04
HIGHEST GUST SPEED/DIRECTION    37/190    DATE  04/13

SKY COVER
AVERAGE SKY COVER           0.50

AVERAGE RH (PERCENT)     58

WEATHER CONDITIONS. NUMBER OF DAYS WITH
THUNDERSTORM              1     MIXED PRECIP               0
HEAVY RAIN                1     RAIN                       4
LIGHT RAIN               12     FREEZING RAIN              0
LT FREEZING RAIN          0     HAIL                       0
HEAVY SNOW                0     SNOW                       0
LIGHT SNOW                2     SLEET                      0
FOG                      10     FOG W/VIS <= 1/4 MILE      1
HAZE                      1

-  INDICATES NEGATIVE NUMBERS.
R  INDICATES RECORD WAS SET OR TIED.
MM INDICATES DATA IS MISSING.
T  INDICATES TRACE AMOUNT.

$$
