000
CXUS51 KALY 010914
CLMGFL
CLIMATE REPORT
NATIONAL WEATHER SERVICE ALBANY NY
514 AM EDT MON APR 01 2024
...................................
...THE GLENS FALLS NY CLIMATE SUMMARY FOR THE MONTH OF MARCH 2024...
CLIMATE NORMAL PERIOD: 1991 TO 2020
CLIMATE RECORD PERIOD: 1893 TO 2024
WEATHER OBSERVED NORMAL DEPART LAST YEAR`S
VALUE DATE(S) VALUE FROM VALUE DATE(S)
NORMAL
................................................................
TEMPERATURE (F)
RECORD
HIGH 86 03/31/1998
LOW -24 03/07/1950
HIGHEST 63 03/14 54 03/21
LOWEST -3 03/24 12 03/12
AVG. MAXIMUM 46.7 42.5 4.2 41.5
AVG. MINIMUM 27.4 20.9 6.5 23.6
MEAN 37.0 31.7 5.3 32.6
DAYS MAX >= 90 0 0.0 0.0 0
DAYS MAX <= 32 2 4.5 -2.5 1
DAYS MIN <= 32 21 26.3 -5.3 30
DAYS MIN <= 0 1 1.6 -0.6 0
PRECIPITATION (INCHES)
RECORD
MAXIMUM 8.29 1913
MINIMUM 0.04 1915
TOTALS 5.58 2.79 2.79 3.17
DAILY AVG. 0.18 0.10
DAYS >= .01 14 10.5 3.5 15
DAYS >= .10 9 6.0 3.0 7
DAYS >= .50 5 1.8 3.2 2
DAYS >= 1.00 2 0.5 1.5 0
GREATEST
24 HR. TOTAL 1.42 03/22 TO 03/23
DEGREE DAYS
HEATING TOTAL 859 1032 -173 997
SINCE 7/1 5508 6437 -929 MM
COOLING TOTAL 0 0 0 0
SINCE 1/1 0 0 0 MM
................................................................
WIND (MPH)
AVERAGE WIND SPEED 5.6
HIGHEST WIND SPEED/DIRECTION 31/310 DATE 03/11
HIGHEST GUST SPEED/DIRECTION 48/330 DATE 03/11
SKY COVER
AVERAGE SKY COVER 0.59
AVERAGE RH (PERCENT) 72
WEATHER CONDITIONS. NUMBER OF DAYS WITH
THUNDERSTORM 0 MIXED PRECIP 0
HEAVY RAIN 0 RAIN 5
LIGHT RAIN 13 FREEZING RAIN 0
LT FREEZING RAIN 1 HAIL 0
HEAVY SNOW 1 SNOW 2
LIGHT SNOW 11 SLEET 0
FOG 20 FOG W/VIS <= 1/4 MILE 7
HAZE 4
- INDICATES NEGATIVE NUMBERS.
R INDICATES RECORD WAS SET OR TIED.
MM INDICATES DATA IS MISSING.
T INDICATES TRACE AMOUNT.
$$