000
CXUS53 KGRB 010752
CLMGRB


CLIMATE REPORT
NATIONAL WEATHER SERVICE GREEN BAY
250 AM CDT FRI APR 1 2016

...................................

...THE GREEN BAY WI CLIMATE SUMMARY FOR THE MONTH OF MARCH 2016...

CLIMATE NORMAL PERIOD 1981 TO 2010
CLIMATE RECORD PERIOD 1886 TO 2016

WEATHER         OBSERVED          NORMAL  DEPART  LAST YEAR`S
                 VALUE   DATE(S)  VALUE   FROM    VALUE  DATE(S)
                                          NORMAL
................................................................
TEMPERATURE (F)
RECORD
 HIGH              82   03/21/2012
                        03/29/1910
 LOW              -24   03/03/2014
HIGHEST            66   03/08        59       7       63  03/16
                                                          03/13
LOWEST              6   03/02         0       6       -7  03/05
AVG. MAXIMUM     44.6              39.2     5.4     43.2
AVG. MINIMUM     29.1              22.4     6.7     23.6
MEAN             36.8              30.8     6.0     33.4
DAYS MAX >= 90      0               0.0     0.0        0
DAYS MAX <= 32      3               7.2    -4.2        7
DAYS MIN <= 32     17              26.3    -9.3       25
DAYS MIN <= 0       0               1.1    -1.1        2

PRECIPITATION (INCHES)
RECORD
 MAXIMUM         5.69   1888
 MINIMUM         0.15   1999
TOTALS           4.05              1.85    2.20     0.90
DAILY AVG.       0.13              0.06    0.07     0.03
DAYS >= .01        14              10.6     3.4        6
DAYS >= .10         9               4.6     4.4        3
DAYS >= .50         4               1.2     2.8        0
DAYS >= 1.00        0               0.3    -0.3        0
GREATEST
 24 HR. TOTAL    1.22   03/15 TO 03/16

SNOWFALL (INCHES)
RECORDS
 TOTAL           48.2   1888
TOTALS           11.8               8.1     3.7      4.2
SINCE 7/1        45.6              48.3    -2.7     32.7
SNOWDEPTH AVG.      1                 3      -2        1
DAYS >= 1.0         4               2.6     1.4        2
GREATEST
 SNOW DEPTH         7   03/25                          4  03/07
                                                          03/06
                                                          03/05
 24 HR TOTAL      6.0   03/24 TO 03/24

DEGREE_DAYS
HEATING TOTAL     865              1060    -195      968
 SINCE 7/1       5676              6900   -1224     7006
COOLING TOTAL       0                 0       0        0
 SINCE 1/1          0                 0       0        0
.................................................................

WIND (MPH)
AVERAGE WIND SPEED              9.3
HIGHEST WIND SPEED/DIRECTION    43/260    DATE  03/16
HIGHEST GUST SPEED/DIRECTION    55/260    DATE  03/16

SKY COVER
POSSIBLE SUNSHINE (PERCENT)   MM
AVERAGE SKY COVER           0.60
NUMBER OF DAYS FAIR            7
NUMBER OF DAYS PC             12
NUMBER OF DAYS CLOUDY         12

AVERAGE RH (PERCENT)     77

WEATHER CONDITIONS. NUMBER OF DAYS WITH
THUNDERSTORM              0     MIXED PRECIP               0
HEAVY RAIN                0     RAIN                       5
LIGHT RAIN               13     FREEZING RAIN              0
LT FREEZING RAIN          1     HAIL                       0
HEAVY SNOW                1     SNOW                       3
LIGHT SNOW                7     SLEET                      0
FOG                      18     FOG W/VIS <= 1/4 MILE      4
HAZE                      2

-  INDICATES NEGATIVE NUMBERS.
R  INDICATES RECORD WAS SET OR TIED.
MM INDICATES DATA IS MISSING.
T  INDICATES TRACE AMOUNT.

$$
