000
CXUS53 KGID 011639 AAB
CLMGRI

CLIMATE REPORT...UPDATED
NATIONAL WEATHER SERVICE HASTINGS NE
1139 AM CDT WED JUL 1 2015

UPDATED TO INCLUDE MONTHLY DETAILS/NARRATIVE AT BOTTOM

...................................

...THE GRAND ISLAND NE CLIMATE SUMMARY FOR THE MONTH OF JUNE 2015...

CLIMATE NORMAL PERIOD 1981 TO 2010
CLIMATE RECORD PERIOD 1895 TO 2015

WEATHER         OBSERVED          NORMAL  DEPART  LAST YEAR`S
                 VALUE   DATE(S)  VALUE   FROM    VALUE  DATE(S)
                                          NORMAL
................................................................
TEMPERATURE (F)
RECORD
 HIGH             108   06/15/1946
                        06/10/1933
 LOW               36   06/04/1943
                        06/07/1935
                        06/21/1902
HIGHEST            96   06/09        99      -3       96  06/18
LOWEST             54   06/23        46       8       49  06/13
                        06/16
AVG. MAXIMUM     82.6              83.2    -0.6     83.6
AVG. MINIMUM     60.4              59.4     1.0     61.8
MEAN             71.5              71.3     0.2     72.7
DAYS MAX >= 90      5               6.5    -1.5        6
DAYS MAX <= 32      0               0.0     0.0        0
DAYS MIN <= 32      0               0.0     0.0        0
DAYS MIN <= 0       0               0.0     0.0        0

PRECIPITATION (INCHES)
RECORD
 MAXIMUM        13.96   1967
 MINIMUM         0.43   1922
TOTALS           5.67              4.30    1.37     9.65
DAILY AVG.       0.19              0.14    0.05     0.32
DAYS >= .01         9              10.5    -1.5       14
DAYS >= .10         9               6.6     2.4       12
DAYS >= .50         4               2.7     1.3        5
DAYS >= 1.00        2               1.3     0.7        3
GREATEST
 24 HR. TOTAL    1.81   06/04 TO 06/04
                        06/03 TO 06/04
                        06/04 TO 06/04

SNOWFALL (INCHES)
RECORDS
 TOTAL            0.0   MM
TOTALS            0.0               0.0     0.0      0.0
SINCE 7/1        24.3              29.0    -4.7     16.4
SNOWDEPTH AVG.      0                MM      MM        0
DAYS >= 1.0         0               0.0     0.0        0
GREATEST
 SNOW DEPTH         0   MM                             0  MM

DEGREE_DAYS
HEATING TOTAL       5                24     -19       10
 SINCE 7/1       5966              6199    -233     6266
COOLING TOTAL     209               213      -4      250
 SINCE 1/1        236               278     -42      369
.................................................................

WIND (MPH)
AVERAGE WIND SPEED              9.5
HIGHEST WIND SPEED/DIRECTION    36/060    DATE  06/04
HIGHEST GUST SPEED/DIRECTION    47/320    DATE  06/10

SKY COVER
POSSIBLE SUNSHINE (PERCENT)   MM
NUMBER OF DAYS FAIR           20
NUMBER OF DAYS PC              8
NUMBER OF DAYS CLOUDY          2

AVERAGE RH (PERCENT)     70

WEATHER CONDITIONS. NUMBER OF DAYS WITH
THUNDERSTORM              8     MIXED PRECIP               0
HEAVY RAIN                5     RAIN                       6
LIGHT RAIN               12     FREEZING RAIN              0
LT FREEZING RAIN          0     HAIL                       0
HEAVY SNOW                0     SNOW                       0
LIGHT SNOW                0     SLEET                      0
FOG                      13     FOG W/VIS <= 1/4 MILE      2
HAZE                      4

-  INDICATES NEGATIVE NUMBERS.
R  INDICATES RECORD WAS SET OR TIED.
MM INDICATES DATA IS MISSING.
T  INDICATES TRACE AMOUNT.

&&

...JUNE 2015 SUMMARY FOR CENTRAL NEBRASKA REGIONAL AIRPORT...

...TEMPERATURES

NO DAILY TEMPERATURE RECORDS WERE SET DURING JUNE 2015

AVERAGE HIGH TEMPERATURE:     82.6 DEGREES (0.6 BELOW NORMAL)
AVERAGE LOW TEMPERATURE:      60.4 DEGREES (1.0 ABOVE NORMAL)
AVERAGE MEAN TEMPERATURE:     71.5 DEGREES (0.2 ABOVE NORMAL)

WARMEST HIGH TEMPERATURE:      96 DEGREES ON THE 9TH
COOLEST HIGH TEMPERATURE:      65 DEGREES ON THE 12TH

COOLEST LOW TEMPERATURE:       54 DEGREES ON THE 16TH, 23RD
WARMEST LOW TEMPERATURE:       66 DEGREES ON THE 20TH

WARMEST 2-DAY STRETCH BASED
ON AVERAGE HIGH TEMPERATURE:   95.5 DEGREES FROM THE 9TH-10TH

COOLEST 2-DAY STRETCH BASED
ON AVERAGE HIGH TEMPERATURE:   66.5 DEGREES FROM THE 11TH-12TH

WARMEST WEEK BASED
ON AVERAGE HIGH TEMPERATURE:   88.0 DEGREES FROM THE 24TH-30TH

WARMEST WEEK BASED
ON AVERAGE MEAN TEMPERATURE:   74.4 DEGREES FROM THE 24TH-30TH
                                             AND ALSO 4TH-10TH
COOLEST WEEK BASED
ON AVERAGE HIGH TEMPERATURE:   75.3 DEGREES FROM THE 11TH-17TH

COOLEST WEEK BASED
ON AVERAGE MEAN TEMPERATURE:   67.1 DEGREES FROM THE 11TH-17TH

COOLEST WEEK BASED
ON AVERAGE LOW TEMPERATURE:    58.6 DEGREES FROM THE 13TH-19TH


...PRECIPITATION

NO DAILY PRECIPITATION RECORDS WERE SET DURING JUNE 2015

TOTAL MONTHLY PRECIPITATION: 5.67 INCHES (1.37 ABOVE NORMAL)

NUMBER OF DAYS WITH MEASURABLE PRECIPITATION (0.01 OR MORE): 9

WETTEST CALENDAR DAY:  1.81 INCHES ON THE 4TH
WETTEST 2-DAY STRETCH: 2.74 INCHES FROM THE 3RD-4TH


PRECIPITATION TOTALS AND DEPARTURES
FROM NORMAL FOR THE PAST 12 MONTHS:

MONTH          PRECIP.  DEPARTURE

JUL  2014       2.19     -1.21
AUG  2014       5.87     +2.75
SEP  2014       3.03     +0.80
OCT  2014       1.28     -0.58
NOV  2014       0.29     -0.88
DEC  2014       0.76     +0.13
JAN  2015       0.47     -0.06
FEB  2015       0.70     +0.02
MAR  2015       0.16     -1.64
APR  2015       2.14     -0.39
MAY  2015       3.69     -0.72
JUN  2015       5.67     +1.37

12-MONTH TOTAL  26.25    -0.41


...OTHER WEATHER ELEMENTS

HIGHEST WIND GUST: 47 MPH FROM THE NORTHWEST ON THE 10TH
(OCCURRED AT 725 PM CDT DURING A THUNDERSTORM)

HIGH SURFACE SEA LEVEL PRESSURE: (INCHES/MERCURY) 30.21 ON THE 16TH
LOW SURFACE SEA LEVEL PRESSURE (INCHES/MERCURY):  29.61 ON THE 22ND

&&

...JUNE 2015 NARRATIVE FOR CENTRAL NEBRASKA REGIONAL AIRPORT...

AT CENTRAL NEBRASKA REGIONAL AIRPORT...RAINFALL WAS ABOVE NORMAL AND
TEMPERATURES WERE VERY NEAR-NORMAL DURING JUNE 2015.

RAINFALL: ALTHOUGH THE MONTHLY TOTAL OF 5.67 INCHES WAS 1.37" ABOVE
THE 30-YEAR NORMAL...JUNE 2015 WAS ACTUALLY CONSIDERABLY DRIER THAN
ONE YEAR AGO IN JUNE 2014 (9.65"). HOWEVER...THIS JUNE STILL RANKED
AS THE 19TH-WETTEST JUNE ON RECORD OUT OF 120 DATING TO 1896. IT WAS
TRULY A TALE OF TWO HALVES OF THE MONTH...AS THE MAJORITY OF JUNE
RAIN (4.70") FELL DURING THE FIRST HALF...BEFORE A NOTABLY DRIER
WEATHER PATTERN SETTLED IN FOR THE LATTER HALF. THE WETTEST TWO-DAY
STRETCH OF THE MONTH CAME VERY EARLY ON...AS THE 3RD-4TH COMBINED TO
FEATURE 2.74".

TEMPERATURES: FOR THE MONTH AS A WHOLE...IT WAS A VERY "NORMAL" JUNE
AS THE MEAN MONTHLY TEMPERATURE (BASED ON THE AVERAGE OF DAILY HIGHS
AND LOWS) WAS 71.5 DEGREES...ONLY 0.2 DEGREES ABOVE THE 30-YEAR
NORMAL. THE HOTTEST BRIEF STRETCH OF THE MONTH OCCURRED FROM THE 9TH-
10TH WITH HIGH TEMPERATURES OF 96 AND 95 DEGREES...WHICH WAS THEN
IMMEDIATELY FOLLOWED BY THE COOLEST TWO-DAY STRETCH OF THE MONTH
WITH HIGHS OF ONLY 68 AND 65 DEGREES ON THE 11TH-12TH. OF THE 30
DAYS DURING JUNE...16 FEATURED AN ABOVE NORMAL DAILY MEAN
TEMPERATURE (INCLUDING THE FIRST 10 DAYS IN ROW)...11 DAYS HAD A
BELOW NORMAL DAILY MEAN TEMPERATURE...AND THREE DAYS MATCHED THE
NORMAL DAILY MEAN.

SEVERE WEATHER/FLOODING/HIGH WINDS: OVERALL...THE MOST ACTIVE SEVERE
WEATHER EVENT OF THE MONTH IN THE CITY OF GRAND ISLAND WAS ON THE
EVENING OF JUNE 4TH...FEATURING A FEW REPORTS OF HAIL UP TO QUARTER
SIZE ALONG WITH SUBSTANTIAL STREET FLOODING. SEVERAL DAYS LATER ON
THE 10TH...A WEAKENING SEVERE STORM MOVING IN FROM THE SOUTHWEST
PRODUCED ESTIMATED 50-60 MPH GUSTS MAINLY IN AND NEAR THE SOUTH SIDE
OF TOWN. AT THE AIRPORT...THE EVENING OF THE 10TH ALSO FEATURED THE
HIGHEST OFFICIAL WIND GUST OF THE MONTH...47 MPH FROM THE NORTHWEST.
THERE WERE NO CONFIRMED TORNADOES WITHIN HALL COUNTY DURING JUNE
2015.

$$

PFANNKUCH
