000
CXUS54 KJAN 011723
CLMGWO


CLIMATE REPORT
NATIONAL WEATHER SERVICE JACKSON MS
1120 AM CST THU DEC 1 2016

...................................

...THE GREENWOOD CLIMATE SUMMARY FOR THE MONTH OF NOVEMBER 2016...

CLIMATE NORMAL PERIOD 1981 TO 2010
CLIMATE RECORD PERIOD 1948 TO 2016

WEATHER         OBSERVED          NORMAL  DEPART  LAST YEAR`S
                 VALUE   DATE(S)  VALUE   FROM    VALUE  DATE(S)
                                          NORMAL
................................................................
TEMPERATURE (F)
RECORD
 HIGH              88   11/10/2002
 LOW               15   11/25/1950
HIGHEST            87   11/01        MM      MM       84  11/05
LOWEST             26   11/20        MM      MM       26  11/23
AVG. MAXIMUM     71.3              66.2     5.1     70.8
AVG. MINIMUM     42.1              42.5    -0.4     49.6
MEAN             56.7              54.3     2.4     60.2
DAYS MAX >= 90      0               0.0     0.0        0
DAYS MAX <= 32      0               0.0     0.0        0
DAYS MIN <= 32      6               5.2     0.8        2
DAYS MIN <= 0       0               0.0     0.0        0

PRECIPITATION (INCHES)
RECORD
 MAXIMUM        15.43   1948
 MINIMUM         0.11   1949
TOTALS           3.61              4.52   -0.91     5.50
DAILY AVG.       0.12              0.15   -0.03     0.18
DAYS >= .01         8               8.1    -0.1       11
DAYS >= .10         7               5.6     1.4        6
DAYS >= .50         2               3.2    -1.2        5
DAYS >= 1.00        1               1.5    -0.5        2
GREATEST
 24 HR. TOTAL    1.44   11/28 TO 11/28              2.56

SNOWFALL (INCHES)
TOTALS            0.0

DEGREE_DAYS
HEATING TOTAL     264               337     -73      186
 SINCE 7/1        292               468    -176      228
COOLING TOTAL      24                17       7       52
 SINCE 1/1       2559              2159     400     2420
.................................................................

WIND (MPH)
AVERAGE WIND SPEED              4.6
HIGHEST WIND SPEED/DIRECTION    38/170    DATE  11/28
HIGHEST GUST SPEED/DIRECTION    47/160    DATE  11/28

SKY COVER
POSSIBLE SUNSHINE (PERCENT)   MM
AVERAGE SKY COVER           0.20
NUMBER OF DAYS FAIR           21
NUMBER OF DAYS PC              7
NUMBER OF DAYS CLOUDY          2

AVERAGE RH (PERCENT)     62

WEATHER CONDITIONS. NUMBER OF DAYS WITH
THUNDERSTORM              4     MIXED PRECIP               0
HEAVY RAIN                4     RAIN                       7
LIGHT RAIN                9     FREEZING RAIN              0
LT FREEZING RAIN          0     HAIL                       0
HEAVY SNOW                0     SNOW                       0
LIGHT SNOW                0     SLEET                      0
FOG                      19     FOG W/VIS <= 1/4 MILE      6
HAZE                      5

-  INDICATES NEGATIVE NUMBERS.
R  INDICATES RECORD WAS SET OR TIED.
MM INDICATES DATA IS MISSING.
T  INDICATES TRACE AMOUNT.

$$
