351
CXUX51 KGYX 022229
CLMGYX

PWMCLMGYX 000
TTAA00 KGYX 021944


CLIMATE REPORT
NATIONAL WEATHER SERVICE GRAY ME
629 PM EDT SAT JUL 2 2016

...................................

...THE GRAY ME CLIMATE SUMMARY FOR THE MONTH OF JUNE 2016...

CLIMATE NORMAL PERIOD 1981 TO 2010
CLIMATE RECORD PERIOD 1995 TO 2016

WEATHER         OBSERVED          NORMAL  DEPART  LAST YEAR`S
                 VALUE   DATE(S)  VALUE   FROM    VALUE
                                          NORMAL
.............................................................
TEMPERATURE (F)
RECORD
 HIGH              94   06/02/2013
                        06/07/1999
 LOW               42   06/05/2015
HIGHEST            86   06/27        89      -3       85
LOWEST             47   06/11        44       3       42
AVG. MAXIMUM     74.2              74.0     0.2     69.2
AVG. MINIMUM     54.0              54.1    -0.1     52.1
MEAN             64.1              64.1     0.0     60.6
DAYS MAX >= 90      0               0.5    -0.5        0
DAYS MAX <= 32      0               0.0     0.0        0
DAYS MIN <= 32      0               0.0     0.0        0
DAYS MIN <= 0       0               0.0     0.0        0

PRECIPITATION (INCHES)
RECORD
 MAXIMUM        11.07   2012
 MINIMUM         1.08   1999
TOTALS           3.76              4.30   -0.54     6.07
DAILY AVG.       0.13              0.14   -0.01     0.20
DAYS >= .01        12              13.5    -1.5       14
DAYS >= .10         4               8.2    -4.2        9
DAYS >= .50         2               2.9    -0.9        5
DAYS >= 1.00        1               1.3    -0.3        2
GREATEST
 24 HR. TOTAL    1.81   06/05 TO 06/06

SNOWFALL (INCHES)
RECORDS
 TOTAL            0.0
TOTALS            0.0               0.0     0.0      0.0
SINCE 7/1        51.8              83.8   -32.0    107.3
SNOWDEPTH AVG.      0
DAYS >= TRACE       0               0.0     0.0        0
DAYS >= 1.0         0               0.0     0.0        0
GREATEST
 SNOW DEPTH         0                                  0
 24 HR TOTAL      0.0

DEGREE_DAYS
HEATING TOTAL      70                94     -24      157
 SINCE 7/1       6452              7192    -740     7627
COOLING TOTAL      52                65     -13       35
 SINCE 1/1         74                76      -2       75
..............................................................



-  INDICATES NEGATIVE NUMBERS.
R  INDICATES RECORD WAS SET OR TIED.
MM INDICATES DATA IS MISSING.
T  INDICATES TRACE AMOUNT.

&&

JUNE STARTED OUT WITH ALTERNATING PERIODS OF WARM AND COOL WEATHER
WITH THE COOLER WEATHER EVENTUALLY WINNING OUT BY THE SECOND WEEK OF
THE MONTH. RAIN WAS OBSERVED ON 12 OUT OF 13 DAYS FROM JUNE 2 THRU
JUNE 14, THOUGH THE VAST MAJORITY OF THE RAIN WAS ON JUNE 5 WHEN
MORE THAN 1.5 INCHES WAS MEASURED. DRY WEATHER RETURNED FOR THE
MIDDLE OF THE MONTH AS CONTINENTAL AIR SPILLED OUT OF CANADA AND
INTO NEW ENGLAND. DURING THIS PERIOD, DAYTIME HIGHS TENDED TO BE
WARM WHILE NIGHTTIME LOWS WERE COOL, INDICATIVE OF THE DRY AIR MASS.
BY THE END OF THE MONTH, MORE PERSISTENT WARMTH ARRIVED ALONG WITH A
LITTLE MORE RAIN.

THE AVERAGE TEMPERATURE FOR THE MONTH WAS 64.1 DEGREES WHICH WAS
RIGHT AT THE NORMAL FOR THE MONTH. THE WARMEST JUNE WAS 67.6 DEGREES
IN 2001 AND 1999. THE COOLEST WAS 60.6 DEGREES IN 2015 AND 1998.

A TOTAL OF 3.76 INCHES OF RAIN FELL WHICH WAS 0.54 INCHES BELOW
NORMAL. THE HEAVIEST RAIN FELL ON JUNE 5 WHEN 1.79 INCHES WAS
MEASURED. THE DRIEST JUNE WAS 1999 WHEN ONLY 1.08 INCHES FELL. THE
WETTEST WAS 2012 WITH 11.07 INCHES.

$$

KIMBLE
