000
CXUS54 KJAN 011606
CLMHBG


CLIMATE REPORT
NATIONAL WEATHER SERVICE JACKSON MS
1104 AM CDT TUE JUL 1 2014

...................................

...THE HATTIESBURG CLIMATE SUMMARY FOR THE MONTH OF JUNE 2014...

CLIMATE NORMAL PERIOD 1981 TO 2010
CLIMATE RECORD PERIOD 1948 TO 2014

WEATHER         OBSERVED          NORMAL  DEPART  LAST YEAR`S
                 VALUE   DATE(S)  VALUE   FROM    VALUE  DATE(S)
                                          NORMAL
................................................................
TEMPERATURE (F)
RECORD
 HIGH             106   06/14/1963
 LOW               49   06/02/1972
                        06/03/1956
HIGHEST            95   06/20        MM      MM       94  06/28
                                                          06/12
LOWEST             65   06/12        MM      MM       65  06/15
                                                          06/06
AVG. MAXIMUM     89.9              89.9     0.0     90.6
AVG. MINIMUM     70.8              68.3     2.5     70.4
MEAN             80.4              79.1     1.3     80.5
DAYS MAX >= 90     20              16.1     3.9       22
DAYS MAX <= 32      0               0.0     0.0        0
DAYS MIN <= 32      0               0.0     0.0        0
DAYS MIN <= 0       0               0.0     0.0        0

PRECIPITATION (INCHES)
RECORD
 MAXIMUM        14.02   2003
 MINIMUM         0.53   2009
TOTALS           4.94              5.50   -0.56     5.08
DAILY AVG.       0.16              0.18   -0.02     0.17
DAYS >= .01        16                MM      MM       13
DAYS >= .10         8                MM      MM        9
DAYS >= .50         2                MM      MM        5
DAYS >= 1.00        1                MM      MM        1
GREATEST
 24 HR. TOTAL    1.83   06/10 TO 06/10              2.23

SNOWFALL (INCHES)
TOTALS            0.0
GREATEST
 24 HR TOTAL      0.0

DEGREE_DAYS
HEATING TOTAL       0                 0       0        0
 SINCE 7/1       2276              1985     291     1864
COOLING TOTAL     467               423      44      470
 SINCE 1/1        843               838       5      812
.................................................................

WIND (MPH)
AVERAGE WIND SPEED              4.0
HIGHEST WIND SPEED/DIRECTION    30/340    DATE  06/21
HIGHEST GUST SPEED/DIRECTION    39/320    DATE  06/21

SKY COVER
POSSIBLE SUNSHINE (PERCENT)   MM
AVERAGE SKY COVER           0.30
NUMBER OF DAYS FAIR           22
NUMBER OF DAYS PC              8
NUMBER OF DAYS CLOUDY          0

AVERAGE RH (PERCENT)     75

WEATHER CONDITIONS. NUMBER OF DAYS WITH
THUNDERSTORM             14     MIXED PRECIP               0
HEAVY RAIN                7     RAIN                       8
LIGHT RAIN               17     FREEZING RAIN              0
LT FREEZING RAIN          0     HAIL                       0
HEAVY SNOW                0     SNOW                       0
LIGHT SNOW                0     SLEET                      0
FOG                      24     FOG W/VIS <= 1/4 MILE      5
HAZE                      0

-  INDICATES NEGATIVE NUMBERS.
R  INDICATES RECORD WAS SET OR TIED.
MM INDICATES DATA IS MISSING.
T  INDICATES TRACE AMOUNT.

$$
