000
CXUS53 KGID 011457
CLMHSI


CLIMATE REPORT
NATIONAL WEATHER SERVICE HASTINGS NE
952 AM CDT SAT APR 1 2017

...................................

...THE HASTINGS NE CLIMATE SUMMARY FOR THE MONTH OF MARCH 2017...

CLIMATE NORMAL PERIOD 1981 TO 2010
CLIMATE RECORD PERIOD 1894 TO 2017

WEATHER         OBSERVED          NORMAL  DEPART  LAST YEAR`S
                 VALUE   DATE(S)  VALUE   FROM    VALUE  DATE(S)
                                          NORMAL
................................................................
TEMPERATURE (F)
RECORD
 HIGH              90   03/23/1910
 LOW              -13   03/11/1948
HIGHEST            82   03/19        78       4       81  03/07
LOWEST             17   03/13         8       9       18  03/27
                                                          03/20
AVG. MAXIMUM     55.4              51.2     4.2     60.0
AVG. MINIMUM     31.3              28.7     2.6     32.7
MEAN             43.4              39.9     3.5     46.3
DAYS MAX >= 90      0               0.0     0.0        0
DAYS MAX <= 32      2               2.7    -0.7        0
DAYS MIN <= 32     15              20.1    -5.1       17
DAYS MIN <= 0       0               0.3    -0.3        0

PRECIPITATION (INCHES)
RECORD
 MAXIMUM         7.76   1987
 MINIMUM            T   1936
                        1929
                        1918
TOTALS           1.08              1.79   -0.71     0.54
DAILY AVG.       0.03              0.06   -0.03     0.02
DAYS >= .01         9                MM      MM       10
DAYS >= .10         4                MM      MM        1
DAYS >= .50         0                MM      MM        0
DAYS >= 1.00        0                MM      MM        0
GREATEST
 24 HR. TOTAL    0.42   03/29 TO 03/29

SNOWFALL (INCHES)
RECORDS
 TOTAL           28.5   1906
TOTALS            1.2               5.2    -4.0      2.1
SINCE 7/1        10.3              27.6   -17.3     32.4
SNOWDEPTH AVG.      0                MM      MM        0
DAYS >= 1.0         0                MM      MM        1
GREATEST
 SNOW DEPTH         1   03/14                          2  03/24

DEGREE_DAYS
HEATING TOTAL     663               777    -114      570
 SINCE 7/1       4593              5407    -814     4480
COOLING TOTAL       0                 0       0        0
 SINCE 1/1          0                 0       0        0
.................................................................

WIND (MPH)
AVERAGE WIND SPEED              12.6
HIGHEST WIND SPEED/DIRECTION    51/290    DATE  03/06
HIGHEST GUST SPEED/DIRECTION    60/290    DATE  03/06

SKY COVER
POSSIBLE SUNSHINE (PERCENT)   MM
AVERAGE SKY COVER           0.40
NUMBER OF DAYS FAIR           16
NUMBER OF DAYS PC              4
NUMBER OF DAYS CLOUDY         11

AVERAGE RH (PERCENT)     63

WEATHER CONDITIONS. NUMBER OF DAYS WITH
THUNDERSTORM              1     MIXED PRECIP               0
HEAVY RAIN                0     RAIN                       1
LIGHT RAIN                7     FREEZING RAIN              0
LT FREEZING RAIN          0     HAIL                       0
HEAVY SNOW                0     SNOW                       0
LIGHT SNOW                4     SLEET                      0
FOG                      12     FOG W/VIS <= 1/4 MILE      0
HAZE                      7

-  INDICATES NEGATIVE NUMBERS.
R  INDICATES RECORD WAS SET OR TIED.
MM INDICATES DATA IS MISSING.
T  INDICATES TRACE AMOUNT.

$$
