259
CXUS53 KGID 011517
CLMHSI


CLIMATE REPORT
NATIONAL WEATHER SERVICE HASTINGS NE
1014 AM CDT FRI JUL 1 2016

...................................

...THE HASTINGS NE CLIMATE SUMMARY FOR THE MONTH OF JUNE 2016...

CLIMATE NORMAL PERIOD 1981 TO 2010
CLIMATE RECORD PERIOD 1894 TO 2016

WEATHER         OBSERVED          NORMAL  DEPART  LAST YEAR`S
                 VALUE   DATE(S)  VALUE   FROM    VALUE  DATE(S)
                                          NORMAL
................................................................
TEMPERATURE (F)
RECORD
 HIGH             110   06/26/1936
 LOW               34   06/04/1951
HIGHEST           102   06/17        98       4       95  06/30
                                                          06/09
LOWEST             52   06/07        48       4       55  06/16
AVG. MAXIMUM     89.1              82.8     6.3     82.3
AVG. MINIMUM     64.0              60.8     3.2     61.7
MEAN             76.5              71.8     4.7     72.0
DAYS MAX >= 90     14               6.1     7.9        4
DAYS MAX <= 32      0               0.0     0.0        0
DAYS MIN <= 32      0               0.0     0.0        0
DAYS MIN <= 0       0               0.0     0.0        0

PRECIPITATION (INCHES)
RECORD
 MAXIMUM        11.71   1915
 MINIMUM         0.38   1911
TOTALS           0.75              3.80   -3.05     8.05
DAILY AVG.       0.03              0.13   -0.10     0.27
DAYS >= .01         5                MM      MM       10
DAYS >= .10         3                MM      MM        9
DAYS >= .50         0                MM      MM        3
DAYS >= 1.00        0                MM      MM        2
GREATEST
 24 HR. TOTAL    0.31   06/29 TO 06/29
                        06/28 TO 06/29
                        06/29 TO 06/29

SNOWFALL (INCHES)
RECORDS
 TOTAL            0.0   MM
TOTALS            0.0               0.0     0.0      0.0
SINCE 7/1        32.4              28.8     3.6     17.0
SNOWDEPTH AVG.      0                MM      MM        0
DAYS >= 1.0         0                MM      MM        0
GREATEST
 SNOW DEPTH         0   MM                             0  MM

DEGREE_DAYS
HEATING TOTAL       0                21     -21        3
 SINCE 7/1       5016              6029   -1013     5801
COOLING TOTAL     351               225     126      220
 SINCE 1/1        380               284      96      251
.................................................................

WIND (MPH)
AVERAGE WIND SPEED              9.3
HIGHEST WIND SPEED/DIRECTION    40/270    DATE  06/17
HIGHEST GUST SPEED/DIRECTION    52/270    DATE  06/17

SKY COVER
POSSIBLE SUNSHINE (PERCENT)   MM
AVERAGE SKY COVER           0.10
NUMBER OF DAYS FAIR           30
NUMBER OF DAYS PC              0
NUMBER OF DAYS CLOUDY          0

AVERAGE RH (PERCENT)     59

WEATHER CONDITIONS. NUMBER OF DAYS WITH
THUNDERSTORM              6     MIXED PRECIP               0
HEAVY RAIN                2     RAIN                       1
LIGHT RAIN                5     FREEZING RAIN              0
LT FREEZING RAIN          0     HAIL                       0
HEAVY SNOW                0     SNOW                       0
LIGHT SNOW                0     SLEET                      0
FOG                       5     FOG W/VIS <= 1/4 MILE      0
HAZE                      6

-  INDICATES NEGATIVE NUMBERS.
R  INDICATES RECORD WAS SET OR TIED.
MM INDICATES DATA IS MISSING.
T  INDICATES TRACE AMOUNT.

$$
