031
CXUS53 KGID 011520
CLMHSI


CLIMATE REPORT
NATIONAL WEATHER SERVICE HASTINGS NE
917 AM CST MON JAN 1 2018

...................................

...THE HASTINGS NE CLIMATE SUMMARY FOR THE MONTH OF DECEMBER 2017...

CLIMATE NORMAL PERIOD 1981 TO 2010
CLIMATE RECORD PERIOD 1894 TO 2017

WEATHER         OBSERVED          NORMAL  DEPART  LAST YEAR`S
                 VALUE   DATE(S)  VALUE   FROM    VALUE  DATE(S)
                                          NORMAL
................................................................
TEMPERATURE (F)
RECORD
 HIGH              80   12/23/1964
 LOW              -23   12/23/1989
                        12/22/1989
HIGHEST            65   12/10        63       2       57  12/25
LOWEST            -15   12/27        -9      -6      -13  12/18
AVG. MAXIMUM     37.9              37.0     0.9     37.7
AVG. MINIMUM     15.9              18.2    -2.3     15.6
MEAN             26.9              27.6    -0.7     26.6
DAYS MAX >= 90      0               0.0     0.0        0
DAYS MAX <= 32     11              10.3     0.7       10
DAYS MIN <= 32     30              29.4     0.6       31
DAYS MIN <= 0       5               1.6     3.4        2

PRECIPITATION (INCHES)
RECORD
 MAXIMUM         4.93   1913
 MINIMUM         0.00   1976
                        1929
                        1922
TOTALS           0.28              0.61   -0.33     0.61
DAILY AVG.       0.01              0.02   -0.01     0.02
DAYS >= .01         6                MM      MM        4
DAYS >= .10         1                MM      MM        2
DAYS >= .50         0                MM      MM        0
DAYS >= 1.00        0                MM      MM        0
GREATEST
 24 HR. TOTAL    0.12   12/23 TO 12/23

SNOWFALL (INCHES)
RECORDS
 TOTAL           31.0   1973
TOTALS            5.8               6.1    -0.3      1.0
SINCE 7/1         6.0               9.9    -3.9      1.1
SNOWDEPTH AVG.      1                MM      MM        0
DAYS >= 1.0         2                MM      MM        0
GREATEST
 SNOW DEPTH         4   12/27                          0  MM
                        12/26
                        12/24

DEGREE_DAYS
HEATING TOTAL    1175              1159      16     1182
 SINCE 7/1       2318              2440    -122     2049
COOLING TOTAL       0                 0       0        0
 SINCE 1/1       1129              1077      52     1195
.................................................................

WIND (MPH)
AVERAGE WIND SPEED              11.2
HIGHEST WIND SPEED/DIRECTION    41/320    DATE  12/04
HIGHEST GUST SPEED/DIRECTION    60/300    DATE  12/04

SKY COVER
POSSIBLE SUNSHINE (PERCENT)   MM
AVERAGE SKY COVER           0.30
NUMBER OF DAYS FAIR           20
NUMBER OF DAYS PC              7
NUMBER OF DAYS CLOUDY          4

AVERAGE RH (PERCENT)     65

WEATHER CONDITIONS. NUMBER OF DAYS WITH
THUNDERSTORM              0     MIXED PRECIP               0
HEAVY RAIN                0     RAIN                       0
LIGHT RAIN                2     FREEZING RAIN              0
LT FREEZING RAIN          1     HAIL                       0
HEAVY SNOW                0     SNOW                       0
LIGHT SNOW                9     SLEET                      0
FOG                       3     FOG W/VIS <= 1/4 MILE      0
HAZE                      0

-  INDICATES NEGATIVE NUMBERS.
R  INDICATES RECORD WAS SET OR TIED.
MM INDICATES DATA IS MISSING.
T  INDICATES TRACE AMOUNT.

$$

KELLEY
