000
CXUS51 KRLX 011803
CLMHTS


CLIMATE REPORT
NATIONAL WEATHER SERVICE CHARLESTON WV
100 PM EST SUN MAR 1 2015

...................................

...THE HUNTINGTON CLIMATE SUMMARY FOR THE MONTH OF FEBRUARY 2015...

CLIMATE NORMAL PERIOD 1981 TO 2010
CLIMATE RECORD PERIOD 1897 TO 2015

WEATHER         OBSERVED          NORMAL  DEPART  LAST YEAR`S
                 VALUE   DATE(S)  VALUE   FROM    VALUE  DATE(S)
                                          NORMAL
................................................................
TEMPERATURE (F)
RECORD
 HIGH              80   02/25/1930
 LOW              -24   02/09/1899
HIGHEST            62   02/08        MM      MM       73  02/20
LOWEST            -16   02/20        MM      MM        9  02/11
AVG. MAXIMUM     35.0              46.5   -11.5     43.3
AVG. MINIMUM     15.3              28.0   -12.7     25.5
MEAN             25.2              37.2   -12.0     34.4
DAYS MAX >= 90      0               0.0     0.0        0
DAYS MAX <= 32      9               3.6     5.4        6
DAYS MIN <= 32     27              19.0     8.0       21
DAYS MIN <= 0       2               0.1     1.9        0

PRECIPITATION (INCHES)
RECORD
 MAXIMUM         8.67   1989
 MINIMUM         0.43   1941
TOTALS           3.27              3.07    0.20     5.06
DAILY AVG.       0.12              0.11    0.01     0.18
DAYS >= .01        11              11.9    -0.9       17
DAYS >= .10         4               6.5    -2.5        9
DAYS >= .50         2               1.7     0.3        5
DAYS >= 1.00        1               0.5     0.5        1
GREATEST
 24 HR. TOTAL    1.29   02/21 TO 02/21              1.61

SNOWFALL (INCHES)
RECORDS
 TOTAL           23.9   1986
TOTALS           21.1               7.4    13.7      8.5
SINCE 7/1        23.8              18.9     4.9     28.2
DAYS >= 1.0         3               2.2     0.8        3
GREATEST
 SNOW DEPTH         9R  02/17                          2  02/15
                                                          02/13
                                                          02/04
 24 HR TOTAL     10.9R  MM                       02/03 TO 02/03
                                                          02/03 TO 02/03
                                                          02/03 TO 02/03

DEGREE_DAYS
HEATING TOTAL    1108               777     331      850
 SINCE 7/1       4016              3501     515     3761
COOLING TOTAL       0                 0       0        0
 SINCE 1/1          0                 0       0        0
....................................................

WIND (MPH)
AVERAGE WIND SPEED              6.8
HIGHEST WIND SPEED/DIRECTION    26/320    DATE  02/14
HIGHEST GUST SPEED/DIRECTION    42/340    DATE  02/14

SKY COVER
POSSIBLE SUNSHINE (PERCENT)   MM
AVERAGE SKY COVER           0.60
NUMBER OF DAYS FAIR            8
NUMBER OF DAYS PC              9
NUMBER OF DAYS CLOUDY         11

AVERAGE RH (PERCENT)     64

WEATHER CONDITIONS. NUMBER OF DAYS WITH
THUNDERSTORM              0     MIXED PRECIP               0
HEAVY RAIN                0     RAIN                       3
LIGHT RAIN                8     FREEZING RAIN              1
LT FREEZING RAIN          1     HAIL                       0
HEAVY SNOW                3     SNOW                       6
LIGHT SNOW               12     SLEET                      0
FOG                      16     FOG W/VIS <= 1/4 MILE      4
HAZE                      6

-  INDICATES NEGATIVE NUMBERS.
R  INDICATES RECORD WAS SET OR TIED.
MM INDICATES DATA IS MISSING.
T  INDICATES TRACE AMOUNT.

$$
