000
CXUS51 KRLX 041135
CLMHTS


CLIMATE REPORT
NATIONAL WEATHER SERVICE CHARLESTON WV
734 AM EDT MON SEP 4 2017

...................................

...THE HUNTINGTON WV CLIMATE SUMMARY FOR THE MONTH OF AUGUST 2017...

CLIMATE NORMAL PERIOD 1981 TO 2010
CLIMATE RECORD PERIOD 1897 TO 2017

WEATHER         OBSERVED          NORMAL  DEPART  LAST YEAR`S
                 VALUE   DATE(S)  VALUE   FROM    VALUE  DATE(S)
                                          NORMAL
................................................................
TEMPERATURE (F)
RECORD
 HIGH             107   08/04/1930
 LOW               43   08/29/1986
                        08/30/1946
HIGHEST            90   08/22                MM       95  08/27
                        08/21
                        08/20
LOWEST             54   08/24                MM       56  08/23
                        08/09
AVG. MAXIMUM     83.0              85.5    -2.5     88.7
AVG. MINIMUM     62.4              64.2    -1.8     69.1
MEAN             72.7              74.8    -2.1     78.9
DAYS MAX >= 90      3               7.6    -4.6       16
DAYS MAX <= 32      0               0.0     0.0        0
DAYS MIN <= 32      0               0.0     0.0        0
DAYS MIN <= 0       0               0.0     0.0        0

PRECIPITATION (INCHES)
RECORD
 MAXIMUM         8.32   1905
 MINIMUM         0.68   1962
TOTALS           3.77              3.74    0.03     3.27
DAILY AVG.       0.12              0.12    0.00     0.11
DAYS >= .01        10               9.5     0.5       11
DAYS >= .10         5               6.3    -1.3        8
DAYS >= .50         3               2.4     0.6        3
DAYS >= 1.00        1               1.1    -0.1        0
GREATEST
 24 HR. TOTAL    1.82   08/28 TO 08/28              1.02

SNOWFALL (INCHES)
RECORDS
 TOTAL             MM   MM
TOTALS            0.0               0.0     0.0      0.0
SINCE 7/1         0.0               0.0     0.0      0.0
DAYS >= 1.0         0               0.0     0.0        0
GREATEST
 SNOW DEPTH         0   MM                             0  MM
 24 HR TOTAL      0.0   08/31 TO 08/31           08/31 TO 08/31
                                                          08/31 TO 08/31
                                                          08/31 TO 08/31

DEGREE_DAYS
HEATING TOTAL       0                 2      -2        0
 SINCE 7/1          0                 2      -2        0
COOLING TOTAL     248               307     -59      438
 SINCE 1/1       1002               977      25     1250
..................................................

WIND (MPH)
AVERAGE WIND SPEED              3.4
HIGHEST WIND SPEED/DIRECTION    17/210    DATE  08/22
HIGHEST GUST SPEED/DIRECTION    26/210    DATE  08/22

SKY COVER
AVERAGE SKY COVER           0.30

AVERAGE RH (PERCENT)     74

WEATHER CONDITIONS. NUMBER OF DAYS WITH
THUNDERSTORM              0     MIXED PRECIP               0
HEAVY RAIN                4     RAIN                       5
LIGHT RAIN               11     FREEZING RAIN              0
LT FREEZING RAIN          0     HAIL                       0
HEAVY SNOW                0     SNOW                       0
LIGHT SNOW                0     SLEET                      0
FOG                      26     FOG W/VIS <= 1/4 MILE     11
HAZE                      4

-  INDICATES NEGATIVE NUMBERS.
R  INDICATES RECORD WAS SET OR TIED.
MM INDICATES DATA IS MISSING.
T  INDICATES TRACE AMOUNT.

$$
