000
CXUS51 KRLX 011837
CLMHTS


CLIMATE REPORT
NATIONAL WEATHER SERVICE CHARLESTON WV
237 PM EDT TUE NOV 1 2016

...................................

...THE HUNTINGTON CLIMATE SUMMARY FOR THE MONTH OF OCTOBER 2016...

CLIMATE NORMAL PERIOD 1981 TO 2010
CLIMATE RECORD PERIOD 1897 TO 2016

WEATHER         OBSERVED          NORMAL  DEPART  LAST YEAR`S
                 VALUE   DATE(S)  VALUE   FROM    VALUE  DATE(S)
                                          NORMAL
................................................................
TEMPERATURE (F)
RECORD
 HIGH              93   10/08/2007
                        10/04/1951
                        10/07/1941
 LOW               16   10/27/1962
HIGHEST            88   10/19        MM      MM       80  10/08
LOWEST             36   10/25        MM      MM       28  10/18
AVG. MAXIMUM     74.1              68.1     6.0     66.8
AVG. MINIMUM     50.3              45.1     5.2     45.3
MEAN             62.2              56.6     5.6     56.0
DAYS MAX >= 90      0               0.1    -0.1        0
DAYS MAX <= 32      0               0.0     0.0        0
DAYS MIN <= 32      0               2.4    -2.4        2
DAYS MIN <= 0       0               0.0     0.0        0

PRECIPITATION (INCHES)
RECORD
 MAXIMUM         6.38   2006
 MINIMUM            T   1963
TOTALS           2.27              2.81   -0.54     2.36
DAILY AVG.       0.07              0.09   -0.02     0.08
DAYS >= .01         4               9.3    -5.3       11
DAYS >= .10         2               5.5    -3.5        6
DAYS >= .50         2               2.0     0.0        2
DAYS >= 1.00        1               0.7     0.3        0
GREATEST
 24 HR. TOTAL    2.15   10/20 TO 10/21              0.78

SNOWFALL (INCHES)
RECORDS
 TOTAL            1.9   2012
TOTALS            0.0               0.1    -0.1      0.0
SINCE 7/1         0.0               0.1    -0.1      0.0
DAYS >= 1.0         0               0.0     0.0        0
GREATEST
 SNOW DEPTH         0   MM                             0  MM
 24 HR TOTAL      0.0   10/31 TO 10/31           10/31 TO 10/31
                                                          10/31 TO 10/31
                                                          10/31 TO 10/31

DEGREE_DAYS
HEATING TOTAL     136               281    -145      273
 SINCE 7/1        146               339    -193      298
COOLING TOTAL      57                21      36        4
 SINCE 1/1       1582              1132     450     1133
..................................................

WIND (MPH)
AVERAGE WIND SPEED              5.0
HIGHEST WIND SPEED/DIRECTION    24/330    DATE  10/30
HIGHEST GUST SPEED/DIRECTION    35/330    DATE  10/30

SKY COVER
POSSIBLE SUNSHINE (PERCENT)   MM
AVERAGE SKY COVER           0.30
NUMBER OF DAYS FAIR           18
NUMBER OF DAYS PC              9
NUMBER OF DAYS CLOUDY          4

AVERAGE RH (PERCENT)     67

WEATHER CONDITIONS. NUMBER OF DAYS WITH
THUNDERSTORM              0     MIXED PRECIP               0
HEAVY RAIN                2     RAIN                       2
LIGHT RAIN                7     FREEZING RAIN              0
LT FREEZING RAIN          0     HAIL                       0
HEAVY SNOW                0     SNOW                       0
LIGHT SNOW                0     SLEET                      0
FOG                      14     FOG W/VIS <= 1/4 MILE      3
HAZE                      1

-  INDICATES NEGATIVE NUMBERS.
R  INDICATES RECORD WAS SET OR TIED.
MM INDICATES DATA IS MISSING.
T  INDICATES TRACE AMOUNT.

$$
