853
CXUS53 KIND 011610
CLMHUF


CLIMATE REPORT
NATIONAL WEATHER SERVICE INDIANAPOLIS IN
1110 AM EST WED MAR 1 2017

...................................

...THE TERRE HAUTE IN CLIMATE SUMMARY FOR THE MONTH OF FEBRUARY 2017...

CLIMATE NORMAL PERIOD 1981 TO 2010
CLIMATE RECORD PERIOD 9999 TO 9999

WEATHER         OBSERVED          NORMAL  DEPART  LAST YEAR`S
                 VALUE   DATE(S)  VALUE   FROM    VALUE  DATE(S)
                                          NORMAL
................................................................
TEMPERATURE (F)
HIGHEST            72   02/23                         71  02/20
LOWEST             12   02/04                          7  02/13
                                                          02/11
AVG. MAXIMUM     53.7              41.1    12.6     43.7
AVG. MINIMUM     31.8              23.7     8.1     26.1
MEAN             42.7              32.4    10.3     34.9
DAYS MAX >= 90      0               0.0     0.0        0
DAYS MAX <= 32      2               5.4    -3.4        6
DAYS MIN <= 32     14              23.1    -9.1       21
DAYS MIN <= 0       0               0.7    -0.7        0

PRECIPITATION (INCHES)
TOTALS           0.86              1.93   -1.07     1.77
DAILY AVG.       0.03              0.07   -0.04     0.06
DAYS >= .01         5                MM      MM        5
DAYS >= .10         3                MM      MM        2
DAYS >= .50         0                MM      MM        1
DAYS >= 1.00        0                MM      MM        1
GREATEST
 24 HR. TOTAL    0.45   02/27 TO 02/28

DEGREE_DAYS
HEATING TOTAL     619               913    -294      868
 SINCE 7/1       3335              4163    -828     3462
COOLING TOTAL       0                 0       0        0
 SINCE 1/1          0                 0       0        0
.................................................................

WIND (MPH)
AVERAGE WIND SPEED              9.1
HIGHEST WIND SPEED/DIRECTION    30/310    DATE  02/12
HIGHEST GUST SPEED/DIRECTION    40/290    DATE  02/12

SKY COVER
POSSIBLE SUNSHINE (PERCENT)   MM
AVERAGE SKY COVER           0.40
NUMBER OF DAYS FAIR           14
NUMBER OF DAYS PC             10
NUMBER OF DAYS CLOUDY          4

AVERAGE RH (PERCENT)     66

WEATHER CONDITIONS. NUMBER OF DAYS WITH
THUNDERSTORM              3     MIXED PRECIP               0
HEAVY RAIN                2     RAIN                       2
LIGHT RAIN               10     FREEZING RAIN              0
LT FREEZING RAIN          0     HAIL                       0
HEAVY SNOW                0     SNOW                       1
LIGHT SNOW                2     SLEET                      0
FOG                      12     FOG W/VIS <= 1/4 MILE      5
HAZE                      4

-  INDICATES NEGATIVE NUMBERS.
R  INDICATES RECORD WAS SET OR TIED.
MM INDICATES DATA IS MISSING.
T  INDICATES TRACE AMOUNT.

$$
