585
CXUS53 KIND 011515
CLMHUF


CLIMATE REPORT
NATIONAL WEATHER SERVICE INDIANAPOLIS IN
1115 AM EDT FRI JUL 1 2016

...................................

...THE TERRE HAUTE IN CLIMATE SUMMARY FOR THE MONTH OF JUNE 2016...

CLIMATE NORMAL PERIOD 1981 TO 2010
CLIMATE RECORD PERIOD 9999 TO 9999

WEATHER         OBSERVED          NORMAL  DEPART  LAST YEAR`S
                 VALUE   DATE(S)  VALUE   FROM    VALUE  DATE(S)
                                          NORMAL
................................................................
TEMPERATURE (F)
HIGHEST            94   06/12                         90  06/11
                        06/11                             06/07
LOWEST             50   06/08                         49  06/03
                                                          06/02
AVG. MAXIMUM     85.9              83.1     2.8     81.6
AVG. MINIMUM     64.6              61.7     2.9     64.2
MEAN             75.2              72.4     2.8     72.9
DAYS MAX >= 90     11               3.8     7.2        2
DAYS MAX <= 32      0               0.0     0.0        0
DAYS MIN <= 32      0               0.0     0.0        0
DAYS MIN <= 0       0               0.0     0.0        0

PRECIPITATION (INCHES)
TOTALS           4.49              4.44    0.05     7.64
DAILY AVG.       0.16              0.15    0.01     0.27
DAYS >= .01         4                MM      MM       15
DAYS >= .10         3                MM      MM       11
DAYS >= .50         3                MM      MM        6
DAYS >= 1.00        2                MM      MM        3
GREATEST
 24 HR. TOTAL    2.09   06/21 TO 06/22

DEGREE_DAYS
HEATING TOTAL       1                13     -12       13
 SINCE 7/1       4418              5368    -950     5850
COOLING TOTAL     318               235      83      256
 SINCE 1/1        406               321      85      400
.................................................................

WIND (MPH)
AVERAGE WIND SPEED              6.3
HIGHEST WIND SPEED/DIRECTION    25/140    DATE  06/15
HIGHEST GUST SPEED/DIRECTION    32/340    DATE  06/26

SKY COVER
POSSIBLE SUNSHINE (PERCENT)   MM
AVERAGE SKY COVER           0.20
NUMBER OF DAYS FAIR           25
NUMBER OF DAYS PC              5
NUMBER OF DAYS CLOUDY          0

AVERAGE RH (PERCENT)     64

WEATHER CONDITIONS. NUMBER OF DAYS WITH
THUNDERSTORM              6     MIXED PRECIP               0
HEAVY RAIN                4     RAIN                       4
LIGHT RAIN                9     FREEZING RAIN              0
LT FREEZING RAIN          0     HAIL                       0
HEAVY SNOW                0     SNOW                       0
LIGHT SNOW                0     SLEET                      0
FOG                       8     FOG W/VIS <= 1/4 MILE      1
HAZE                      4

-  INDICATES NEGATIVE NUMBERS.
R  INDICATES RECORD WAS SET OR TIED.
MM INDICATES DATA IS MISSING.
T  INDICATES TRACE AMOUNT.

$$
