367
CXUS51 KPHI 011302
CLMILG


CLIMATE REPORT
NATIONAL WEATHER SERVICE MOUNT HOLLY NJ
801 AM EST WED FEB 1 2017

...................................

...THE WILMINGTON CLIMATE SUMMARY FOR THE MONTH OF JANUARY 2017...

CLIMATE NORMAL PERIOD 1981 TO 2010
CLIMATE RECORD PERIOD 1894 TO 2017

WEATHER         OBSERVED          NORMAL  DEPART  LAST YEAR`S
                 VALUE   DATE(S)  VALUE   FROM    VALUE  DATE(S)
                                          NORMAL
................................................................
TEMPERATURE (F)
RECORD
 HIGH              75   01/26/1950
 LOW              -14   01/21/1985
                        01/22/1984
HIGHEST            68                60       8       66
LOWEST             10                 8       2       12
AVG. MAXIMUM     44.5              40.2     4.3     41.3
AVG. MINIMUM     30.6              24.6     6.0     23.0
MEAN             37.6              32.4     5.2     32.2
DAYS MAX >= 90      0               0.0     0.0        0
DAYS MAX <= 32      3               6.4    -3.4        6
DAYS MIN <= 32     16              23.8    -7.8       27
DAYS MIN <= 0       0               0.4    -0.4        0

PRECIPITATION (INCHES)
RECORD
 MAXIMUM         8.41   1978
 MINIMUM         0.52   1981
TOTALS           2.67              3.01   -0.34     2.30
DAILY AVG.       0.09              0.10   -0.01     0.07
DAYS >= .01        17              10.5     6.5        6
DAYS >= .10         8               5.5     2.5        5
DAYS >= .50         0               2.1    -2.1        2
DAYS >= 1.00        0               0.8    -0.8        0
GREATEST
 24 HR. TOTAL    0.52   01/22 TO 01/23              0.95

SNOWFALL (INCHES)
RECORDS
 TOTAL             MM   5
 24 HR TOTAL       MM
TOTALS            4.5               5.9    -1.4     16.9
SINCE 7/1         4.5               9.7    -5.2     16.9
SNOWDEPTH AVG.      0                 2      -2        2
DAYS >= 1.0         1               1.8    -0.8        2
GREATEST
 SNOW DEPTH         3   01/08                         12  01/25
                                                          01/24
 24 HR TOTAL      3.0   01/07 TO 01/07              13.1

DEGREE_DAYS
HEATING TOTAL     841              1010    -169     1009
 SINCE 7/1       2396              2787    -391     2190
COOLING TOTAL       0                 0       0        0
 SINCE 1/1          0                 0       0        0
.................................................................

WIND (MPH)
AVERAGE WIND SPEED              9.2
HIGHEST WIND SPEED/DIRECTION    39/060    DATE  01/23
HIGHEST GUST SPEED/DIRECTION    53/050    DATE  01/23

SKY COVER
POSSIBLE SUNSHINE (PERCENT)   MM
AVERAGE SKY COVER           0.60
NUMBER OF DAYS FAIR            6
NUMBER OF DAYS PC             16
NUMBER OF DAYS CLOUDY          9

AVERAGE RH (PERCENT)     72

WEATHER CONDITIONS. NUMBER OF DAYS WITH
THUNDERSTORM              0     MIXED PRECIP               1
HEAVY RAIN                3     RAIN                       7
LIGHT RAIN               14     FREEZING RAIN              0
LT FREEZING RAIN          0     HEAVY SNOW                 0
SNOW                      2     LIGHT SNOW                 6
SLEET                     1     FOG                       19
FOG W/VIS <= 1/4 MILE     2     HAZE                       4

-  INDICATES NEGATIVE NUMBERS.
R  INDICATES RECORD WAS SET OR TIED.
MM INDICATES DATA IS MISSING.
T  INDICATES TRACE AMOUNT.

$$
