000
CXUS53 KDVN 011552
CLMIOW


CLIMATE REPORT
NATIONAL WEATHER SERVICE QUAD CITIES IA IL
938 AM CST WED FEB 1 2017

...................................

...THE IOWA CITY IA CLIMATE SUMMARY FOR THE MONTH OF JANUARY 2017...

CLIMATE NORMAL PERIOD 1981 TO 2010
CLIMATE RECORD PERIOD 9999 TO 9999

WEATHER         OBSERVED          NORMAL  DEPART
                 VALUE   DATE(S)  VALUE   FROM
                                          NORMAL
................................................
TEMPERATURE (F)
HIGHEST            48   01/30        31      17
                        01/10
LOWEST                  01/06        14     -15
AVG. MAXIMUM     34.2              30.0     4.2
AVG. MINIMUM     21.1              14.3     6.8
MEAN             27.6              22.1     5.5
DAYS MAX >= 90      0
DAYS MAX <= 32      9
DAYS MIN <= 32     24
DAYS MIN <= 0       2

PRECIPITATION (INCHES)
TOTALS           1.47              0.92    0.55
DAILY AVG.       0.05              0.03    0.02
DAYS >= .01         7
DAYS >= .10         3
DAYS >= .50         1
DAYS >= 1.00        0
GREATEST
 24 HR. TOTAL    0.82   01/16 TO 01/16
DEGREE_DAYS
HEATING TOTAL    1116              1328    -212
 SINCE 7/1       3136              3867    -731
COOLING TOTAL       0                 0       0
 SINCE 1/1          0                 0       0
.................................................

WIND (MPH)
AVERAGE WIND SPEED              9.1
HIGHEST WIND SPEED/DIRECTION    36/270    DATE  01/10
HIGHEST GUST SPEED/DIRECTION    45/240    DATE  01/10

SKY COVER
POSSIBLE SUNSHINE (PERCENT)   MM
AVERAGE SKY COVER           0.70
NUMBER OF DAYS FAIR            5
NUMBER OF DAYS PC             12
NUMBER OF DAYS CLOUDY         14

AVERAGE RH (PERCENT)     76

WEATHER CONDITIONS. NUMBER OF DAYS WITH
THUNDERSTORM              0     HAIL                       0
SLEET                     0     FOG                       14
FOG W/VIS <= 1/4 MILE     5     HAZE                       3

-  INDICATES NEGATIVE NUMBERS.
R  INDICATES RECORD WAS SET OR TIED.
MM INDICATES DATA IS MISSING.
T  INDICATES TRACE AMOUNT.

$$
