000
CXUS51 KCTP 012117 RRA
CLMIPT

CLIMATE REPORT
NATIONAL WEATHER SERVICE STATE COLLEGE PA
515 PM EDT SAT AUG 1 2015

...................................

...THE WILLIAMSPORT PA CLIMATE SUMMARY FOR THE MONTH OF JULY 2015...

...CORRECTION FOR THUNDERSTORM DAYS...

CLIMATE NORMAL PERIOD 1981 TO 2010
CLIMATE RECORD PERIOD 1895 TO 2015

WEATHER         OBSERVED          NORMAL  DEPART  LAST YEAR`S
                 VALUE   DATE(S)  VALUE   FROM    VALUE  DATE(S)
                                          NORMAL
................................................................
TEMPERATURE (F)
RECORD
 HIGH             106   07/09/1936
 LOW               43   07/20/1965
                        07/09/1963
                        07/12/1945
HIGHEST            92   07/19                         91  07/23
                                                          07/01
LOWEST             52   07/16                         50  07/25
AVG. MAXIMUM     83.9              83.6     0.3     83.0
AVG. MINIMUM     61.9              61.9     0.0     61.9
MEAN             72.9              72.7     0.2     72.4
DAYS MAX >= 90      6               4.8     1.2        4
DAYS MAX <= 32      0               0.0     0.0        0
DAYS MIN <= 32      0               0.0     0.0        0
DAYS MIN <= 0       0               0.0     0.0        0

PRECIPITATION (INCHES)
RECORD
 MAXIMUM         9.65   1992
 MINIMUM         0.75   1909
TOTALS           3.93              4.34   -0.41     4.02
DAILY AVG.       0.13              0.14   -0.01     0.13
DAYS >= .01         9              11.4    -2.4       14
DAYS >= .10         6               7.6    -1.6        8
DAYS >= .50         3               3.1    -0.1        3
DAYS >= 1.00        2               1.0     1.0        1
GREATEST
 24 HR. TOTAL    1.09   07/04 TO 07/04

SNOWFALL (INCHES)
RECORDS
 TOTAL            0.0   MM
TOTALS            0.0               0.0     0.0      0.0
SINCE 7/1         0.0               0.0     0.0      0.0
SNOWDEPTH AVG.      0                MM      MM        0
DAYS >= 1.0         0               0.0     0.0        0
GREATEST
 SNOW DEPTH         0   MM                             0  MM
 24 HR TOTAL      0.0

DEGREE_DAYS
HEATING TOTAL       2                 4      -2        0
 SINCE 7/1          2                 4      -2        0
COOLING TOTAL     256               244      12      238
 SINCE 1/1        556               433     123      459
..................................................

WIND (MPH)
AVERAGE WIND SPEED              4.4
HIGHEST WIND SPEED/DIRECTION    29/210    DATE  07/19
HIGHEST GUST SPEED/DIRECTION    38/200    DATE  07/19

SKY COVER
POSSIBLE SUNSHINE (PERCENT)   MM
AVERAGE SKY COVER           0.40
NUMBER OF DAYS FAIR           17
NUMBER OF DAYS PC             10
NUMBER OF DAYS CLOUDY          4

AVERAGE RH (PERCENT)     69

WEATHER CONDITIONS. NUMBER OF DAYS WITH
THUNDERSTORM              6     MIXED PRECIP               0
HEAVY RAIN                6     RAIN                       8
LIGHT RAIN               13     FREEZING RAIN              0
LT FREEZING RAIN          0     HAIL                       0
HEAVY SNOW                0     SNOW                       0
LIGHT SNOW                0     SLEET                      0
FOG                      13     FOG W/VIS <= 1/4 MILE      2
HAZE                      5

-  INDICATES NEGATIVE NUMBERS.
R  INDICATES RECORD WAS SET OR TIED.
MM INDICATES DATA IS MISSING.
T  INDICATES TRACE AMOUNT.

$$

LA CORTE
