000
CXCA52 TJSJ 010440
CLMIST


CLIMATE REPORT
NATIONAL WEATHER SERVICE SAN JUAN, PR
1239 AM AST SAT JUL 1 2017

...................................

...THE CYRIL E. KING AP/ST THOMAS  CLIMATE SUMMARY FOR THE MONTH OF JUNE 2017...

CLIMATE NORMAL PERIOD 1981 TO 2010
CLIMATE RECORD PERIOD 1953 TO 2017

WEATHER         OBSERVED          NORMAL  DEPART  LAST YEAR`S
                 VALUE   DATE(S)  VALUE   FROM    VALUE  DATE(S)
                                          NORMAL
................................................................
TEMPERATURE (F)
RECORD
 HIGH              99   06/23/1996
 LOW               67   06/21/1972
                        06/20/1972
HIGHEST            91   06/18        90       1       93  06/21
                        06/16
                        06/12
LOWEST             76   06/29        78      -2       74  06/08
AVG. MAXIMUM     90.0              89.3     0.7     89.6
AVG. MINIMUM     79.8              77.7     2.1     80.7
MEAN             85.0              83.5     1.5     85.2
DAYS MAX >= 90     15               9.5     5.5       14
DAYS MAX <= 32      0               0.0     0.0        0
DAYS MIN <= 32      0               0.0     0.0        0
DAYS MIN <= 0       0               0.0     0.0        0

PRECIPITATION (INCHES)
RECORD
 MAXIMUM         9.51   2010
 MINIMUM         0.07   2007
TOTALS           1.33              2.53   -1.20     2.32
DAILY AVG.       0.04              0.08   -0.04     0.08
DAYS >= .01        15              11.4     3.6        7
DAYS >= .10         7               4.8     2.2        3
DAYS >= .50         0               1.5    -1.5        1
DAYS >= 1.00        0               0.5    -0.5        1
GREATEST
 24 HR. TOTAL    0.22   06/10 TO 06/10

SNOWFALL (INCHES)
TOTALS            0.0               0.0     0.0      0.0

DEGREE_DAYS
HEATING TOTAL       0                 0       0        0
COOLING TOTAL     364               555    -191      612
.................................................................

WIND (MPH)
AVERAGE WIND SPEED              11.7
HIGHEST WIND SPEED/DIRECTION    25/090    DATE  06/19
HIGHEST GUST SPEED/DIRECTION    34/120    DATE  06/24

SKY COVER
AVERAGE SKY COVER           0.20

AVERAGE RH (PERCENT)     71

WEATHER CONDITIONS. NUMBER OF DAYS WITH
THUNDERSTORM              0     MIXED PRECIP               0
HEAVY RAIN                3     RAIN                       3
LIGHT RAIN               11     FREEZING RAIN              0
LT FREEZING RAIN          0     HAIL                       0
HEAVY SNOW                0     SNOW                       0
LIGHT SNOW                0     SLEET                      0
FOG                       9     FOG W/VIS <= 1/4 MILE      0
HAZE                      6

-  INDICATES NEGATIVE NUMBERS.
R  INDICATES RECORD WAS SET OR TIED.
MM INDICATES DATA IS MISSING.
T  INDICATES TRACE AMOUNT.

$$
