000
CXUS52 KJAX 011503
CLMJAX

CLIMATE REPORT
NATIONAL WEATHER SERVICE JACKSONVILLE FL
1101 AM EDT FRI JUL 1 2016

...................................

...THE JACKSONVILLE CLIMATE SUMMARY FOR THE MONTH OF JUNE 2016...

CLIMATE NORMAL PERIOD 1981 TO 2010
CLIMATE RECORD PERIOD 1871 TO 2016

WEATHER         OBSERVED          NORMAL  DEPART  LAST YEAR`S
                 VALUE   DATE(S)  VALUE   FROM    VALUE  DATE(S)
                                          NORMAL
................................................................
TEMPERATURE (F)
RECORD
 HIGH             103   06/19/1998
 LOW               47   06/01/1984
HIGHEST            99   06/25        89      10       98  06/19
LOWEST             60   06/21        69      -9       64  06/02
AVG. MAXIMUM     91.8              89.9     1.9     91.3
AVG. MINIMUM     70.4              70.0     0.4     70.1
MEAN             81.1              79.9     1.2     80.7
DAYS MAX >= 90     21              15.2     5.8       17
DAYS MAX <= 32      0               0.0     0.0        0
DAYS MIN <= 32      0               0.0     0.0        0
DAYS MIN <= 0       0               0.0     0.0        0

PRECIPITATION (INCHES)
RECORD
 MAXIMUM        23.32   1932
 MINIMUM         1.25   1879
TOTALS           3.09              6.45   -3.36     6.32
DAILY AVG.       0.10              0.21   -0.11     0.21
DAYS >= .01         9              13.9    -4.9       14
DAYS >= .10         5               9.3    -4.3        9
DAYS >= .50         2               4.2    -2.2        5
DAYS >= 1.00        1               1.8    -0.8        2
GREATEST
 24 HR. TOTAL    2.05

SNOWFALL (INCHES)
RECORDS
 TOTAL             MM   MM
TOTALS            0.0               0.0     0.0      0.0
SINCE 7/1         0.0                 T     0.0        T
SNOWDEPTH AVG.      0                MM      MM        0
DAYS >= 1.0         0               0.0     0.0        0
GREATEST
 SNOW DEPTH         0   MM                             0  MM
 24 HR TOTAL      0.0

DEGREE_DAYS
HEATING TOTAL       0                 0       0        0
 SINCE 7/1        949              1349    -400     1337
COOLING TOTAL     489               449      40      479
 SINCE 1/1       1066               933     133     1124
.................................................................

WIND (MPH)
AVERAGE WIND SPEED              6.3
HIGHEST WIND SPEED/DIRECTION    31/230    DATE  06/06
HIGHEST GUST SPEED/DIRECTION    43/230    DATE  06/06

SKY COVER
POSSIBLE SUNSHINE (PERCENT)   MM
AVERAGE SKY COVER           0.50
NUMBER OF DAYS FAIR            5
NUMBER OF DAYS PC             22
NUMBER OF DAYS CLOUDY          3

AVERAGE RH (PERCENT)     74

WEATHER CONDITIONS. NUMBER OF DAYS WITH
THUNDERSTORM              0     MIXED PRECIP               0
HEAVY RAIN                2     RAIN                       5
LIGHT RAIN               10     FREEZING RAIN              0
LT FREEZING RAIN          0     HAIL                       0
HEAVY SNOW                0     SNOW                       0
LIGHT SNOW                0     SLEET                      0
FOG                      12     FOG W/VIS <= 1/4 MILE      0
HAZE                      2

-  INDICATES NEGATIVE NUMBERS.
R  INDICATES RECORD WAS SET OR TIED.
MM INDICATES DATA IS MISSING.
T  INDICATES TRACE AMOUNT.

$$
