000
CXUS55 KCYS 012038 CCA
CLMLAR


CLIMATE REPORT...CORRECTED
NATIONAL WEATHER SERVICE CHEYENNE WY
138 PM MST THU FEB 1 2018

...................................

...THE LARAMIE WY AIRPORT CLIMATE SUMMARY FOR THE MONTH OF JANUARY 2018...

CLIMATE NORMAL PERIOD 1981 TO 2010
CLIMATE RECORD PERIOD 1948 TO 2018

WEATHER         OBSERVED          NORMAL  DEPART  LAST YEAR`S
                 VALUE   DATE(S)  VALUE   FROM    VALUE
                                          NORMAL
.............................................................
TEMPERATURE (F)
RECORD
 HIGH              60   01/26/2015
 LOW              -50   01/12/1963
HIGHEST            56   01/19        MM      MM       42
                        01/09
LOWEST             -8   01/16         8     -16      -40
AVG. MAXIMUM     40.5              33.3     7.2     26.9
AVG. MINIMUM     14.2              10.1     4.1      5.8
MEAN             27.4              21.7     5.7     16.4
DAYS MAX >= 90      0               0.0                0
DAYS MAX <= 32      7              13.3               23
DAYS MIN <= 32     30              30.5               31
DAYS MIN <= 0       5               6.5               10

PRECIPITATION (INCHES)
RECORD
 MAXIMUM         2.26   1949
 MINIMUM         0.03   2006
                        1986
TOTALS           0.15              0.27   -0.12     1.09
DAYS >= .01         3               4.6    -1.6        8
DAYS >= .10         0               0.9    -0.9        2
DAYS >= .50         0               0.0     0.0        1
DAYS >= 1.00        0               0.0     0.0        0
GREATEST
 24 HR. TOTAL    0.08   01/20 TO 01/20

DEGREE_DAYS
HEATING TOTAL    1157              1342    -185     1501
 SINCE 7/1       4411              5015    -604     4674
COOLING TOTAL       0                 0       0        0
 SINCE 1/1          0                 0       0        0
..............................................................

WIND (MPH)
AVERAGE WIND SPEED              13.9
HIGHEST WIND SPEED/DIRECTION    49/280    DATE  01/31
HIGHEST GUST SPEED/DIRECTION    60/290    DATE  01/31

SKY COVER
POSSIBLE SUNSHINE (PERCENT)    0
AVERAGE SKY COVER           0.30
NUMBER OF DAYS FAIR           20
NUMBER OF DAYS PC             10
NUMBER OF DAYS CLOUDY          1

AVERAGE RH (PERCENT)     55

WEATHER CONDITIONS. NUMBER OF DAYS WITH
THUNDERSTORMS  0MIXED PRECIP0
HEAVY RAIN  0RAIN0
LIGHT RAIN  1FREEZING RAIN0
LT FREEZING RAIN  0HAIL0
HEAVY SNOW  0SNOW1
LIGHT SNOW  9SLEET0
FOG   5FOG W/VIS <= 1/4 MILE   0
HAZE                  0

-  INDICATES NEGATIVE NUMBERS.
R  INDICATES RECORD WAS SET OR TIED.
MM INDICATES DATA IS MISSING.
T  INDICATES TRACE AMOUNT.

$$
