000
CXUS52 KILM 080035
CLMLBT


CLIMATE REPORT
NATIONAL WEATHER SERVICE WILMINGTON NC
833 PM EDT SAT OCT 7 2017

...................................

...THE LUMBERTON NC CLIMATE SUMMARY FOR THE MONTH OF SEPTEMBER 2017...

CLIMATE NORMAL PERIOD 1981 TO 2010
CLIMATE RECORD PERIOD 9999 TO 9999

WEATHER         OBSERVED          NORMAL  DEPART  LAST YEAR`S
                 VALUE   DATE(S)  VALUE   FROM    VALUE  DATE(S)
                                          NORMAL
................................................................
TEMPERATURE (F)
HIGHEST            94   09/28                         94
LOWEST             53   09/08                         60
AVG. MAXIMUM     85.0              83.7     1.3     86.8
AVG. MINIMUM     62.9              62.3     0.6     67.8
MEAN             73.9              73.0     0.9     77.3
DAYS MAX >= 90      3               4.0    -1.0       10
DAYS MAX <= 32      0               0.0     0.0        0
DAYS MIN <= 32      0               0.0     0.0        0
DAYS MIN <= 0       0               0.0     0.0        0

PRECIPITATION (INCHES)
RECORD
 MAXIMUM        16.92   1999
 MINIMUM         0.26   1985
TOTALS           4.94              4.80    0.14     7.20
DAILY AVG.       0.18              0.16    0.02     0.24
DAYS >= .01         8                                 12
DAYS >= .10         6                                  9
DAYS >= .50         2                                  3
DAYS >= 1.00        2                                  1
GREATEST
 24 HR. TOTAL    2.13   09/06 TO 09/06

DEGREE_DAYS
HEATING TOTAL       0                 9      -9        0
COOLING TOTAL     237               249     -12      377
...................................................

WIND (MPH)
AVERAGE WIND SPEED              5.3
RESULTANT WIND SPEED/DIRECTION   2/030
HIGHEST WIND SPEED/DIRECTION    30/270    DATE  09/06
HIGHEST GUST SPEED/DIRECTION    40/230    DATE  09/06

SKY COVER
POSSIBLE SUNSHINE (PERCENT)   MM
AVERAGE SKY COVER           0.20
NUMBER OF DAYS FAIR           25
NUMBER OF DAYS PC              5
NUMBER OF DAYS CLOUDY          0

AVERAGE RH (PERCENT)     70

WEATHER CONDITIONS. NUMBER OF DAYS WITH
THUNDERSTORM              5     MIXED PRECIP              MM
HEAVY RAIN                6     RAIN                       4
LIGHT RAIN               13     FREEZING RAIN              0
LT FREEZING RAIN          0     HAIL                      MM
HEAVY SNOW                0     SNOW                       0
LIGHT SNOW                0     SLEET                     MM
FOG                      18     FOG W/VIS <= 1/4 MILE      4
HAZE                      2

-  INDICATES NEGATIVE NUMBERS.
R  INDICATES RECORD WAS SET OR TIED.
MM INDICATES DATA IS MISSING.
T  INDICATES TRACE AMOUNT.

$$
