000
CXUS54 KLZK 012352
CLMLIT


CLIMATE REPORT
NATIONAL WEATHER SERVICE LITTLE ROCK AR
544 PM CST THU DEC 1 2016

...................................

...THE LITTLE ROCK ADAMS FIELD CLIMATE SUMMARY FOR THE MONTH OF NOVEMBER 2016...

CLIMATE NORMAL PERIOD 1981 TO 2010
CLIMATE RECORD PERIOD 1874 TO 2016

WEATHER         OBSERVED          NORMAL  DEPART  LAST YEAR`S
                 VALUE   DATE(S)  VALUE   FROM    VALUE  DATE(S)
                                          NORMAL
................................................................
TEMPERATURE (F)
RECORD
 HIGH              86   11/13/1955
 LOW               10   11/18/1880
HIGHEST            83   11/01        62      21       78  11/05
LOWEST             29   11/20        42     -13       30  11/22
AVG. MAXIMUM     66.7              63.0     3.7     65.1
AVG. MINIMUM     43.6              42.2     1.4     46.7
MEAN             55.1              52.6     2.5     55.9
DAYS MAX >= 90      0               0.0     0.0        0
DAYS MAX <= 32      0               0.0     0.0        0
DAYS MIN <= 32      4               4.1    -0.1        3
DAYS MIN <= 0       0               0.0     0.0        0

PRECIPITATION (INCHES)
RECORD
 MAXIMUM        14.57   2011
 MINIMUM         0.09   1910
TOTALS           2.56              5.28   -2.72    11.06
DAILY AVG.       0.09              0.18   -0.09     0.37
DAYS >= .01         6               8.9    -2.9       10
DAYS >= .10         3                                  9
DAYS >= .50         2                                  6
DAYS >= 1.00        1               1.8    -0.8        4
GREATEST
 24 HR. TOTAL    1.83   11/27 TO 11/28

SNOWFALL (INCHES)
RECORDS
 TOTAL            9.4   1880
 24 HR TOTAL      9.4   11/17/1880 TO 11/17/1880
 SNOW DEPTH         3   11/23/1971
                        11/09/1892
TOTALS            0.0                 T     0.0      0.0
 LIQUID EQUIV    0.00                 T    0.00     0.00
SINCE 7/1         0.0                 T     0.0      0.0
 LIQUID 7/1      0.00                MM      MM     0.00
SNOWDEPTH AVG.      0
DAYS >= TRACE       0               0.0     0.0        0
DAYS >= 1.0         0                                  0
GREATEST
 SNOW DEPTH         0   MM
 24 HR TOTAL      0.0

DEGREE_DAYS
HEATING TOTAL     306               382     -76      271
 SINCE 7/1        339               514    -175      324
COOLING TOTAL      16                10       6        8
 SINCE 1/1       2650              2204     446     2489

FREEZE DATES
RECORD
 EARLIEST     10/20/1989
 LATEST       04/19/1983
EARLIEST      11/13             11/13
LATEST                          03/19
.................................................

WIND (MPH)
AVERAGE WIND SPEED              5.8
HIGHEST WIND SPEED/DIRECTION    30/290    DATE  11/28
HIGHEST GUST SPEED/DIRECTION    38/290    DATE  11/28

SKY COVER
POSSIBLE SUNSHINE (PERCENT)   MM
AVERAGE SKY COVER           0.50
NUMBER OF DAYS FAIR           13
NUMBER OF DAYS PC              6
NUMBER OF DAYS CLOUDY         11

AVERAGE RH (PERCENT)     73

WEATHER CONDITIONS. NUMBER OF DAYS WITH
THUNDERSTORM              0     MIXED PRECIP               0
HEAVY RAIN                2     RAIN                       3
LIGHT RAIN                7     FREEZING RAIN              0
LT FREEZING RAIN          0     HAIL                       0
HEAVY SNOW                0     SNOW                       0
LIGHT SNOW                0     SLEET                      0
FOG                      12     FOG W/VIS <= 1/4 MILE      3
HAZE                      2

-  INDICATES NEGATIVE NUMBERS.
R  INDICATES RECORD WAS SET OR TIED.
MM INDICATES DATA IS MISSING.
T  INDICATES TRACE AMOUNT.

&&

...DATA FOR LITTLE ROCK ADAMS FIELD FOR NOVEMBER 2016...

.SUMMARY...
THE TREND OF ABOVE AVERAGE TEMPERATURES CONTINUED INTO NOVEMBER. IN
FACT...IF IT HAD NOT BEEN FOR MOSTLY COOLER THAN AVERAGE
TEMPERATURES FOR MOST OF THE LAST TEND DAYS OF THE MONTH...NOVEMBER
2016 WOULD HAVE BEEN A TOP TEN WARMEST ONE.

RAINFALL WAS CLOSE TO HALF THE AVERAGE AMOUNT FOR THE MONTH...AND
OVER 70 PERCENT OF IT FELL ON THE 27TH AND 28TH. IT WAS THE DRIEST
NOVEMBER IN TWO YEARS.

.MONTHLY TEMPERATURES...
THE AVERAGE HIGH TEMPERATURE WAS THE WARMEST SINCE 2009. HOWEVER...
THE AVERAGE LOW AND MONTHLY TEMPERATURE WERE THE COOLEST SINCE 2014.
NONE OF THE AVERAGE MONTHLY TEMPERATURES WERE IN THE TOP TEN
WARMEST.

.DAILY TEMPERATURES...
DAILY TEMPERATURES WERE ABOVE AVERAGE ON 19 DAYS...AVERAGE ON ONE
DAY...AND BELOW AVERAGE ON TEN DAYS.

.TEMPERATURE RECORDS TIED OR BROKEN DURING THE MONTH...
NONE.

.MONTHLY RAINFALL...
IT WAS THE DRIEST NOVEMBER SINCE 2014.

.DAILY RAINFALL RECORDS TIED OR BROKEN...
NONE.

.MONTHLY SNOWFALL...
NO SNOW FELL DURING THE MONTH.

.DAILY SNOWFALL RECORDS TIED OR BROKEN...
NONE.

$$

57
