000
CXUS56 KMTR 031511
CLMLVK


CLIMATE REPORT
NATIONAL WEATHER SERVICE SAN FRANCISCO BAY AREA
746 AM PDT FRI JUL 3 2015

...................................

...THE LIVERMORE AIRPORT CLIMATE SUMMARY FOR THE MONTH OF JUNE 2015...

CLIMATE NORMAL PERIOD 1981 TO 2010
CLIMATE RECORD PERIOD 1930 TO 2015

WEATHER         OBSERVED          NORMAL  DEPART  LAST YEAR`S
                 VALUE   DATE(S)  VALUE   FROM    VALUE  DATE(S)
                                          NORMAL
................................................................
TEMPERATURE (F)
RECORD
 HIGH             113   MM
 LOW               43   06/03/2011
                        06/01/2011
                        06/01/1954
HIGHEST           108   06/30                        106  06/09
LOWEST             53   06/22                         51  06/18
                        06/19                             06/01
                        06/16
AVG. MAXIMUM     89.2              81.1     8.1     86.5
AVG. MINIMUM     57.8                               55.6
MEAN             73.5              67.6     5.9     71.1
DAYS MAX >= 90     15                                 10
DAYS MAX <= 32      0                                  0
DAYS MIN <= 32      0                                  0
DAYS MIN <= 0       0                                  0

PRECIPITATION (INCHES)
RECORD
 MAXIMUM           MM   MM
 MINIMUM           MM   MM
TOTALS           0.27              0.04    0.23        T
DAILY AVG.       0.01                                  T
DAYS >= .01         1                                  0
DAYS >= .10         1                                  0
DAYS >= .50         0                                  0
DAYS >= 1.00        0                                  0
GREATEST
 24 HR. TOTAL    0.27   06/10 TO 06/10           06/26 TO 06/26
                                                          06/30 TO 06/30
                                                          06/30 TO 06/30

DEGREE_DAYS
HEATING TOTAL       0                32     -32        4
 SINCE 7/1       1558              2780   -1222     1898
COOLING TOTAL     261               110     151      193
 SINCE 1/1        299               163     136      319
.................................................

WIND (MPH)
AVERAGE WIND SPEED              8.0
RESULTANT WIND SPEED/DIRECTION   7/285
HIGHEST WIND SPEED/DIRECTION    25/290    DATE  06/09
HIGHEST GUST SPEED/DIRECTION    31/290    DATE  06/09

SKY COVER
POSSIBLE SUNSHINE (PERCENT)   MM
AVERAGE SKY COVER           0.10
NUMBER OF DAYS FAIR           27
NUMBER OF DAYS PC              3
NUMBER OF DAYS CLOUDY          0

AVERAGE RH (PERCENT)     53

WEATHER CONDITIONS. NUMBER OF DAYS WITH
THUNDERSTORM              0     MIXED PRECIP               0
HEAVY RAIN                0     RAIN                       0
LIGHT RAIN                1     FREEZING RAIN              0
LT FREEZING RAIN          0     HAIL                       0
HEAVY SNOW                0     SNOW                       0
LIGHT SNOW                0     SLEET                      0
FOG                       3     FOG W/VIS <= 1/4 MILE      0
HAZE                      4

-  INDICATES NEGATIVE NUMBERS.
R  INDICATES RECORD WAS SET OR TIED.
MM INDICATES DATA IS MISSING.
T  INDICATES TRACE AMOUNT.

$$
