000
CXUS51 KRNK 010958
CLMLYH


CLIMATE REPORT
NATIONAL WEATHER SERVICE BLACKSBURG VA
550 AM EDT MON AUG 1 2016

...................................

...THE LYNCHBURG VA CLIMATE SUMMARY FOR THE MONTH OF JULY 2016...

CLIMATE NORMAL PERIOD 1981 TO 2010
CLIMATE RECORD PERIOD 1893 TO 2016

WEATHER         OBSERVED          NORMAL  DEPART  LAST YEAR`S
                 VALUE   DATE(S)  VALUE   FROM    VALUE
                                          NORMAL
.............................................................
TEMPERATURE (F)
RECORD
 HIGH             106   07/10/1936
 LOW               49   07/31/1997
                        07/02/1988
HIGHEST            95   07/26                         91
                        07/24
LOWEST             62   07/11                         59
                        07/03
AVG. MAXIMUM     87.7              86.5     1.2     85.0
AVG. MINIMUM     67.4              64.0     3.4     65.6
MEAN             77.5              75.3     2.2     75.3
DAYS MAX >= 90     11               8.4     2.6        3
DAYS MAX <= 32      0               0.0     0.0        0
DAYS MIN <= 32      0               0.0     0.0        0
DAYS MIN <= 0       0               0.0     0.0        0

PRECIPITATION (INCHES)
RECORD
 MAXIMUM        10.30   1984
 MINIMUM         0.75   1932
TOTALS           6.00              4.36    1.64     3.79
DAILY AVG.       0.19              0.14    0.05     0.12
DAYS >= .01        14              11.7     2.3       11
DAYS >= .10         7               7.2    -0.2        7
DAYS >= .50         3               2.9     0.1        4
DAYS >= 1.00        2               1.3     0.7        0
GREATEST
 24 HR. TOTAL    3.24                               1.28

SNOWFALL (INCHES)
TOTALS            0.0                                0.0
DAYS >= TRACE       0                                  0
DAYS >= 1.0         0                                  0
GREATEST
 24 HR TOTAL      0.0                                0.0

DEGREE_DAYS
HEATING TOTAL       0                 1      -1        0
COOLING TOTAL     393               318      75      329
..............................................................

WIND (MPH)
AVERAGE WIND SPEED              3.4
HIGHEST WIND SPEED/DIRECTION    21/360    DATE  07/26
HIGHEST GUST SPEED/DIRECTION    33/310    DATE  07/13

SKY COVER
AVERAGE SKY COVER           0.30

AVERAGE RH (PERCENT)     76

WEATHER CONDITIONS. NUMBER OF DAYS WITH
THUNDERSTORM             13     MIXED PRECIP               0
HEAVY RAIN                6     RAIN                       7
LIGHT RAIN               16     FREEZING RAIN              0
LT FREEZING RAIN          0     HAIL                       0
HEAVY SNOW                0     SNOW                       0
LIGHT SNOW                0     SLEET                      0
FOG                      16     FOG W/VIS <= 1/4 MILE      5
HAZE                      0

-  INDICATES NEGATIVE NUMBERS.
R  INDICATES RECORD WAS SET OR TIED.
MM INDICATES DATA IS MISSING.
T  INDICATES TRACE AMOUNT.

$$

PW
