327
CXUS56 KHNX 031137
CLMMAE


CLIMATE REPORT
NATIONAL WEATHER SERVICE SAN JOAQUIN VALLEY, CA
427 AM PDT FRI NOV 3 2017

...................................

...THE MADERA CA AIRPORT CLIMATE SUMMARY FOR THE MONTH OF OCTOBER 2017...

CLIMATE NORMAL PERIOD 1981 TO 2010
CLIMATE RECORD PERIOD 1998 TO 2017

WEATHER         OBSERVED          NORMAL  DEPART  LAST YEAR`S
                 VALUE   DATE(S)  VALUE   FROM    VALUE  DATE(S)
                                          NORMAL
................................................................
TEMPERATURE (F)
RECORD
 HIGH              99   10/03/2012
                        10/03/2001
                        07/24/2006
 LOW               33   10/29/2009
                        10/12/2008
                        11/29/2004
HIGHEST            87   10/27        MM      MM       92  10/09
                        10/26
                        10/25
LOWEST             38   10/12        MM      MM       42  10/19
AVG. MAXIMUM     79.7              79.2     0.5     79.1
AVG. MINIMUM     46.5              48.8    -2.3     50.2
MEAN             63.1              64.0    -0.9     64.7
DAYS MAX >= 90      0               3.2    -3.2        2
DAYS MIN <= 32      0               0.0     0.0        0

PRECIPITATION (INCHES)
RECORD
 MAXIMUM         2.57   MM
TOTALS           0.08              0.88   -0.80     0.62
DAYS >= .01         1                MM      MM        6
DAYS >= .10         0                MM      MM        2
DAYS >= .50         0                MM      MM        0
DAYS >= 1.00        0                MM      MM        0
GREATEST
 24 HR. TOTAL    0.08   10/20 TO 10/20

SNOWFALL (INCHES)
RECORDS
 TOTAL             MM   MM
TOTALS            0.0                MM

DEGREE_DAYS
HEATING TOTAL      79                90     -11       50
 SINCE 7/1         84                97     -13       53
COOLING TOTAL      28                59     -31       47
 SINCE 1/1       2023              1521     502     1814
.................................................................

WIND (MPH)
AVERAGE WIND SPEED              4.1
HIGHEST WIND SPEED/DIRECTION    28/330    DATE  10/20
HIGHEST GUST SPEED/DIRECTION    34/330    DATE  10/20

AVERAGE RH (PERCENT)     55

WEATHER CONDITIONS. NUMBER OF DAYS WITH
THUNDERSTORM              0     RAIN                       1
HAIL                      0     FOG                        6
FOG W/VIS <= 1/4 MILE     0     HAZE                      15

-  INDICATES NEGATIVE NUMBERS.
R  INDICATES RECORD WAS SET OR TIED.
MM INDICATES DATA IS MISSING.
T  INDICATES TRACE AMOUNT.

$$
