000
CXUS56 KHNX 011300
CLMMAE


CLIMATE REPORT
NATIONAL WEATHER SERVICE SAN JOAQUIN VALLEY - HANFORD CA
500 AM PST THU JAN 1 2015

...................................

...THE MADERA CA AIRPORT CLIMATE SUMMARY FOR THE MONTH OF DECEMBER 2014...

CLIMATE NORMAL PERIOD 1981 TO 2010
CLIMATE RECORD PERIOD 1998 TO 2014

WEATHER         OBSERVED          NORMAL  DEPART  LAST YEAR`S
                 VALUE   DATE(S)  VALUE   FROM    VALUE  DATE(S)
                                          NORMAL
................................................................
TEMPERATURE (F)
RECORD
 HIGH              76   12/08/2006
 LOW               19   12/05/2013
                        12/23/1998
                        12/21/1998
HIGHEST            75   12/03        MM      MM       68  12/02
                                                          12/01
LOWEST             26   12/31        MM      MM       19  12/05
AVG. MAXIMUM     60.3              54.3     6.0     58.4
AVG. MINIMUM     43.5              36.4     7.1     29.1
MEAN             51.9              45.3     6.6     43.7
DAYS MAX >= 90      0               0.0     0.0        0
DAYS MIN <= 32      6               9.3    -3.3       24

PRECIPITATION (INCHES)
RECORD
 MAXIMUM         4.14   2010
TOTALS           2.88              1.70    1.18     0.27
DAYS >= .01        11                MM      MM        2
DAYS >= .10         6                MM      MM        1
DAYS >= .50         1                MM      MM        0
DAYS >= 1.00        1                MM      MM        0
GREATEST
 24 HR. TOTAL    1.54   12/11 TO 12/12

SNOWFALL (INCHES)
RECORDS
 TOTAL             MM   MM
TOTALS            0.0                MM

DEGREE_DAYS
HEATING TOTAL     388               609    -221      653
 SINCE 7/1        704              1075    -371     1071
COOLING TOTAL       1                 0       1        0
 SINCE 1/1       2953              1523    1430     1688
.................................................................

WIND (MPH)
AVERAGE WIND SPEED              5.6
HIGHEST WIND SPEED/DIRECTION    25/150    DATE  12/11
HIGHEST GUST SPEED/DIRECTION    33/150    DATE  12/11

AVERAGE RH (PERCENT)     76

WEATHER CONDITIONS. NUMBER OF DAYS WITH
THUNDERSTORM              0     RAIN                      13
HAIL                      0     FOG                       23
FOG W/VIS <= 1/4 MILE    13     HAZE                      16

-  INDICATES NEGATIVE NUMBERS.
R  INDICATES RECORD WAS SET OR TIED.
MM INDICATES DATA IS MISSING.
T  INDICATES TRACE AMOUNT.

$$

SANGER/OCHS

WEATHER.GOV/HANFORD
