000
CXUS56 KHNX 012351
CLMMAE


CLIMATE REPORT
NATIONAL WEATHER SERVICE SAN JOAQUIN VALLEY, CA
449 PM PDT THU SEP 1 2016

...................................

...THE MADERA CA AIRPORT CLIMATE SUMMARY FOR THE MONTH OF AUGUST 2016...

CLIMATE NORMAL PERIOD 1981 TO 2010
CLIMATE RECORD PERIOD 1998 TO 2016

WEATHER         OBSERVED          NORMAL  DEPART  LAST YEAR`S
                 VALUE   DATE(S)  VALUE   FROM    VALUE  DATE(S)
                                          NORMAL
................................................................
TEMPERATURE (F)
RECORD
 HIGH             107   08/17/2015
                        08/01/2014
                        08/19/2013
 LOW               49   08/31/1999
HIGHEST           106   08/14        MM      MM      107  08/17
LOWEST             56   08/06        MM      MM       58  08/31
                                                          08/21
AVG. MAXIMUM     97.4              94.9     2.5     96.5
AVG. MINIMUM     60.4              59.2     1.2     62.7
MEAN             78.9              77.1     1.8     79.6
DAYS MAX >= 90     30              26.4     3.6       29
DAYS MIN <= 32      0               0.0     0.0        0

PRECIPITATION (INCHES)
RECORD
 MAXIMUM         0.01   2015
                        2013
TOTALS           0.00              0.02   -0.02     0.01
DAYS >= .01         0                MM      MM        1
DAYS >= .10         0                MM      MM        0
DAYS >= .50         0                MM      MM        0
DAYS >= 1.00        0                MM      MM        0
GREATEST
 24 HR. TOTAL    0.00   08/31 TO 08/31

SNOWFALL (INCHES)
RECORDS
 TOTAL            0.0
TOTALS            0.0              0.0

DEGREE_DAYS
HEATING TOTAL       0                 0       0        0
 SINCE 7/1          0                 0       0        0
COOLING TOTAL     441               374      67      461
 SINCE 1/1       1495              1224     271     1558
.................................................................

WIND (MPH)
AVERAGE WIND SPEED              6.3
HIGHEST WIND SPEED/DIRECTION    15/300    DATE  08/31
HIGHEST GUST SPEED/DIRECTION    20/290    DATE  08/31

AVERAGE RH (PERCENT)     45

WEATHER CONDITIONS. NUMBER OF DAYS WITH
THUNDERSTORM              0     RAIN                       0
HAIL                      0     FOG                        0
FOG W/VIS <= 1/4 MILE     0     HAZE                       8

-  INDICATES NEGATIVE NUMBERS.
R  INDICATES RECORD WAS SET OR TIED.
MM INDICATES DATA IS MISSING.
T  INDICATES TRACE AMOUNT.

$$
