000
CXUS54 KMAF 011840
CLMMAF


CLIMATE REPORT
NATIONAL WEATHER SERVICE MIDLAND/ODESSA TX
140 PM CDT MON JUN 1 2015

...................................

...THE MIDLAND CLIMATE SUMMARY FOR THE MONTH OF MAY 2015...

CLIMATE NORMAL PERIOD 1981 TO 2010
CLIMATE RECORD PERIOD 1930 TO 2015

WEATHER         OBSERVED          NORMAL  DEPART  LAST YEAR`S
                 VALUE   DATE(S)  VALUE   FROM    VALUE  DATE(S)
                                          NORMAL
................................................................
TEMPERATURE (F)
RECORD
 HIGH             108   05/24/2000
                        05/24/1989
 LOW               32   05/03/2013
HIGHEST            92   05/08        87       5       99  05/20
                                                          05/05
LOWEST             51   05/21        59      -8       43  05/14
AVG. MAXIMUM     83.7              87.6    -3.9     87.4
AVG. MINIMUM     59.4              59.5    -0.1     60.2
MEAN             71.6              73.6    -2.0     73.8
DAYS MAX >= 90      5              13.3    -8.3       15
DAYS MAX <= 32      0               0.0     0.0        0
DAYS MIN <= 32      0               0.0     0.0        0
DAYS MIN <= 0       0               0.0     0.0        0

PRECIPITATION (INCHES)
RECORD
 MAXIMUM         7.87   1941
 MINIMUM         0.02   1998
TOTALS           3.35              1.74    1.61     2.26
DAILY AVG.       0.11              0.06    0.05     0.07
DAYS >= .01        13               5.6     7.4        3
DAYS >= .10        10               2.9     7.1        2
DAYS >= .50         3               1.1     1.9        1
DAYS >= 1.00        0               0.5    -0.5        1
GREATEST
 24 HR. TOTAL    0.79   05/11 TO 05/12              1.84

DEGREE_DAYS
COOLING TOTAL     224               281     -57      307
 SINCE 1/1        355               389     -34      476
.................................................................

WIND (MPH)
AVERAGE WIND SPEED              12.7
HIGHEST WIND SPEED/DIRECTION    43/130    DATE  05/18
HIGHEST GUST SPEED/DIRECTION    52/140    DATE  05/18

SKY COVER
POSSIBLE SUNSHINE (PERCENT)   MM
AVERAGE SKY COVER           0.30
NUMBER OF DAYS FAIR           19
NUMBER OF DAYS PC              8
NUMBER OF DAYS CLOUDY          4

AVERAGE RH (PERCENT)     59

WEATHER CONDITIONS. NUMBER OF DAYS WITH
THUNDERSTORM              0     MIXED PRECIP               0
HEAVY RAIN                7     RAIN                      10
LIGHT RAIN               16     FREEZING RAIN              0
LT FREEZING RAIN          0     HAIL                       0
HEAVY SNOW                0     SNOW                       0
LIGHT SNOW                0     SLEET                      0
FOG                      20     FOG W/VIS <= 1/4 MILE      0
HAZE                     16

-  INDICATES NEGATIVE NUMBERS.
R  INDICATES RECORD WAS SET OR TIED.
MM INDICATES DATA IS MISSING.
T  INDICATES TRACE AMOUNT.

$$
