000
CXUS56 KHNX 011612
CLMMCE


CLIMATE REPORT
NATIONAL WEATHER SERVICE SAN JOAQUIN VALLEY, CA
759 AM PST WED FEB 1 2017

...................................

...THE MERCED CA AIRPORT CLIMATE SUMMARY FOR THE MONTH OF JANUARY 2017...

CLIMATE NORMAL PERIOD 1981 TO 2010
CLIMATE RECORD PERIOD 1998 TO 2017

WEATHER         OBSERVED          NORMAL  DEPART  LAST YEAR`S
                 VALUE   DATE(S)  VALUE   FROM    VALUE  DATE(S)
                                          NORMAL
................................................................
TEMPERATURE (F)
RECORD
 HIGH              73   01/24/2014
 LOW               19   01/15/2007
HIGHEST            68   01/08        MM      MM       63  01/13
LOWEST             25   01/06        MM      MM       28  01/01
AVG. MAXIMUM     54.6              53.2     1.4     56.9
AVG. MINIMUM     37.8              36.7     1.1     41.4
MEAN             46.2              45.0     1.2     49.1
DAYS MAX >= 90      0               0.0     0.0        0
DAYS MIN <= 32     11               8.2     2.8        1

PRECIPITATION (INCHES)
RECORD
 MAXIMUM         4.49   2016
TOTALS           5.61R             2.61    3.00     4.49
DAYS >= .01        14                MM      MM       14
DAYS >= .10        11                MM      MM        7
DAYS >= .50         5                MM      MM        5
DAYS >= 1.00        1                MM      MM        1
GREATEST
 24 HR. TOTAL    1.52   01/07 TO 01/08

SNOWFALL (INCHES)
RECORDS
 TOTAL            0.0
TOTALS            0.0               0.0

DEGREE_DAYS
HEATING TOTAL     573               621     -48      482
 SINCE 7/1       1524              1740    -216     1556
COOLING TOTAL       0                 0       0        0
 SINCE 1/1          0                 0       0        0
.................................................................

WIND (MPH)
AVERAGE WIND SPEED              7.0
HIGHEST WIND SPEED/DIRECTION    39/130    DATE  01/20
HIGHEST GUST SPEED/DIRECTION    53/120    DATE  01/20

AVERAGE RH (PERCENT)     80

WEATHER CONDITIONS. NUMBER OF DAYS WITH
THUNDERSTORM              0     RAIN                       9
HAIL                      0     FOG                       29
FOG W/VIS <= 1/4 MILE     8     HAZE                       9

-  INDICATES NEGATIVE NUMBERS.
R  INDICATES RECORD WAS SET OR TIED.
MM INDICATES DATA IS MISSING.
T  INDICATES TRACE AMOUNT.

$$
