000
CXUS42 KFFC 190839
CLMMCN


CLIMATE REPORT
NATIONAL WEATHER SERVICE PEACHTREE CITY GA
439 AM EDT WED APR 19 2017

...................................

...THE MACON CLIMATE SUMMARY FOR THE MONTH OF MARCH 2017...

CLIMATE NORMAL PERIOD 1981 TO 2010
CLIMATE RECORD PERIOD 1899 TO 2017

WEATHER         OBSERVED          NORMAL  DEPART  LAST YEAR`S
                 VALUE   DATE(S)  VALUE   FROM    VALUE  DATE(S)
                                          NORMAL
................................................................
TEMPERATURE (F)
RECORD
 HIGH              94   03/13/1906
 LOW               14   03/03/1980
HIGHEST            88   03/29        90      -2       87  03/16
LOWEST             26   03/16        14      12       32  03/22
AVG. MAXIMUM     71.8              69.5     2.3     73.8
AVG. MINIMUM     45.8              44.1     1.7     48.5
MEAN             58.8              56.8     2.0     61.1
DAYS MAX >= 90      0               0.0     0.0        0
DAYS MAX <= 32      0               0.0     0.0        0
DAYS MIN <= 32      6               3.1     2.9        1
DAYS MIN <= 0       0               0.0     0.0        0

PRECIPITATION (INCHES)
RECORD
 MAXIMUM        12.52   1944
 MINIMUM         0.32   1910
TOTALS           1.45              4.55   -3.10
DAILY AVG.       0.05              0.15   -0.10     0.09
DAYS >= .01        10               8.9     1.1       11
DAYS >= .10         5               6.3    -1.3        8
DAYS >= .50         0               3.2    -3.2        1
DAYS >= 1.00        0               1.4    -1.4        0
GREATEST
 24 HR. TOTAL    0.44   03/13 TO 03/13           03/03 TO 03/03
                                                          03/31 TO 03/31
                                                          03/31 TO 03/31

SNOWFALL (INCHES)
RECORDS
 TOTAL              T   2008
 24 HR TOTAL        T   MM
 SNOW DEPTH         0   MM
TOTALS            0.0               0.2    -0.2      0.0
SINCE 7/1         0.0               0.7    -0.7        T
SNOWDEPTH AVG.      0                MM      MM        0
DAYS >= TRACE       0               0.1    -0.1        0
DAYS >= 1.0         0               0.1    -0.1        0
GREATEST
 24 HR TOTAL      0.0   03/31 TO 03/31           03/31 TO 03/31
                                                          03/31 TO 03/31
                                                          03/31 TO 03/31

DEGREE_DAYS
HEATING TOTAL     237               272     -35      163
 SINCE 7/1       1424              2197    -773     1693
COOLING TOTAL      53                18      35       52
 SINCE 1/1         64                21      43       53
..................................................

WIND (MPH)
AVERAGE WIND SPEED              7.8
HIGHEST WIND SPEED/DIRECTION    28/270    DATE  03/18
HIGHEST GUST SPEED/DIRECTION    39/310    DATE  03/10

SKY COVER
POSSIBLE SUNSHINE (PERCENT)   MM
AVERAGE SKY COVER           0.40
NUMBER OF DAYS FAIR           17
NUMBER OF DAYS PC             10
NUMBER OF DAYS CLOUDY          4

AVERAGE RH (PERCENT)     60

WEATHER CONDITIONS. NUMBER OF DAYS WITH
THUNDERSTORM              0     MIXED PRECIP               0
HEAVY RAIN                1     RAIN                       5
LIGHT RAIN                9     FREEZING RAIN              0
LT FREEZING RAIN          0     HAIL                       0
HEAVY SNOW                0     SNOW                       0
LIGHT SNOW                0     SLEET                      0
FOG                       9     FOG W/VIS <= 1/4 MILE      0
HAZE                      1

-  INDICATES NEGATIVE NUMBERS.
R  INDICATES RECORD WAS SET OR TIED.
MM INDICATES DATA IS MISSING.
T  INDICATES TRACE AMOUNT.

$$
