000
CXUS52 KMLB 011855 AAA
CLMMCO

CLIMATE REPORT
NATIONAL WEATHER SERVICE MELBOURNE FL
154 PM EST THU DEC 1 2016

...................................

...THE ORLANDO AREA CLIMATE SUMMARY FOR THE MONTH OF NOVEMBER 2016...

CLIMATE NORMAL PERIOD 1981 TO 2010
CLIMATE RECORD PERIOD 1892 TO 2016

WEATHER         OBSERVED          NORMAL  DEPART  LAST YEAR`S
                 VALUE   DATE(S)  VALUE   FROM    VALUE
                                          NORMAL
................................................................
TEMPERATURE (F)
MONTHLY RECORD
 WARMEST         75.8   1986
 COOLEST         61.4   1901
DAILY RECORD
 HIGH              93   11/11/1935
 LOW               28   11/28/1903
NOVEMBER 2016
HIGHEST            86   11/30                         91
                        11/01
LOWEST             38   11/21                         48
AVG. MAXIMUM     79.9              78.4     1.5     83.9
AVG. MINIMUM     57.5              58.6    -1.1     65.6
MEAN             68.7              68.5     0.2     74.8
DAYS MAX >= 90      0               0.1    -0.1        6
DAYS MAX <= 32      0               0.0     0.0        0
DAYS MIN <= 32      0               0.0     0.0        0
DAYS MIN <= 0       0               0.0     0.0        0

PRECIPITATION (INCHES)
MONTHLY RECORD
 MAXIMUM        10.29   1987
 MINIMUM         0.03   1967
DAILY RECORD
 MAXIMUM         3.83   11/16/1994
NOVEMBER 2016
TOTALS           0.06              2.17   -2.11     2.82
DAYS >= .01         2               6.3    -4.3       10
DAYS >= .10         0               3.4    -3.4        4
DAYS >= .50         0               1.2    -1.2        2
DAYS >= 1.00        0               0.6    -0.6        2
GREATEST
 24 HR. TOTAL    0.04   11/30 TO 11/30

SNOWFALL (INCHES)
TOTALS            0.0               0.0     0.0      0.0
SINCE 7/1         0.0               0.0     0.0      0.0
DAYS >= TRACE       0                                  0

DEGREE_DAYS
HEATING TOTAL      23                42     -19        9
 SINCE 7/1         23                47     -24        9
COOLING TOTAL     142               147      -5      309
 SINCE 1/1       3704              3354     350     4042
.................................................................

WIND (MPH)
AVERAGE WIND SPEED              6.9
HIGHEST WIND SPEED/DIRECTION    24/050    DATE  11/06
HIGHEST GUST SPEED/DIRECTION    29/050    DATE  11/06

SKY COVER
POSSIBLE SUNSHINE (PERCENT)   MM
AVERAGE SKY COVER           0.40
NUMBER OF DAYS FAIR           10
NUMBER OF DAYS PC             17
NUMBER OF DAYS CLOUDY          3

AVERAGE RH (PERCENT)     67

WEATHER CONDITIONS. NUMBER OF DAYS WITH
THUNDERSTORM              0     MIXED PRECIP               0
HEAVY RAIN                0     RAIN                       0
LIGHT RAIN                6     LT FREEZING RAIN           0
HAIL                      0     LIGHT SNOW                 0
SLEET                     0     FOG                        9
FOG W/VIS <= 1/4 MILE     1     HAZE                       4

-  INDICATES NEGATIVE NUMBERS.
R  INDICATES RECORD WAS SET OR TIED.
MM INDICATES DATA IS MISSING.
T  INDICATES TRACE AMOUNT.

...................................

...THE ORLANDO INTERNATIONAL CLIMATE SUMMARY FOR THE FALL SEASON,
FROM 9/1/2016 TO 11/30/2016...

CLIMATE NORMAL PERIOD 1981 TO 2010
CLIMATE RECORD PERIOD 1892 TO 2016

WEATHER         OBSERVED          NORMAL  DEPART  LAST YEAR`S
                 VALUE   DATE(S)  VALUE   FROM    VALUE
                                          NORMAL
................................................................
TEMPERATURE (F)
FALL RECORDS
 WARMEST         78.3   1986
 COOLEST         70.2   1897
DAILY RECORD
 HIGH             103   09/08/1921
 LOW               28   11/28/1903
FALL 2016
HIGHEST            94   09/24                         94
                        09/19
LOWEST             38   11/21                         48
AVG. MAXIMUM     85.2              84.2     1.0     86.2
AVG. MINIMUM     66.4              65.9     0.5     68.9
MEAN             75.8              75.0     0.8     77.5
DAYS MAX >= 90     23              18.7     4.3       25
DAYS MAX <= 32      0               0.0     0.0        0
DAYS MIN <= 32      0               0.0     0.0        0
DAYS MIN <= 0       0               0.0                0

PRECIPITATION (INCHES)
FALL RECORDS
 MAXIMUM        26.41   1915
 MINIMUM         3.49   1906

FALL 2016
TOTALS          10.09             11.54   -1.45     9.30
DAYS >= .01        30              27.5     2.5       32
DAYS >= .10        15              17.3    -2.3       15
DAYS >= .50         6               7.5    -1.5        6
DAYS >= 1.00        3               3.4    -0.4        4
GREATEST
 24 HR. TOTAL    2.35   09/04 TO 09/05

SNOWFALL (INCHES)
TOTALS            0.0               0.0     0.0      0.0
SINCE 7/1         0.0               0.0     0.0      0.0
DAYS >= TRACE       0                                  0

DEGREE_DAYS
HEATING TOTAL      23                47     -24        9
COOLING TOTAL    1031               961      70     1171
.................................................................

WIND (MPH)
AVERAGE WIND SPEED              7.8
HIGHEST WIND SPEED/DIRECTION    46/270    DATE  10/07
HIGHEST GUST SPEED/DIRECTION    60/270    DATE  10/07

SKY COVER
POSSIBLE SUNSHINE (PERCENT)   MM
AVERAGE SKY COVER           0.50
NUMBER OF DAYS FAIR           21
NUMBER OF DAYS PC             54
NUMBER OF DAYS CLOUDY         16

AVERAGE RH (PERCENT)     71

WEATHER CONDITIONS. NUMBER OF DAYS WITH
THUNDERSTORM             24     MIXED PRECIP               0
HEAVY RAIN                9     RAIN                      12
LIGHT RAIN               38     LT FREEZING RAIN           0
HAIL                      0     LIGHT SNOW                 0
SLEET                     0     FOG                       34
FOG W/VIS <= 1/4 MILE     2     HAZE                       5

-  INDICATES NEGATIVE NUMBERS.
R  INDICATES RECORD WAS SET OR TIED.
MM INDICATES DATA IS MISSING.
T  INDICATES TRACE AMOUNT.

$$
