000
CXUS51 KCTP 010742
CLMMDT

CLIMATE REPORT
NATIONAL WEATHER SERVICE STATE COLLEGE PA
236 AM EST FRI DEC 1 2017

...................................

...THE HARRISBURG PA CLIMATE SUMMARY FOR THE MONTH OF NOVEMBER 2017...

CLIMATE NORMAL PERIOD 1981 TO 2010
CLIMATE RECORD PERIOD 1888 TO 2017

WEATHER         OBSERVED          NORMAL  DEPART  LAST YEAR`S
                 VALUE   DATE(S)  VALUE   FROM    VALUE  DATE(S)
                                          NORMAL
................................................................
TEMPERATURE (F)
RECORD
 HIGH              84   11/01/1950
 LOW               10   11/30/1929
HIGHEST            71   11/03                         71  11/03
LOWEST             20   11/11                         26  11/23
                                                          11/14

AVG. MAXIMUM     52.9              53.1    -0.2     57.2
AVG. MINIMUM     33.6              35.1    -1.5     36.3
MEAN             43.2              44.1    -0.9     46.8
DAYS MAX >= 90      0               0.0     0.0        0
DAYS MAX <= 32      0               0.2    -0.2        0
DAYS MIN <= 32     13              10.8     2.2        6
DAYS MIN <= 0       0               0.0     0.0        0

PRECIPITATION (INCHES)
RECORD
 MAXIMUM         7.20   1972
 MINIMUM         0.41   1909

TOTALS           2.26              3.23   -0.97     2.16
DAILY AVG.       0.08              0.11   -0.03     0.07
DAYS >= .01        10               9.0     1.0        6
DAYS >= .10         3               5.8    -2.8        4
DAYS >= .50         2               2.2    -0.2        2
DAYS >= 1.00        1               0.7     0.3        0
GREATEST
 24 HR. TOTAL    1.16   11/18 TO 11/18

SNOWFALL (INCHES)
RECORDS
 TOTAL           15.4   1953

TOTALS              T               0.6    -0.6        T
SINCE 7/1           T               0.6    -0.6        T
SNOWDEPTH AVG.      0                MM      MM        0
DAYS >= 1.0         0               0.2    -0.2        0
GREATEST
 SNOW DEPTH         0   MM                             0  MM
 24 HR TOTAL        T   11/10 TO 11/10

DEGREE_DAYS
HEATING TOTAL     645               627      18      539
 SINCE 7/1        855              1039    -184      786
COOLING TOTAL       0                 0       0        0
 SINCE 1/1       1214              1002     212     1515
..........................................................

WIND (MPH)
AVERAGE WIND SPEED              6.1
HIGHEST WIND SPEED/DIRECTION    37/280    DATE  11/19
HIGHEST GUST SPEED/DIRECTION    49/270    DATE  11/19

SKY COVER
POSSIBLE SUNSHINE (PERCENT)   MM
AVERAGE SKY COVER           0.60
NUMBER OF DAYS FAIR            4
NUMBER OF DAYS PC             15
NUMBER OF DAYS CLOUDY         10

AVERAGE RH (PERCENT)     71

WEATHER CONDITIONS. NUMBER OF DAYS WITH
THUNDERSTORM              0     MIXED PRECIP               0
HEAVY RAIN                0     RAIN                       4
LIGHT RAIN               13     FREEZING RAIN              0
LT FREEZING RAIN          0     HAIL                       0
HEAVY SNOW                0     SNOW                       1
LIGHT SNOW                1     SLEET                      1
FOG                      17     FOG W/VIS <= 1/4 MILE      1
HAZE                      4

-  INDICATES NEGATIVE NUMBERS.
R  INDICATES RECORD WAS SET OR TIED.
MM INDICATES DATA IS MISSING.
T  INDICATES TRACE AMOUNT.

$$

LA CORTE
