000
CXUS54 KMEG 021424
CLMMEM


CLIMATE REPORT
NATIONAL WEATHER SERVICE MEMPHIS TN
814 AM CST THU MAR 2 2017

...................................

...THE MEMPHIS CLIMATE SUMMARY FOR THE MONTH OF FEBRUARY 2017...

CLIMATE NORMAL PERIOD 1981 TO 2010
CLIMATE RECORD PERIOD 1872 TO 2017

WEATHER         OBSERVED          NORMAL  DEPART  LAST YEAR`S
                 VALUE   DATE(S)  VALUE   FROM    VALUE  DATE(S)
                                          NORMAL
................................................................
TEMPERATURE (F)
RECORD
 HIGH              81   02/13/1962
 LOW              -11   02/02/1951
HIGHEST            79   02/20        54      25       75  02/02
                        02/11
                        02/07
LOWEST             26   02/04        35      -9       24  02/10
AVG. MAXIMUM     65.0              54.7    10.3     57.3
AVG. MINIMUM     44.7              36.3     8.4     38.9
MEAN             54.8              45.5     9.3     48.1
DAYS MAX >= 90      0               0.0     0.0        0
DAYS MAX <= 32      0               0.9    -0.9        0
DAYS MIN <= 32      5               9.5    -4.5        9
DAYS MIN <= 0       0               0.0     0.0        0

PRECIPITATION (INCHES)
RECORD
 MAXIMUM        10.51   1989
 MINIMUM         0.71   1947
TOTALS           1.40              4.39   -2.99     5.58
DAILY AVG.       0.05              0.16   -0.11     0.19
DAYS >= .01        12               9.2     2.8        9
DAYS >= .10         5               6.5    -1.5        7
DAYS >= .50         1               3.0    -2.0        3
DAYS >= 1.00        0               1.3    -1.3        3
GREATEST
 24 HR. TOTAL    0.53   02/14 TO 02/15

SNOWFALL (INCHES)
RECORDS
 TOTAL           10.3   1905
TOTALS            0.0               1.3    -1.3      0.0
SINCE 7/1         2.0               3.4    -1.4      0.3
SNOWDEPTH AVG.      0                MM      MM        0
DAYS >= 1.0         0               0.4    -0.4        0
GREATEST
 SNOW DEPTH         0   MM                             0  MM
 24 HR TOTAL      0.0   02/28 TO 02/28

DEGREE_DAYS
HEATING TOTAL     296               548    -252      486
 SINCE 7/1       1699              2450    -751     1871
COOLING TOTAL      20                 2      18        1
 SINCE 1/1         22                 3      19        3
.................................................................

WIND (MPH)
AVERAGE WIND SPEED              9.8
HIGHEST WIND SPEED/DIRECTION    30/210    DATE  02/11
HIGHEST GUST SPEED/DIRECTION    40/200    DATE  02/28

SKY COVER
POSSIBLE SUNSHINE (PERCENT)   MM
AVERAGE SKY COVER           0.60
NUMBER OF DAYS FAIR            5
NUMBER OF DAYS PC             15
NUMBER OF DAYS CLOUDY          8

AVERAGE RH (PERCENT)     63

WEATHER CONDITIONS. NUMBER OF DAYS WITH
THUNDERSTORM              0     MIXED PRECIP               0
HEAVY RAIN                1     RAIN                       3
LIGHT RAIN               15     FREEZING RAIN              0
LT FREEZING RAIN          0     HAIL                       0
HEAVY SNOW                0     SNOW                       0
LIGHT SNOW                0     SLEET                      0
FOG                       7     FOG W/VIS <= 1/4 MILE      1
HAZE                      1

-  INDICATES NEGATIVE NUMBERS.
R  INDICATES RECORD WAS SET OR TIED.
MM INDICATES DATA IS MISSING.
T  INDICATES TRACE AMOUNT.

$$
