095
CXUS53 KTOP 011429
CLMMHK


CLIMATE REPORT
NATIONAL WEATHER SERVICE TOPEKA KS
827 AM CST FRI DEC 1 2017

...................................

...THE MANHATTAN KS CLIMATE SUMMARY FOR THE MONTH OF NOVEMBER 2017...

CLIMATE NORMAL PERIOD 1981 TO 2010
CLIMATE RECORD PERIOD 9999 TO 9999

WEATHER         OBSERVED          NORMAL  DEPART  LAST YEAR`S
                 VALUE   DATE(S)  VALUE   FROM    VALUE
                                          NORMAL
.............................................................
TEMPERATURE (F)
HIGHEST            81   11/24                         85
LOWEST             14   11/22                         22
AVG. MAXIMUM     58.4              54.9     3.5     63.7
AVG. MINIMUM     32.0              30.1     1.9     36.8
MEAN             45.2              42.5     2.7     50.2
DAYS MAX >= 90      0               0.0     0.0        0
DAYS MAX <= 32      0               0.5    -0.5        0
DAYS MIN <= 32     18              18.3    -0.3       12
DAYS MIN <= 0       0               0.0     0.0        0

PRECIPITATION (INCHES)
TOTALS           0.10              1.60   -1.50     0.31
DAILY AVG.       0.00                               0.01
DAYS >= .01         4                                  4
DAYS >= .10         0                                  1
DAYS >= .50         0                                  0
DAYS >= 1.00        0                                  0
GREATEST
 24 HR. TOTAL    0.07   11/11 TO 11/11              0.13

DEGREE_DAYS
HEATING TOTAL     585               676     -91      439
 SINCE 7/1        882              1075    -193      610
COOLING TOTAL       1                 1       0        3
 SINCE 1/1       1566              1362     204     1749
..............................................................

WIND (MPH)
AVERAGE WIND SPEED              7.1
HIGHEST WIND SPEED/DIRECTION    29/030    DATE  11/21
HIGHEST GUST SPEED/DIRECTION    37/030    DATE  11/21

SKY COVER
POSSIBLE SUNSHINE (PERCENT)   MM
AVERAGE SKY COVER           0.30
NUMBER OF DAYS FAIR           17
NUMBER OF DAYS PC              8
NUMBER OF DAYS CLOUDY          5

AVERAGE RH (PERCENT)     63

WEATHER CONDITIONS. NUMBER OF DAYS WITH
THUNDERSTORM              0     MIXED PRECIP               0
HEAVY RAIN                0     RAIN                       0
LIGHT RAIN                4     FREEZING RAIN              0
LT FREEZING RAIN          0     HEAVY SNOW                 0
SNOW                      0     LIGHT SNOW                 0
FOG                      11     FOG W/VIS <= 1/4 MILE      2
HAZE                     10

-  INDICATES NEGATIVE NUMBERS.
R  INDICATES RECORD WAS SET OR TIED.
MM INDICATES DATA IS MISSING.
T  INDICATES TRACE AMOUNT.

$$
