000
CXUS53 KGRR 011717
CLMMKG

CLIMATE REPORT
NATIONAL WEATHER SERVICE GRAND RAPIDS, MI
1258 PM EDT WED OCT 1 2014

...................................

...THE MUSKEGON MI CLIMATE SUMMARY FOR THE MONTH OF SEPTEMBER 2014...

CLIMATE NORMAL PERIOD 1981 TO 2010
CLIMATE RECORD PERIOD 1896 TO 2014

WEATHER         OBSERVED          NORMAL  DEPART  LAST YEAR`S
                 VALUE   DATE(S)  VALUE   FROM    VALUE  DATE(S)
                                          NORMAL
................................................................
TEMPERATURE (F)
RECORD
 HIGH              95   09/06/1954
                        09/01/1953
 LOW               27   09/28/1991
                        09/27/1989
HIGHEST            81   09/05        85      -4       87  09/10
LOWEST             38   09/22        35       3       39  09/14
                                                          09/23
AVG. MAXIMUM     71.0              71.3    -0.3     73.7
AVG. MINIMUM     51.2              52.8    -1.6     53.8
MEAN             61.1              62.1    -1.0     63.7
DAYS MAX >= 90      0               0.0     0.0        0
DAYS MAX <= 32      0               0.0     0.0        0
DAYS MIN <= 32      0               0.2    -0.2        0
DAYS MIN <= 0       0               0.0     0.0        0

PRECIPITATION (INCHES)
RECORD
 MAXIMUM        13.55   1986
 MINIMUM         0.17   1979
TOTALS           3.20              3.89   -0.69     1.95
DAILY AVG.       0.11              0.13   -0.02     0.07
DAYS >= .01        10              10.1    -0.1        8
DAYS >= .10         5               6.7    -1.7        4
DAYS >= .50         2               2.6    -0.6        2
DAYS >= 1.00        1               0.8     0.2        0
GREATEST
 24 HR. TOTAL    1.68   09/04 TO 09/04           09/09 TO 09/10

SNOWFALL (INCHES)
RECORDS
 TOTAL              T   1994
                        1991
                        1983
 24 HR TOTAL        T   MM
 SNOW DEPTH         0   MM
TOTALS            0.0               0.0     0.0      0.0
SINCE 7/1         0.0               0.0     0.0      0.0
SNOWDEPTH AVG.      0                MM      MM        0
DAYS >= TRACE       0               0.0     0.0        0
DAYS >= 1.0         0               0.0     0.0        0
GREATEST
 SNOW DEPTH         0   MM                             0  MM
 24 HR TOTAL      0.0   09/30 TO 09/30           09/29 TO 09/29

DEGREE_DAYS
HEATING TOTAL     155               143      12      107
 SINCE 7/1        204               173      31      142
COOLING TOTAL      46                54      -8       77
 SINCE 1/1        442               561    -119      616

FREEZE DATES
RECORD
 EARLIEST     09/22/1976
 LATEST       06/22/1992
EARLIEST                        10/14
LATEST                          05/04
..........................................................

WIND (MPH)
AVERAGE WIND SPEED              7.1
RESULTANT WIND SPEED/DIRECTION   2/229
HIGHEST WIND SPEED/DIRECTION    40/170    DATE  09/04
HIGHEST GUST SPEED/DIRECTION    52/170    DATE  09/04

SKY COVER
POSSIBLE SUNSHINE (PERCENT)   MM
AVERAGE SKY COVER           0.50
NUMBER OF DAYS FAIR            9
NUMBER OF DAYS PC             14
NUMBER OF DAYS CLOUDY          6

AVERAGE RH (PERCENT)     73

WEATHER CONDITIONS. NUMBER OF DAYS WITH
THUNDERSTORM              5     MIXED PRECIP               0
HEAVY RAIN                3     RAIN                       5
LIGHT RAIN               13     FREEZING RAIN              0
LT FREEZING RAIN          0     HAIL                       0
HEAVY SNOW                0     SNOW                       0
LIGHT SNOW                0     SLEET                      0
FOG                      18     FOG W/VIS <= 1/4 MILE      4
HAZE                      6

-  INDICATES NEGATIVE NUMBERS.
R  INDICATES RECORD WAS SET OR TIED.
MM INDICATES DATA IS MISSING.
T  INDICATES TRACE AMOUNT.

&&

SEPTEMBER 2014 WAS OVERALL COOLER AND DRIER THAN NORMAL IN SOUTHWEST
LOWER MICHIGAN. TEMPERATURES ENDED UP ABOUT A DEGREE BELOW NORMAL
AND PRECIPITATION ABOUT AN INCH BELOW NORMAL IN MANY LOCATIONS.

THE MONTH STARTED OUT ON THE WARM AND HUMID SIDE... WITH OCCASIONAL
ROUNDS OF THUNDERSTORMS DURING THE FIRST WEEK. SEPTEMBER 5TH WAS THE
HOTTEST DAY FOR MOST AREAS AS TEMPERATURES HIT OR EXCEEDED THE 90
DEGREE MARK IN KALAMAZOO... BATTLE CREEK AND JACKSON. LANSING TOPPED
OUT AT 89 AND GRAND RAPIDS STAYED AT 84... WHICH SECURED THE
REMARKABLE STATISTIC OF NO 90 DEGREE DAYS IN 2014 AT BOTH CITIES.

A SIGNIFICANT COOL DOWN OCCURRED IN THE MIDDLE OF THE MONTH. HIGHS
FAILED TO REACH 60 DEGREES THROUGHOUT THE AREA ON SEPTEMBER 12TH.
MUSKEGON ALSO SET A RECORD FOR COLDEST HIGH TEMPERATURE ON THE 12TH
WITH A HIGH OF 57. AS SKIES CLEARED TOWARD THE LATER PORTION OF THE
COLD STRETCH... A FEW NIGHTS OF PATCHY TO WIDESPREAD FROST OCCURRED
IN NORTHERN AND CENTRAL LOWER MICHIGAN.

A WEEKLONG STRETCH OF WARM AND SUNNY WEATHER ROUNDED OUT THE LATTER
PART OF THE MONTH... WITH HIGHS CONSISTENTLY IN THE 70S AND LOWS
AROUND 50. VERY LITTLE PRECIPITATION FELL DURING THIS PERIOD...
WHICH KEPT THE MONTHLY PRECIPITATION AT ABOUT 75 PERCENT OF NORMAL
FOR MOST LOCATIONS. A COLD FRONT ON THE 29TH BROUGHT LIGHT RAIN
FOLLOWED BY MUCH COOLER AIR FOR THE FINAL DAY OF SEPTEMBER.

THERE WAS ONE DAY OF WIDESPREAD SEVERE WEATHER IN SOUTHWEST LOWER
MICHIGAN. A LINE OF STORMS ON THE EVENING OF SEPTEMBER 5TH PRODUCED
WIND DAMAGE AND NUMEROUS POWER OUTAGES SPANNING FROM WEST OF
KALAMAZOO TO EAST OF JACKSON. MANY TREES FELL IN KALAMAZOO AND IN
THE BATTLE CREEK AREA... AND THE AIRPORTS IN KALAMAZOO AND BATTLE
CREEK MEASURED RESPECTIVE WIND GUSTS OF 56 AND 60 MPH.

$$

CAS 63
