000
CXUS53 KDVN 011143
CLMMLI


CLIMATE REPORT
NATIONAL WEATHER SERVICE QUAD CITIES IA IL
541 AM CST FRI DEC 1 2017

...................................

...THE MOLINE CLIMATE SUMMARY FOR THE MONTH OF NOVEMBER 2017...

CLIMATE NORMAL PERIOD 1981 TO 2010
CLIMATE RECORD PERIOD 1872 TO 2017

WEATHER         OBSERVED          NORMAL  DEPART
                 VALUE   DATE(S)  VALUE   FROM
                                          NORMAL
................................................
TEMPERATURE (F)
RECORD
 HIGH              80   11/01/2000
 LOW              -10   11/29/1891
HIGHEST            72   11/24        57      15
LOWEST             18   11/22        24      -6
AVG. MAXIMUM     49.4              49.2     0.2
AVG. MINIMUM     29.5              30.9    -1.4
MEAN             39.4              40.0    -0.6
DAYS MAX >= 90      0               0.0     0.0
DAYS MAX <= 32      0               2.3    -2.3
DAYS MIN <= 32     22              16.6     5.4
DAYS MIN <= 0       0               0.0     0.0

PRECIPITATION (INCHES)
RECORD
 MAXIMUM         6.77   1992
 MINIMUM         0.18   1904
TOTALS           0.97              2.56   -1.59
DAILY AVG.       0.03              0.09   -0.06
DAYS >= .01         8               9.8    -1.8
DAYS >= .10         4
DAYS >= .50         0
DAYS >= 1.00        0               0.4    -0.4
GREATEST
 24 HR. TOTAL    0.31   11/12 TO 11/12

SNOWFALL (INCHES)
RECORDS
 TOTAL           15.6   1974
TOTALS              T               1.2    -1.2
SINCE 7/1           T               1.2    -1.2
SNOWDEPTH AVG.      0
DAYS >= TRACE       1               1.7    -0.7
DAYS >= 1.0         0               0.4    -0.4
GREATEST
 SNOW DEPTH         0   MM
 24 HR TOTAL        T   11/12 TO 11/12

DEGREE_DAYS
HEATING TOTAL     760               749      11
 SINCE 7/1       1073              1231    -158
COOLING TOTAL       0                 1      -1
 SINCE 1/1        993              1004     -11
.................................................

WIND (MPH)
AVERAGE WIND SPEED              8.6
HIGHEST WIND SPEED/DIRECTION    31/310    DATE  11/21
HIGHEST GUST SPEED/DIRECTION    42/310    DATE  11/15

SKY COVER
POSSIBLE SUNSHINE (PERCENT)   MM
AVERAGE SKY COVER           0.40
NUMBER OF DAYS FAIR           15
NUMBER OF DAYS PC              6
NUMBER OF DAYS CLOUDY          9

AVERAGE RH (PERCENT)     65

WEATHER CONDITIONS. NUMBER OF DAYS WITH
THUNDERSTORM              1     HAIL                       0
SLEET                     0     FOG                       12
FOG W/VIS <= 1/4 MILE     3     HAZE                      11

-  INDICATES NEGATIVE NUMBERS.
R  INDICATES RECORD WAS SET OR TIED.
MM INDICATES DATA IS MISSING.
T  INDICATES TRACE AMOUNT.

$$
