000
CXUS56 KPQR 011549
CLMMMV


CLIMATE REPORT
NATIONAL WEATHER SERVICE PORTLAND OREGON
849 AM PDT SAT JUL 1 2017

...................................

...THE MCMINNVILLE OR CLIMATE SUMMARY FOR THE MONTH OF JUNE 2017...

CLIMATE NORMAL PERIOD 1981 TO 2010
CLIMATE RECORD PERIOD 1894 TO 2017

WEATHER         OBSERVED          NORMAL  DEPART  LAST YEAR`S
                 VALUE   DATE(S)  VALUE   FROM    VALUE  DATE(S)
                                          NORMAL
................................................................
TEMPERATURE (F)
HIGHEST            98                                 97  06/04
LOWEST             43                                 42  06/19
AVG. MAXIMUM     75.5              72.8     2.7     77.0
AVG. MINIMUM     51.3              47.0     4.3     50.6
MEAN             63.4              59.9     3.5     63.8
DAYS MAX >= 90      3               0.9     2.1        5
DAYS MAX <= 32      0               0.0     0.0        0
DAYS MIN <= 32      0               0.0     0.0        0
DAYS MIN <= 0       0               0.0     0.0        0

PRECIPITATION (INCHES)
RECORD
 MAXIMUM         3.76   1913
 MINIMUM            T   1965
                        1951
                        1918
TOTALS           0.84              1.53   -0.69     1.56
DAYS >= .01         8                MM      MM       11
DAYS >= .10         3                MM      MM        6
DAYS >= .50         0                MM      MM        0
DAYS >= 1.00        0                MM      MM        0
GREATEST
 24 HR. TOTAL    0.28   06/10 TO 06/10

DEGREE_DAYS
HEATING TOTAL     100               169     -69      101
 SINCE 7/1       4605              4871    -266     3805
COOLING TOTAL      56                16      40       72
 SINCE 1/1         80                22      58       91
.................................................................

WIND (MPH)
AVERAGE WIND SPEED              6.1
RESULTANT WIND SPEED/DIRECTION   2/261
HIGHEST WIND SPEED/DIRECTION    23/220    DATE  06/30
HIGHEST GUST SPEED/DIRECTION    29/220    DATE  06/30

SKY COVER
POSSIBLE SUNSHINE (PERCENT)   MM
AVERAGE SKY COVER           0.50

AVERAGE RH (PERCENT)     65

WEATHER CONDITIONS. NUMBER OF DAYS WITH
THUNDERSTORM              0     MIXED PRECIP               0
HEAVY RAIN                0     RAIN                       3
LIGHT RAIN               10     FREEZING RAIN              0
LT FREEZING RAIN          0     HAIL                       0
HEAVY SNOW                0     SNOW                       0
LIGHT SNOW                0     SLEET                      0
FOG                       5     FOG W/VIS <= 1/4 MILE      0
HAZE                      2

-  INDICATES NEGATIVE NUMBERS.
R  INDICATES RECORD WAS SET OR TIED.
MM INDICATES DATA IS MISSING.
T  INDICATES TRACE AMOUNT.

$$
