000
CXUS54 KHUN 011552
CLMMSL


CLIMATE REPORT
NATIONAL WEATHER SERVICE HUNTSVILLE AL
951 AM CST FRI DEC 1 2017

...................................

...THE MUSCLE SHOALS CLIMATE SUMMARY FOR THE MONTH OF NOVEMBER 2017...

CLIMATE NORMAL PERIOD 1981 TO 2010
CLIMATE RECORD PERIOD 1893 TO 2017

WEATHER         OBSERVED          NORMAL  DEPART  LAST YEAR`S
                 VALUE   DATE(S)  VALUE   FROM    VALUE
                                          NORMAL
.............................................................
TEMPERATURE (F)
RECORD
 HIGH              89   11/01/2016
 LOW                2   11/25/1950
HIGHEST            81   11/03        MM      MM       89
LOWEST             25   11/20        MM      MM       21
AVG. MAXIMUM     66.0              63.3     2.7     70.7
AVG. MINIMUM     41.6              40.9     0.7     40.7
MEAN             53.8              52.1     1.7     55.7
DAYS MAX >= 90      0               0.0     0.0        0
DAYS MAX <= 32      0               0.0     0.0        0
DAYS MIN <= 32      8               6.6     1.4        7
DAYS MIN <= 0       0               0.0     0.0        0

PRECIPITATION (INCHES)
RECORD
 MAXIMUM        11.39   1948
 MINIMUM         0.05   2002
TOTALS           1.41              4.66   -3.25     3.25
DAILY AVG.       0.05              0.16   -0.11
DAYS >= .01         6               9.0    -3.0        5
DAYS >= .10         4               6.4    -2.4        3
DAYS >= .50         0               3.3    -3.3        2
DAYS >= 1.00        0               1.5    -1.5        1
GREATEST
 24 HR. TOTAL    0.49   11/18 TO 11/18              2.25
                        11/07 TO 11/07

SNOWFALL (INCHES)
RECORDS
 TOTAL            5.5   1929
 24 HR TOTAL      4.0   11/24/1950 TO 11/24/1950
TOTALS            0.0               0.0     0.0      0.0
SINCE 7/1         0.0               0.0     0.0      0.0
DAYS >= TRACE       0               0.0     0.0
DAYS >= 1.0         0               0.0     0.0
GREATEST
 24 HR TOTAL      0.0   11/30 TO 11/30               0.0

DEGREE_DAYS
HEATING TOTAL     356               394     -38      295
 SINCE 7/1        507               562     -55      328
COOLING TOTAL      24                 7      17       20
 SINCE 1/1       1973              1871     102     2366

FREEZE DATES
RECORD
 EARLIEST     10/03/1908
 LATEST       04/27/1919
EARLIEST                        11/07
LATEST                          03/28
..............................................................

WIND (MPH)
AVERAGE WIND SPEED              5.2
HIGHEST WIND SPEED/DIRECTION    38/300    DATE  11/18
HIGHEST GUST SPEED/DIRECTION    49/310    DATE  11/18

AVERAGE RH (PERCENT)     67

WEATHER CONDITIONS. NUMBER OF DAYS WITH
THUNDERSTORM              2     MIXED PRECIP               0
HEAVY RAIN                2     RAIN                       3
LIGHT RAIN                8     FREEZING RAIN              0
LT FREEZING RAIN          0     HAIL                       0
HEAVY SNOW                0     SNOW                       0
LIGHT SNOW                0     SLEET                      0
FOG                       1     FOG W/VIS <= 1/4 MILE      0

-  INDICATES NEGATIVE NUMBERS.
R  INDICATES RECORD WAS SET OR TIED.
MM INDICATES DATA IS MISSING.
T  INDICATES TRACE AMOUNT.

$$
