000
CXUS55 KPSR 010826 RRA
CLMNYL

CLIMATE REPORT
NATIONAL WEATHER SERVICE PHOENIX AZ
126 AM MST SAT JUL 1 2017

...................................

...THE YUMA AZ CLIMATE SUMMARY FOR THE MONTH OF JUNE 2017...

CLIMATE NORMAL PERIOD 1981 TO 2010
CLIMATE RECORD PERIOD 1876 TO 2017

WEATHER         OBSERVED          NORMAL  DEPART
                 VALUE   DATE(S)  VALUE   FROM
                                          NORMAL
................................................
TEMPERATURE (F)
RECORD
 HIGH             122   06/26/1990
 LOW               51   06/05/1925
HIGHEST           120   06/20       113       7
LOWEST             63   06/12        64      -1
AVG. MAXIMUM    106.2             103.5     2.7
AVG. MINIMUM     75.4              74.6     0.8
MEAN             90.9              89.0     1.9
DAYS MAX >= 90     29              29.0     0.0
DAYS MAX <= 32      0               0.0     0.0
DAYS MIN <= 32      0               0.0     0.0
DAYS MIN <= 0       0               0.0     0.0

PRECIPITATION (INCHES)
RECORD
 MAXIMUM         0.62   1912
 MINIMUM         0.00   2014
                        2013
                        2012
TOTALS           0.00R             0.01   -0.01
DAYS >= .01         0               0.2    -0.2
DAYS >= .10         0               0.1    -0.1
DAYS >= .50         0               0.0     0.0
DAYS >= 1.00        0               0.0     0.0
GREATEST
 24 HR. TOTAL    0.00   06/30 TO 06/30
                        06/29 TO 06/29
                        06/28 TO 06/28

DEGREE_DAYS
HEATING TOTAL       0                 0       0
 SINCE 7/1        526               686    -160
COOLING TOTAL     755               721      34
 SINCE 1/1       1823              1633     190
.................................................

WIND (MPH)
AVERAGE WIND SPEED              7.6
HIGHEST GUST SPEED/DIRECTION    27/320    DATE  06/12

AVERAGE RH (PERCENT)     26

WEATHER CONDITIONS. NUMBER OF DAYS WITH
THUNDERSTORM              0     HEAVY RAIN                 0
RAIN                      0     LIGHT RAIN                 0
FOG W/VIS <= 1/4 MILE     0

-  INDICATES NEGATIVE NUMBERS.
R  INDICATES RECORD WAS SET OR TIED.
MM INDICATES DATA IS MISSING.
T  INDICATES TRACE AMOUNT.

$$
