782
CXUS56 KMTR 022231
CLMOAK


CLIMATE REPORT
NATIONAL WEATHER SERVICE SAN FRANCISCO BAY AREA
331 PM PDT SAT APR 2 2016

...................................

...THE OAKLAND AIRPORT CLIMATE SUMMARY FOR THE MONTH OF MARCH 2016...

CLIMATE NORMAL PERIOD 1981 TO 2010
CLIMATE RECORD PERIOD 1948 TO 2016

WEATHER         OBSERVED          NORMAL  DEPART  LAST YEAR`S
                 VALUE   DATE(S)  VALUE   FROM    VALUE  DATE(S)
                                          NORMAL
................................................................
TEMPERATURE (F)
RECORD
 HIGH              87   03/08/1986
 LOW               32   03/03/1953
HIGHEST            75   03/17                         80  03/26
                                                          03/14
LOWEST             42   03/08                         41  03/04
AVG. MAXIMUM     64.7              62.6     2.1     68.5
AVG. MINIMUM     50.8              46.1     4.7     48.4
MEAN             57.8                               58.4
DAYS MAX >= 90      0                                  0
DAYS MAX <= 32      0                                  0
DAYS MIN <= 32      0                                  0
DAYS MIN <= 0       0                                  0

PRECIPITATION (INCHES)
RECORD
 MAXIMUM         5.88   2012
 MINIMUM         0.04   1956
TOTALS           4.80              3.08    1.72     0.09
DAILY AVG.       0.15              0.10    0.05     0.00
DAYS >= .01        11                                  3
DAYS >= .10         9                                  0
DAYS >= .50         5                                  0
DAYS >= 1.00        1                                  0
GREATEST
 24 HR. TOTAL    1.26   03/05 TO 03/05           03/23 TO 03/23
                                                          03/31 TO 03/31
                                                          03/31 TO 03/31

DEGREE_DAYS
HEATING TOTAL     217               331    -114      199
 SINCE 7/1       1692              2353    -661     1508
COOLING TOTAL       0                 1      -1        1
 SINCE 1/1          1                 1       0        1
..................................................

WIND (MPH)
AVERAGE WIND SPEED              9.9
RESULTANT WIND SPEED/DIRECTION   5/250
HIGHEST WIND SPEED/DIRECTION    40/150    DATE  03/05
HIGHEST GUST SPEED/DIRECTION    46/150    DATE  03/05

SKY COVER
POSSIBLE SUNSHINE (PERCENT)   MM
AVERAGE SKY COVER           0.60
NUMBER OF DAYS FAIR           10
NUMBER OF DAYS PC              8
NUMBER OF DAYS CLOUDY         13

AVERAGE RH (PERCENT)     71

WEATHER CONDITIONS. NUMBER OF DAYS WITH
THUNDERSTORM              0     MIXED PRECIP               0
HEAVY RAIN                4     RAIN                       5
LIGHT RAIN               13     FREEZING RAIN              0
LT FREEZING RAIN          0     HAIL                       0
HEAVY SNOW                0     SNOW                       0
LIGHT SNOW                0     SLEET                      0
FOG                      11     FOG W/VIS <= 1/4 MILE      0
HAZE                      4

-  INDICATES NEGATIVE NUMBERS.
R  INDICATES RECORD WAS SET OR TIED.
MM INDICATES DATA IS MISSING.
T  INDICATES TRACE AMOUNT.

$$
