000
CXUS53 KOAX 011454 RRA
CLMOAX

CLIMATE REPORT
NATIONAL WEATHER SERVICE OMAHA NEBRASKA
954 AM CDT SAT NOV 1 2014

...................................

...THE VALLEY  NWS, NEBRASKA CLIMATE SUMMARY FOR THE MONTH OF OCTOBER 2014...

CLIMATE NORMAL PERIOD 1981 TO 2010
CLIMATE RECORD PERIOD 1997 TO 2014

WEATHER         OBSERVED          NORMAL  DEPART  LAST YEAR`S
                 VALUE   DATE(S)  VALUE   FROM    VALUE
                                          NORMAL
.............................................................
TEMPERATURE (F)
HIGHEST            79   10/26
LOWEST             27   10/31
AVG. MAXIMUM     66.2              64.3     1.9
AVG. MINIMUM     44.5              41.9     2.6
MEAN             55.4              53.1     2.3
DAYS MAX >= 90      0
DAYS MAX <= 32      0
DAYS MIN <= 32      2
DAYS MIN <= 0       0

PRECIPITATION (INCHES)
TOTALS           1.50
DAYS >= .01         5
DAYS >= .10         4
DAYS >= .50         1
DAYS >= 1.00        0
GREATEST
 24 HR. TOTAL    1.36   09/30 TO 10/01

SNOWFALL (INCHES)
TOTALS            0.0                                0.0
 LIQUID EQUIV    0.00
SINCE 7/1         0.0
DAYS >= TRACE       0
DAYS >= 1.0         0
GREATEST
 SNOW DEPTH         0
 24 HR TOTAL      0.0

DEGREE DAYS
HEATING TOTAL     295
 SINCE 7/1        378
COOLING TOTAL       6
 SINCE 1/1       1039
..............................................................

WIND (MPH)
HIGHEST GUST SPEED     45


WEATHER CONDITIONS. NUMBER OF DAYS WITH
THUNDERSTORM              2     MIXED PRECIP               0
HEAVY RAIN                1     RAIN                       4
LIGHT RAIN               10     FREEZING RAIN              0
LT FREEZING RAIN          0     HAIL                       0
HEAVY SNOW                0     SNOW                       0
LIGHT SNOW                0     SLEET                      0
FOG                       6     FOG W/VIS <= 1/4 MILE      1
HAZE                      0

-  INDICATES NEGATIVE NUMBERS.
R  INDICATES RECORD WAS SET OR TIED.
MM INDICATES DATA IS MISSING.
T  INDICATES TRACE AMOUNT.
>  INDICATES GREATER THAN OR EQUAL TO.
<  INDICATES LESS THAN OR EQUAL TO.

&&



$$
